207.46.13.7 - - [11/Dec/2024:21:15:34 +0000] "GET /svg/phone-portrait-outline.svg HTTP/1.1" 200 452 "-" "Mozilla/5.0 AppleWebKit/537.36 (KHTML, like Gecko; compatible; bingbot/2.0; +http://www.bing.com/bingbot.htm) Chrome/116.0.1938.76 Safari/537.36"
207.46.13.7 - - [11/Dec/2024:21:20:46 +0000] "GET /svg/heart-dislike-sharp.svg HTTP/1.1" 200 568 "-" "Mozilla/5.0 AppleWebKit/537.36 (KHTML, like Gecko; compatible; bingbot/2.0; +http://www.bing.com/bingbot.htm) Chrome/116.0.1938.76 Safari/537.36"
157.55.39.194 - - [11/Dec/2024:21:40:31 +0000] "GET /svg/logo-euro.svg HTTP/1.1" 200 474 "-" "Mozilla/5.0 AppleWebKit/537.36 (KHTML, like Gecko; compatible; bingbot/2.0; +http://www.bing.com/bingbot.htm) Chrome/116.0.1938.76 Safari/537.36"
66.249.68.1 - - [11/Dec/2024:22:06:53 +0000] "GET /robots.txt HTTP/1.1" 404 196 "-" "Mozilla/5.0 (compatible; Googlebot/2.1; +http://www.google.com/bot.html)"
66.249.68.8 - - [11/Dec/2024:22:06:54 +0000] "GET /svg/cut-outline.svg HTTP/1.1" 200 934 "-" "Googlebot-Image/1.0"
66.249.68.8 - - [11/Dec/2024:22:06:54 +0000] "GET /svg/bookmark-sharp.svg HTTP/1.1" 200 153 "-" "Googlebot-Image/1.0"
157.55.39.61 - - [11/Dec/2024:22:19:03 +0000] "GET /svg/receipt-sharp.svg HTTP/1.1" 200 414 "-" "Mozilla/5.0 AppleWebKit/537.36 (KHTML, like Gecko; compatible; bingbot/2.0; +http://www.bing.com/bingbot.htm) Chrome/116.0.1938.76 Safari/537.36"
157.55.39.6 - - [11/Dec/2024:22:47:35 +0000] "GET /svg/calendar-clear.svg HTTP/1.1" 200 393 "-" "Mozilla/5.0 AppleWebKit/537.36 (KHTML, like Gecko; compatible; bingbot/2.0; +http://www.bing.com/bingbot.htm) Chrome/116.0.1938.76 Safari/537.36"
207.46.13.151 - - [11/Dec/2024:22:52:42 +0000] "GET /svg/shield-half.svg HTTP/1.1" 200 463 "-" "Mozilla/5.0 AppleWebKit/537.36 (KHTML, like Gecko; compatible; bingbot/2.0; +http://www.bing.com/bingbot.htm) Chrome/116.0.1938.76 Safari/537.36"
157.55.39.12 - - [11/Dec/2024:23:23:09 +0000] "GET /svg/infinite-outline.svg HTTP/1.1" 200 374 "-" "Mozilla/5.0 AppleWebKit/537.36 (KHTML, like Gecko; compatible; bingbot/2.0; +http://www.bing.com/bingbot.htm) Chrome/116.0.1938.76 Safari/537.36"
157.55.39.12 - - [11/Dec/2024:23:28:40 +0000] "GET /svg/ear.svg HTTP/1.1" 200 750 "-" "Mozilla/5.0 AppleWebKit/537.36 (KHTML, like Gecko; compatible; bingbot/2.0; +http://www.bing.com/bingbot.htm) Chrome/116.0.1938.76 Safari/537.36"
157.55.39.205 - - [11/Dec/2024:23:29:24 +0000] "GET /svg/color-wand-sharp.svg HTTP/1.1" 200 441 "-" "Mozilla/5.0 AppleWebKit/537.36 (KHTML, like Gecko; compatible; bingbot/2.0; +http://www.bing.com/bingbot.htm) Chrome/116.0.1938.76 Safari/537.36"
157.55.39.15 - - [11/Dec/2024:23:49:32 +0000] "GET /svg/close-circle.svg HTTP/1.1" 200 397 "-" "Mozilla/5.0 AppleWebKit/537.36 (KHTML, like Gecko; compatible; bingbot/2.0; +http://www.bing.com/bingbot.htm) Chrome/116.0.1938.76 Safari/537.36"
157.55.39.15 - - [11/Dec/2024:23:50:03 +0000] "GET /svg/color-filter-sharp.svg HTTP/1.1" 200 908 "-" "Mozilla/5.0 AppleWebKit/537.36 (KHTML, like Gecko; compatible; bingbot/2.0; +http://www.bing.com/bingbot.htm) Chrome/116.0.1938.76 Safari/537.36"
207.46.13.18 - - [12/Dec/2024:00:55:52 +0000] "GET /svg/car-sport.svg HTTP/1.1" 200 1945 "-" "Mozilla/5.0 AppleWebKit/537.36 (KHTML, like Gecko; compatible; bingbot/2.0; +http://www.bing.com/bingbot.htm) Chrome/116.0.1938.76 Safari/537.36"
66.249.68.2 - - [12/Dec/2024:01:06:53 +0000] "GET /assets/esp2.jpg HTTP/1.1" 304 - "-" "Googlebot-Image/1.0"
66.249.68.8 - - [12/Dec/2024:01:06:54 +0000] "GET /svg/people-circle-outline.svg HTTP/1.1" 200 1159 "-" "Googlebot-Image/1.0"
207.46.13.7 - - [12/Dec/2024:01:22:56 +0000] "GET /svg/body-outline.svg HTTP/1.1" 200 630 "-" "Mozilla/5.0 AppleWebKit/537.36 (KHTML, like Gecko; compatible; bingbot/2.0; +http://www.bing.com/bingbot.htm) Chrome/116.0.1938.76 Safari/537.36"
157.55.39.61 - - [12/Dec/2024:02:05:47 +0000] "GET /svg/search-circle.svg HTTP/1.1" 200 350 "-" "Mozilla/5.0 AppleWebKit/537.36 (KHTML, like Gecko; compatible; bingbot/2.0; +http://www.bing.com/bingbot.htm) Chrome/116.0.1938.76 Safari/537.36"
207.46.13.127 - - [12/Dec/2024:02:27:59 +0000] "GET /svg/hourglass.svg HTTP/1.1" 200 879 "-" "Mozilla/5.0 AppleWebKit/537.36 (KHTML, like Gecko; compatible; bingbot/2.0; +http://www.bing.com/bingbot.htm) Chrome/116.0.1938.76 Safari/537.36"
66.249.68.1 - - [12/Dec/2024:03:06:59 +0000] "GET /svg/caret-down-circle-sharp.svg HTTP/1.1" 200 250 "-" "Googlebot-Image/1.0"
66.249.68.1 - - [12/Dec/2024:03:07:33 +0000] "GET /assets/UNEX.png HTTP/1.1" 200 28399 "-" "Googlebot-Image/1.0"
157.55.39.52 - - [12/Dec/2024:03:14:07 +0000] "GET /svg/scan-outline.svg HTTP/1.1" 200 336 "-" "Mozilla/5.0 AppleWebKit/537.36 (KHTML, like Gecko; compatible; bingbot/2.0; +http://www.bing.com/bingbot.htm) Chrome/116.0.1938.76 Safari/537.36"
157.55.39.55 - - [12/Dec/2024:03:23:48 +0000] "GET /svg/pencil-sharp.svg HTTP/1.1" 200 324 "-" "Mozilla/5.0 AppleWebKit/537.36 (KHTML, like Gecko; compatible; bingbot/2.0; +http://www.bing.com/bingbot.htm) Chrome/116.0.1938.76 Safari/537.36"
157.55.39.202 - - [12/Dec/2024:03:55:01 +0000] "GET /svg/sad-outline.svg HTTP/1.1" 200 408 "-" "Mozilla/5.0 AppleWebKit/537.36 (KHTML, like Gecko; compatible; bingbot/2.0; +http://www.bing.com/bingbot.htm) Chrome/116.0.1938.76 Safari/537.36"
52.167.144.18 - - [12/Dec/2024:04:34:23 +0000] "GET /svg/sad-outline.svg HTTP/1.1" 200 408 "-" "Mozilla/5.0 AppleWebKit/537.36 (KHTML, like Gecko; compatible; bingbot/2.0; +http://www.bing.com/bingbot.htm) Chrome/116.0.1938.76 Safari/537.36"
74.125.150.2 - - [12/Dec/2024:04:57:44 +0000] "GET / HTTP/1.1" 200 214 "-" "Mozilla/5.0 (X11; Linux x86_64) AppleWebKit/537.36 (KHTML, like Gecko) Chrome/131.0.6778.69 Safari/537.36 PlayStore-Google"
157.55.39.63 - - [12/Dec/2024:05:14:39 +0000] "GET /svg/unlink.svg HTTP/1.1" 200 283 "-" "Mozilla/5.0 AppleWebKit/537.36 (KHTML, like Gecko; compatible; bingbot/2.0; +http://www.bing.com/bingbot.htm) Chrome/116.0.1938.76 Safari/537.36"
157.55.39.194 - - [12/Dec/2024:05:29:31 +0000] "GET /svg/id-card.svg HTTP/1.1" 200 717 "-" "Mozilla/5.0 AppleWebKit/537.36 (KHTML, like Gecko; compatible; bingbot/2.0; +http://www.bing.com/bingbot.htm) Chrome/116.0.1938.76 Safari/537.36"
66.249.68.1 - - [12/Dec/2024:06:06:58 +0000] "GET /svg/disc-outline.svg HTTP/1.1" 200 346 "-" "Googlebot-Image/1.0"
52.167.144.150 - - [12/Dec/2024:06:57:58 +0000] "GET /svg/code-working-outline.svg HTTP/1.1" 200 366 "-" "Mozilla/5.0 AppleWebKit/537.36 (KHTML, like Gecko; compatible; bingbot/2.0; +http://www.bing.com/bingbot.htm) Chrome/116.0.1938.76 Safari/537.36"
157.55.39.58 - - [12/Dec/2024:07:13:17 +0000] "GET /svg/airplane.svg HTTP/1.1" 200 743 "-" "Mozilla/5.0 AppleWebKit/537.36 (KHTML, like Gecko; compatible; bingbot/2.0; +http://www.bing.com/bingbot.htm) Chrome/116.0.1938.76 Safari/537.36"
207.46.13.150 - - [12/Dec/2024:07:17:51 +0000] "GET /svg/arrow-down-sharp.svg HTTP/1.1" 200 248 "-" "Mozilla/5.0 AppleWebKit/537.36 (KHTML, like Gecko; compatible; bingbot/2.0; +http://www.bing.com/bingbot.htm) Chrome/116.0.1938.76 Safari/537.36"
207.46.13.87 - - [12/Dec/2024:07:30:38 +0000] "GET /svg/musical-notes.svg HTTP/1.1" 200 691 "-" "Mozilla/5.0 AppleWebKit/537.36 (KHTML, like Gecko; compatible; bingbot/2.0; +http://www.bing.com/bingbot.htm) Chrome/116.0.1938.76 Safari/537.36"
207.46.13.127 - - [12/Dec/2024:07:41:13 +0000] "GET /svg/notifications-off-circle-outline.svg HTTP/1.1" 200 914 "-" "Mozilla/5.0 AppleWebKit/537.36 (KHTML, like Gecko; compatible; bingbot/2.0; +http://www.bing.com/bingbot.htm) Chrome/116.0.1938.76 Safari/537.36"
40.77.167.44 - - [12/Dec/2024:08:29:56 +0000] "GET /svg/apps-outline.svg HTTP/1.1" 200 1285 "-" "Mozilla/5.0 AppleWebKit/537.36 (KHTML, like Gecko; compatible; bingbot/2.0; +http://www.bing.com/bingbot.htm) Chrome/116.0.1938.76 Safari/537.36"
157.55.39.61 - - [12/Dec/2024:08:47:56 +0000] "GET /svg/alert.svg HTTP/1.1" 200 432 "-" "Mozilla/5.0 AppleWebKit/537.36 (KHTML, like Gecko; compatible; bingbot/2.0; +http://www.bing.com/bingbot.htm) Chrome/116.0.1938.76 Safari/537.36"
66.249.68.1 - - [12/Dec/2024:09:03:34 +0000] "GET / HTTP/1.1" 200 214 "-" "Mozilla/5.0 (compatible; Googlebot/2.1; +http://www.google.com/bot.html)"
66.249.68.8 - - [12/Dec/2024:09:08:05 +0000] "GET /svg/logo-apple-appstore.svg HTTP/1.1" 200 1044 "-" "Googlebot-Image/1.0"
207.46.13.7 - - [12/Dec/2024:10:25:30 +0000] "GET /svg/transgender-outline.svg HTTP/1.1" 200 469 "-" "Mozilla/5.0 AppleWebKit/537.36 (KHTML, like Gecko; compatible; bingbot/2.0; +http://www.bing.com/bingbot.htm) Chrome/116.0.1938.76 Safari/537.36"
157.55.39.52 - - [12/Dec/2024:10:38:50 +0000] "GET /svg/reader.svg HTTP/1.1" 200 365 "-" "Mozilla/5.0 AppleWebKit/537.36 (KHTML, like Gecko; compatible; bingbot/2.0; +http://www.bing.com/bingbot.htm) Chrome/116.0.1938.76 Safari/537.36"
66.249.68.8 - - [12/Dec/2024:10:39:05 +0000] "GET /robots.txt HTTP/1.1" 404 196 "-" "Mozilla/5.0 (compatible; Googlebot/2.1; +http://www.google.com/bot.html)"
66.249.68.2 - - [12/Dec/2024:10:39:06 +0000] "GET /svg/ear-sharp.svg HTTP/1.1" 200 708 "-" "Googlebot-Image/1.0"
207.46.13.87 - - [12/Dec/2024:10:53:37 +0000] "GET /svg/ear-outline.svg HTTP/1.1" 200 729 "-" "Mozilla/5.0 AppleWebKit/537.36 (KHTML, like Gecko; compatible; bingbot/2.0; +http://www.bing.com/bingbot.htm) Chrome/116.0.1938.76 Safari/537.36"
157.55.39.51 - - [12/Dec/2024:11:33:45 +0000] "GET /svg/logo-codepen.svg HTTP/1.1" 200 1314 "-" "Mozilla/5.0 AppleWebKit/537.36 (KHTML, like Gecko; compatible; bingbot/2.0; +http://www.bing.com/bingbot.htm) Chrome/116.0.1938.76 Safari/537.36"
52.167.144.208 - - [12/Dec/2024:11:36:12 +0000] "GET /svg/arrow-redo-circle.svg HTTP/1.1" 200 424 "-" "Mozilla/5.0 AppleWebKit/537.36 (KHTML, like Gecko; compatible; bingbot/2.0; +http://www.bing.com/bingbot.htm) Chrome/116.0.1938.76 Safari/537.36"
40.77.167.25 - - [12/Dec/2024:11:41:43 +0000] "GET /svg/cloud-offline-outline.svg HTTP/1.1" 200 531 "-" "Mozilla/5.0 AppleWebKit/537.36 (KHTML, like Gecko; compatible; bingbot/2.0; +http://www.bing.com/bingbot.htm) Chrome/116.0.1938.76 Safari/537.36"
207.46.13.107 - - [12/Dec/2024:12:10:05 +0000] "GET /svg/logo-vercel.svg HTTP/1.1" 200 161 "-" "Mozilla/5.0 AppleWebKit/537.36 (KHTML, like Gecko; compatible; bingbot/2.0; +http://www.bing.com/bingbot.htm) Chrome/116.0.1938.76 Safari/537.36"
157.55.39.205 - - [12/Dec/2024:12:26:20 +0000] "GET /svg/help-sharp.svg HTTP/1.1" 200 449 "-" "Mozilla/5.0 AppleWebKit/537.36 (KHTML, like Gecko; compatible; bingbot/2.0; +http://www.bing.com/bingbot.htm) Chrome/116.0.1938.76 Safari/537.36"
66.249.68.1 - - [12/Dec/2024:12:39:12 +0000] "GET /svg/thumbs-up-sharp.svg HTTP/1.1" 200 370 "-" "Googlebot-Image/1.0"
207.46.13.87 - - [12/Dec/2024:13:06:00 +0000] "GET /svg/logo-youtube.svg HTTP/1.1" 200 461 "-" "Mozilla/5.0 AppleWebKit/537.36 (KHTML, like Gecko; compatible; bingbot/2.0; +http://www.bing.com/bingbot.htm) Chrome/116.0.1938.76 Safari/537.36"
207.46.13.155 - - [12/Dec/2024:13:50:58 +0000] "GET /svg/calculator-outline.svg HTTP/1.1" 200 699 "-" "Mozilla/5.0 AppleWebKit/537.36 (KHTML, like Gecko; compatible; bingbot/2.0; +http://www.bing.com/bingbot.htm) Chrome/116.0.1938.76 Safari/537.36"
40.77.167.55 - - [12/Dec/2024:14:30:49 +0000] "GET /svg/location.svg HTTP/1.1" 200 412 "-" "Mozilla/5.0 AppleWebKit/537.36 (KHTML, like Gecko; compatible; bingbot/2.0; +http://www.bing.com/bingbot.htm) Chrome/116.0.1938.76 Safari/537.36"
207.46.13.157 - - [12/Dec/2024:14:52:14 +0000] "GET /svg/color-filter.svg HTTP/1.1" 200 1466 "-" "Mozilla/5.0 AppleWebKit/537.36 (KHTML, like Gecko; compatible; bingbot/2.0; +http://www.bing.com/bingbot.htm) Chrome/116.0.1938.76 Safari/537.36"
66.249.68.8 - - [12/Dec/2024:15:08:14 +0000] "GET /app-ads.txt HTTP/1.1" 404 196 "-" "Google-adstxt"
52.167.144.20 - - [12/Dec/2024:15:31:14 +0000] "GET /svg/cloudy-night-sharp.svg HTTP/1.1" 200 792 "-" "Mozilla/5.0 AppleWebKit/537.36 (KHTML, like Gecko; compatible; bingbot/2.0; +http://www.bing.com/bingbot.htm) Chrome/116.0.1938.76 Safari/537.36"
157.55.39.195 - - [12/Dec/2024:16:27:53 +0000] "GET /svg/remove-outline.svg HTTP/1.1" 200 223 "-" "Mozilla/5.0 AppleWebKit/537.36 (KHTML, like Gecko; compatible; bingbot/2.0; +http://www.bing.com/bingbot.htm) Chrome/116.0.1938.76 Safari/537.36"
207.46.13.18 - - [12/Dec/2024:16:48:45 +0000] "GET /svg/play-skip-back-circle-sharp.svg HTTP/1.1" 200 264 "-" "Mozilla/5.0 AppleWebKit/537.36 (KHTML, like Gecko; compatible; bingbot/2.0; +http://www.bing.com/bingbot.htm) Chrome/116.0.1938.76 Safari/537.36"
52.167.144.214 - - [12/Dec/2024:17:30:46 +0000] "GET /svg/podium-outline.svg HTTP/1.1" 200 408 "-" "Mozilla/5.0 AppleWebKit/537.36 (KHTML, like Gecko; compatible; bingbot/2.0; +http://www.bing.com/bingbot.htm) Chrome/116.0.1938.76 Safari/537.36"
157.55.39.52 - - [12/Dec/2024:18:31:51 +0000] "GET /svg/mail-outline.svg HTTP/1.1" 200 389 "-" "Mozilla/5.0 AppleWebKit/537.36 (KHTML, like Gecko; compatible; bingbot/2.0; +http://www.bing.com/bingbot.htm) Chrome/116.0.1938.76 Safari/537.36"
207.46.13.107 - - [12/Dec/2024:18:31:56 +0000] "GET /svg/person-add.svg HTTP/1.1" 200 670 "-" "Mozilla/5.0 AppleWebKit/537.36 (KHTML, like Gecko; compatible; bingbot/2.0; +http://www.bing.com/bingbot.htm) Chrome/116.0.1938.76 Safari/537.36"
157.55.39.52 - - [12/Dec/2024:18:36:43 +0000] "GET /svg/swap-horizontal.svg HTTP/1.1" 200 292 "-" "Mozilla/5.0 AppleWebKit/537.36 (KHTML, like Gecko; compatible; bingbot/2.0; +http://www.bing.com/bingbot.htm) Chrome/116.0.1938.76 Safari/537.36"
40.77.167.58 - - [12/Dec/2024:19:01:54 +0000] "GET /svg/close-circle-outline.svg HTTP/1.1" 200 405 "-" "Mozilla/5.0 AppleWebKit/537.36 (KHTML, like Gecko; compatible; bingbot/2.0; +http://www.bing.com/bingbot.htm) Chrome/116.0.1938.76 Safari/537.36"
52.167.144.173 - - [12/Dec/2024:19:23:57 +0000] "GET /svg/basketball-sharp.svg HTTP/1.1" 200 950 "-" "Mozilla/5.0 AppleWebKit/537.36 (KHTML, like Gecko; compatible; bingbot/2.0; +http://www.bing.com/bingbot.htm) Chrome/116.0.1938.76 Safari/537.36"
66.249.68.8 - - [12/Dec/2024:19:32:15 +0000] "GET /assets/ HTTP/1.1" 200 291 "-" "Mozilla/5.0 (Linux; Android 6.0.1; Nexus 5X Build/MMB29P) AppleWebKit/537.36 (KHTML, like Gecko) Chrome/131.0.6778.108 Mobile Safari/537.36 (compatible; Googlebot/2.1; +http://www.google.com/bot.html)"
157.55.39.63 - - [12/Dec/2024:19:35:01 +0000] "GET /svg/home.svg HTTP/1.1" 200 631 "-" "Mozilla/5.0 AppleWebKit/537.36 (KHTML, like Gecko; compatible; bingbot/2.0; +http://www.bing.com/bingbot.htm) Chrome/116.0.1938.76 Safari/537.36"
157.55.39.14 - - [12/Dec/2024:19:39:09 +0000] "GET /svg/trail-sign-outline.svg HTTP/1.1" 200 482 "-" "Mozilla/5.0 AppleWebKit/537.36 (KHTML, like Gecko; compatible; bingbot/2.0; +http://www.bing.com/bingbot.htm) Chrome/116.0.1938.76 Safari/537.36"
207.46.13.7 - - [12/Dec/2024:19:52:10 +0000] "GET /svg/chatbubbles.svg HTTP/1.1" 200 1220 "-" "Mozilla/5.0 AppleWebKit/537.36 (KHTML, like Gecko; compatible; bingbot/2.0; +http://www.bing.com/bingbot.htm) Chrome/116.0.1938.76 Safari/537.36"
157.55.39.60 - - [12/Dec/2024:20:15:34 +0000] "GET /svg/chevron-down-circle-outline.svg HTTP/1.1" 200 400 "-" "Mozilla/5.0 AppleWebKit/537.36 (KHTML, like Gecko; compatible; bingbot/2.0; +http://www.bing.com/bingbot.htm) Chrome/116.0.1938.76 Safari/537.36"
157.55.39.57 - - [12/Dec/2024:20:22:27 +0000] "GET /svg/git-network-outline.svg HTTP/1.1" 200 784 "-" "Mozilla/5.0 AppleWebKit/537.36 (KHTML, like Gecko; compatible; bingbot/2.0; +http://www.bing.com/bingbot.htm) Chrome/116.0.1938.76 Safari/537.36"
157.55.39.57 - - [12/Dec/2024:20:26:16 +0000] "GET /svg/logo-google.svg HTTP/1.1" 200 608 "-" "Mozilla/5.0 AppleWebKit/537.36 (KHTML, like Gecko; compatible; bingbot/2.0; +http://www.bing.com/bingbot.htm) Chrome/116.0.1938.76 Safari/537.36"
157.55.39.196 - - [12/Dec/2024:20:50:01 +0000] "GET /svg/alarm.svg HTTP/1.1" 200 868 "-" "Mozilla/5.0 AppleWebKit/537.36 (KHTML, like Gecko; compatible; bingbot/2.0; +http://www.bing.com/bingbot.htm) Chrome/116.0.1938.76 Safari/537.36"
207.46.13.107 - - [12/Dec/2024:21:07:28 +0000] "GET /svg/invert-mode.svg HTTP/1.1" 200 333 "-" "Mozilla/5.0 AppleWebKit/537.36 (KHTML, like Gecko; compatible; bingbot/2.0; +http://www.bing.com/bingbot.htm) Chrome/116.0.1938.76 Safari/537.36"
157.55.39.57 - - [12/Dec/2024:22:05:16 +0000] "GET /svg/documents.svg HTTP/1.1" 200 618 "-" "Mozilla/5.0 AppleWebKit/537.36 (KHTML, like Gecko; compatible; bingbot/2.0; +http://www.bing.com/bingbot.htm) Chrome/116.0.1938.76 Safari/537.36"
52.167.144.181 - - [12/Dec/2024:22:31:35 +0000] "GET /svg/keypad-outline.svg HTTP/1.1" 200 1162 "-" "Mozilla/5.0 AppleWebKit/537.36 (KHTML, like Gecko; compatible; bingbot/2.0; +http://www.bing.com/bingbot.htm) Chrome/116.0.1938.76 Safari/537.36"
66.249.68.8 - - [12/Dec/2024:22:32:16 +0000] "GET / HTTP/1.1" 200 214 "-" "Mozilla/5.0 (Linux; Android 6.0.1; Nexus 5X Build/MMB29P) AppleWebKit/537.36 (KHTML, like Gecko) Chrome/131.0.6778.108 Mobile Safari/537.36 (compatible; Googlebot/2.1; +http://www.google.com/bot.html)"
66.249.68.2 - - [12/Dec/2024:22:35:32 +0000] "GET / HTTP/1.1" 200 214 "-" "Mozilla/5.0 (compatible; Googlebot/2.1; +http://www.google.com/bot.html)"
66.249.68.2 - - [12/Dec/2024:22:35:32 +0000] "GET / HTTP/1.1" 200 214 "-" "Mozilla/5.0 (Linux; Android 6.0.1; Nexus 5X Build/MMB29P) AppleWebKit/537.36 (KHTML, like Gecko) Chrome/99.0.4844.84 Mobile Safari/537.36 (compatible; Googlebot/2.1; +http://www.google.com/bot.html)"
66.249.68.1 - - [12/Dec/2024:22:35:34 +0000] "GET /favicon.ico HTTP/1.1" 404 196 "-" "Googlebot-Image/1.0"
157.55.39.196 - - [12/Dec/2024:23:00:34 +0000] "GET /svg/grid.svg HTTP/1.1" 200 475 "-" "Mozilla/5.0 AppleWebKit/537.36 (KHTML, like Gecko; compatible; bingbot/2.0; +http://www.bing.com/bingbot.htm) Chrome/116.0.1938.76 Safari/537.36"
157.55.39.57 - - [13/Dec/2024:00:28:14 +0000] "GET /svg/notifications-circle-sharp.svg HTTP/1.1" 200 570 "-" "Mozilla/5.0 AppleWebKit/537.36 (KHTML, like Gecko; compatible; bingbot/2.0; +http://www.bing.com/bingbot.htm) Chrome/116.0.1938.76 Safari/537.36"
52.167.144.150 - - [13/Dec/2024:01:17:10 +0000] "GET /svg/logo-figma.svg HTTP/1.1" 200 236 "-" "Mozilla/5.0 AppleWebKit/537.36 (KHTML, like Gecko; compatible; bingbot/2.0; +http://www.bing.com/bingbot.htm) Chrome/116.0.1938.76 Safari/537.36"
66.249.68.2 - - [13/Dec/2024:01:22:18 +0000] "GET /robots.txt HTTP/1.1" 404 196 "-" "Mozilla/5.0 (compatible; Googlebot/2.1; +http://www.google.com/bot.html)"
66.249.68.2 - - [13/Dec/2024:01:22:18 +0000] "GET /error.log HTTP/1.1" 200 2444 "-" "Mozilla/5.0 (Linux; Android 6.0.1; Nexus 5X Build/MMB29P) AppleWebKit/537.36 (KHTML, like Gecko) Chrome/131.0.6778.108 Mobile Safari/537.36 (compatible; Googlebot/2.1; +http://www.google.com/bot.html)"
157.55.39.6 - - [13/Dec/2024:02:30:27 +0000] "GET /svg/contrast-outline.svg HTTP/1.1" 200 279 "-" "Mozilla/5.0 AppleWebKit/537.36 (KHTML, like Gecko; compatible; bingbot/2.0; +http://www.bing.com/bingbot.htm) Chrome/116.0.1938.76 Safari/537.36"
207.46.13.107 - - [13/Dec/2024:02:40:01 +0000] "GET /svg/logo-vue.svg HTTP/1.1" 200 277 "-" "Mozilla/5.0 AppleWebKit/537.36 (KHTML, like Gecko; compatible; bingbot/2.0; +http://www.bing.com/bingbot.htm) Chrome/116.0.1938.76 Safari/537.36"
52.167.144.183 - - [13/Dec/2024:02:44:08 +0000] "GET /svg/rainy-outline.svg HTTP/1.1" 200 600 "-" "Mozilla/5.0 AppleWebKit/537.36 (KHTML, like Gecko; compatible; bingbot/2.0; +http://www.bing.com/bingbot.htm) Chrome/116.0.1938.76 Safari/537.36"
157.55.39.202 - - [13/Dec/2024:02:56:13 +0000] "GET /svg/chevron-forward-sharp.svg HTTP/1.1" 200 241 "-" "Mozilla/5.0 AppleWebKit/537.36 (KHTML, like Gecko; compatible; bingbot/2.0; +http://www.bing.com/bingbot.htm) Chrome/116.0.1938.76 Safari/537.36"
66.249.68.2 - - [13/Dec/2024:03:09:11 +0000] "GET /requests.log HTTP/1.1" 200 26058 "-" "Mozilla/5.0 (Linux; Android 6.0.1; Nexus 5X Build/MMB29P) AppleWebKit/537.36 (KHTML, like Gecko) Chrome/131.0.6778.108 Mobile Safari/537.36 (compatible; Googlebot/2.1; +http://www.google.com/bot.html)"
52.167.144.162 - - [13/Dec/2024:03:26:43 +0000] "GET /svg/bag-sharp.svg HTTP/1.1" 200 331 "-" "Mozilla/5.0 AppleWebKit/537.36 (KHTML, like Gecko; compatible; bingbot/2.0; +http://www.bing.com/bingbot.htm) Chrome/116.0.1938.76 Safari/537.36"
74.125.150.8 - - [13/Dec/2024:05:07:54 +0000] "GET / HTTP/1.1" 200 214 "-" "Mozilla/5.0 (X11; Linux x86_64) AppleWebKit/537.36 (KHTML, like Gecko) Chrome/131.0.6778.108 Safari/537.36 PlayStore-Google"
66.249.68.1 - - [13/Dec/2024:06:09:11 +0000] "GET /assets/icon/ HTTP/1.1" 200 216 "-" "Mozilla/5.0 (Linux; Android 6.0.1; Nexus 5X Build/MMB29P) AppleWebKit/537.36 (KHTML, like Gecko) Chrome/131.0.6778.108 Mobile Safari/537.36 (compatible; Googlebot/2.1; +http://www.google.com/bot.html)"
207.46.13.168 - - [13/Dec/2024:06:46:38 +0000] "GET /svg/sync-circle.svg HTTP/1.1" 200 566 "-" "Mozilla/5.0 AppleWebKit/537.36 (KHTML, like Gecko; compatible; bingbot/2.0; +http://www.bing.com/bingbot.htm) Chrome/116.0.1938.76 Safari/537.36"
207.46.13.168 - - [13/Dec/2024:06:54:32 +0000] "GET /svg/stopwatch.svg HTTP/1.1" 200 418 "-" "Mozilla/5.0 AppleWebKit/537.36 (KHTML, like Gecko; compatible; bingbot/2.0; +http://www.bing.com/bingbot.htm) Chrome/116.0.1938.76 Safari/537.36"
157.55.39.63 - - [13/Dec/2024:07:17:32 +0000] "GET /svg/clipboard-sharp.svg HTTP/1.1" 200 284 "-" "Mozilla/5.0 AppleWebKit/537.36 (KHTML, like Gecko; compatible; bingbot/2.0; +http://www.bing.com/bingbot.htm) Chrome/116.0.1938.76 Safari/537.36"
66.249.68.2 - - [13/Dec/2024:09:06:35 +0000] "GET / HTTP/1.1" 200 214 "-" "Mozilla/5.0 (compatible; Googlebot/2.1; +http://www.google.com/bot.html)"
66.249.68.2 - - [13/Dec/2024:09:06:36 +0000] "GET / HTTP/1.1" 200 214 "-" "Mozilla/5.0 (compatible; Googlebot/2.1; +http://www.google.com/bot.html)"
66.249.68.8 - - [13/Dec/2024:09:09:10 +0000] "GET / HTTP/1.1" 200 214 "-" "Mozilla/5.0 (Linux; Android 6.0.1; Nexus 5X Build/MMB29P) AppleWebKit/537.36 (KHTML, like Gecko) Chrome/131.0.6778.108 Mobile Safari/537.36 (compatible; Googlebot/2.1; +http://www.google.com/bot.html)"
52.167.144.219 - - [13/Dec/2024:09:20:06 +0000] "GET /svg/text.svg HTTP/1.1" 200 910 "-" "Mozilla/5.0 AppleWebKit/537.36 (KHTML, like Gecko; compatible; bingbot/2.0; +http://www.bing.com/bingbot.htm) Chrome/116.0.1938.76 Safari/537.36"
52.167.144.221 - - [13/Dec/2024:10:50:04 +0000] "GET /svg/navigate-outline.svg HTTP/1.1" 200 251 "-" "Mozilla/5.0 AppleWebKit/537.36 (KHTML, like Gecko; compatible; bingbot/2.0; +http://www.bing.com/bingbot.htm) Chrome/116.0.1938.76 Safari/537.36"
207.46.13.7 - - [13/Dec/2024:14:22:24 +0000] "GET /svg/barcode-sharp.svg HTTP/1.1" 200 330 "-" "Mozilla/5.0 AppleWebKit/537.36 (KHTML, like Gecko; compatible; bingbot/2.0; +http://www.bing.com/bingbot.htm) Chrome/116.0.1938.76 Safari/537.36"
66.249.68.8 - - [13/Dec/2024:14:38:27 +0000] "GET /robots.txt HTTP/1.1" 404 196 "-" "Mozilla/5.0 (compatible; Googlebot/2.1; +http://www.google.com/bot.html)"
66.249.68.1 - - [13/Dec/2024:14:38:29 +0000] "GET /app-ads.txt HTTP/1.1" 404 196 "-" "Google-adstxt"
74.125.150.8 - - [13/Dec/2024:21:34:14 +0000] "GET / HTTP/1.1" 200 214 "-" "Mozilla/5.0 (X11; Linux x86_64) AppleWebKit/537.36 (KHTML, like Gecko) Chrome/131.0.6778.108 Safari/537.36 PlayStore-Google"
66.249.68.1 - - [14/Dec/2024:01:45:33 +0000] "GET /svg/cut-outline.svg HTTP/1.1" 200 934 "-" "Googlebot-Image/1.0"
66.249.68.8 - - [14/Dec/2024:04:45:34 +0000] "GET /robots.txt HTTP/1.1" 404 196 "-" "Mozilla/5.0 (compatible; Googlebot/2.1; +http://www.google.com/bot.html)"
66.249.68.1 - - [14/Dec/2024:04:45:35 +0000] "GET /assets/esp.jpeg HTTP/1.1" 304 - "-" "Googlebot-Image/1.0"
66.249.68.8 - - [14/Dec/2024:07:45:36 +0000] "GET /assets/papel.jpg HTTP/1.1" 304 - "-" "Googlebot-Image/1.0"
66.249.68.8 - - [14/Dec/2024:09:19:33 +0000] "GET / HTTP/1.1" 200 214 "-" "Mozilla/5.0 (compatible; Googlebot/2.1; +http://www.google.com/bot.html)"
66.249.68.2 - - [14/Dec/2024:10:00:32 +0000] "GET / HTTP/1.1" 200 214 "-" "Mozilla/5.0 (compatible; Googlebot/2.1; +http://www.google.com/bot.html)"
66.249.68.8 - - [14/Dec/2024:14:08:43 +0000] "GET /app-ads.txt HTTP/1.1" 404 196 "-" "Google-adstxt"
66.249.68.2 - - [14/Dec/2024:19:24:06 +0000] "GET /robots.txt HTTP/1.1" 404 196 "-" "Mozilla/5.0 (compatible; Googlebot/2.1; +http://www.google.com/bot.html)"
66.249.68.8 - - [14/Dec/2024:19:24:06 +0000] "GET /svg/ear-sharp.svg HTTP/1.1" 200 708 "-" "Googlebot-Image/1.0"
66.249.68.8 - - [14/Dec/2024:20:10:06 +0000] "GET /svg/thumbs-up-sharp.svg HTTP/1.1" 200 370 "-" "Googlebot-Image/1.0"
66.249.68.1 - - [14/Dec/2024:20:56:06 +0000] "GET /svg/logo-apple-appstore.svg HTTP/1.1" 200 1044 "-" "Googlebot-Image/1.0"
66.249.68.8 - - [14/Dec/2024:21:06:34 +0000] "GET / HTTP/1.1" 200 214 "-" "Mozilla/5.0 (compatible; Googlebot/2.1; +http://www.google.com/bot.html)"
66.249.68.1 - - [14/Dec/2024:21:42:06 +0000] "GET /svg/bookmark-sharp.svg HTTP/1.1" 200 153 "-" "Googlebot-Image/1.0"
66.249.68.1 - - [14/Dec/2024:22:27:06 +0000] "GET /svg/caret-down-circle-sharp.svg HTTP/1.1" 200 250 "-" "Googlebot-Image/1.0"
74.125.150.1 - - [14/Dec/2024:23:06:59 +0000] "GET / HTTP/1.1" 200 214 "-" "Mozilla/5.0 (X11; Linux x86_64) AppleWebKit/537.36 (KHTML, like Gecko) Chrome/131.0.6778.108 Safari/537.36 PlayStore-Google"
66.249.68.1 - - [14/Dec/2024:23:12:06 +0000] "GET /svg/library-outline.svg HTTP/1.1" 200 912 "-" "Googlebot-Image/1.0"
40.77.167.181 - - [14/Dec/2024:23:21:03 +0000] "GET /robots.txt HTTP/1.1" 404 196 "-" "Mozilla/5.0 AppleWebKit/537.36 (KHTML, like Gecko; compatible; bingbot/2.0; +http://www.bing.com/bingbot.htm) Chrome/116.0.1938.76 Safari/537.36"
157.55.39.52 - - [14/Dec/2024:23:21:08 +0000] "GET /svg/chevron-back.svg HTTP/1.1" 200 238 "-" "Mozilla/5.0 AppleWebKit/537.36 (KHTML, like Gecko; compatible; bingbot/2.0; +http://www.bing.com/bingbot.htm) Chrome/116.0.1938.76 Safari/537.36"
52.167.144.194 - - [14/Dec/2024:23:45:53 +0000] "GET /svg/color-filter-outline.svg HTTP/1.1" 200 429 "-" "Mozilla/5.0 AppleWebKit/537.36 (KHTML, like Gecko; compatible; bingbot/2.0; +http://www.bing.com/bingbot.htm) Chrome/116.0.1938.76 Safari/537.36"
66.249.68.1 - - [14/Dec/2024:23:57:06 +0000] "GET /svg/disc-outline.svg HTTP/1.1" 200 346 "-" "Googlebot-Image/1.0"
66.249.68.2 - - [15/Dec/2024:01:24:06 +0000] "GET /svg/people-circle-outline.svg HTTP/1.1" 200 1159 "-" "Googlebot-Image/1.0"
66.249.68.2 - - [15/Dec/2024:03:36:43 +0000] "GET /error.log HTTP/1.1" 200 2653 "-" "Mozilla/5.0 (Linux; Android 6.0.1; Nexus 5X Build/MMB29P) AppleWebKit/537.36 (KHTML, like Gecko) Chrome/131.0.6778.108 Mobile Safari/537.36 (compatible; Googlebot/2.1; +http://www.google.com/bot.html)"
66.249.68.1 - - [15/Dec/2024:06:36:43 +0000] "GET /requests.log HTTP/1.1" 200 26580 "-" "Mozilla/5.0 (Linux; Android 6.0.1; Nexus 5X Build/MMB29P) AppleWebKit/537.36 (KHTML, like Gecko) Chrome/131.0.6778.108 Mobile Safari/537.36 (compatible; Googlebot/2.1; +http://www.google.com/bot.html)"
66.249.68.2 - - [15/Dec/2024:09:13:47 +0000] "GET /robots.txt HTTP/1.1" 404 196 "-" "Mozilla/5.0 (compatible; Googlebot/2.1; +http://www.google.com/bot.html)"
66.249.68.2 - - [15/Dec/2024:09:13:47 +0000] "GET / HTTP/1.1" 200 214 "-" "Mozilla/5.0 (compatible; Googlebot/2.1; +http://www.google.com/bot.html)"
66.249.68.1 - - [15/Dec/2024:09:14:05 +0000] "GET / HTTP/1.1" 200 214 "-" "Mozilla/5.0 (compatible; Googlebot/2.1; +http://www.google.com/bot.html)"
66.249.68.2 - - [15/Dec/2024:09:36:43 +0000] "GET /assets/ HTTP/1.1" 200 291 "-" "Mozilla/5.0 (Linux; Android 6.0.1; Nexus 5X Build/MMB29P) AppleWebKit/537.36 (KHTML, like Gecko) Chrome/131.0.6778.108 Mobile Safari/537.36 (compatible; Googlebot/2.1; +http://www.google.com/bot.html)"
167.99.103.48 - - [15/Dec/2024:11:34:33 +0000] "GET /app-ads.txt HTTP/1.1" 404 196 "-" "Mozilla/5.0 (Windows NT 10.0; Win64; x64) AppleWebKit/537.36 (KHTML, like Gecko) Chrome/85.0.4183.121 Safari/537.36"
167.99.103.48 - - [15/Dec/2024:11:34:33 +0000] "GET /app-ads.txt HTTP/1.1" 404 196 "-" "Mozilla/5.0 (Windows NT 10.0; Win64; x64) AppleWebKit/537.36 (KHTML, like Gecko) Chrome/85.0.4183.121 Safari/537.36"
167.99.103.48 - - [15/Dec/2024:11:34:34 +0000] "GET /app-ads.txt HTTP/1.1" 404 196 "-" "Mozilla/5.0 (Windows NT 10.0; Win64; x64) AppleWebKit/537.36 (KHTML, like Gecko) Chrome/85.0.4183.121 Safari/537.36"
167.99.103.48 - - [15/Dec/2024:11:34:35 +0000] "GET /app-ads.txt HTTP/1.1" 404 196 "-" "Mozilla/5.0 (Windows NT 10.0; Win64; x64) AppleWebKit/537.36 (KHTML, like Gecko) Chrome/85.0.4183.121 Safari/537.36"
167.99.103.48 - - [15/Dec/2024:11:34:36 +0000] "GET /app-ads.txt HTTP/1.1" 404 196 "-" "Mozilla/5.0 (Windows NT 10.0; Win64; x64) AppleWebKit/537.36 (KHTML, like Gecko) Chrome/85.0.4183.121 Safari/537.36"
66.249.68.8 - - [15/Dec/2024:12:36:43 +0000] "GET / HTTP/1.1" 200 214 "-" "Mozilla/5.0 (Linux; Android 6.0.1; Nexus 5X Build/MMB29P) AppleWebKit/537.36 (KHTML, like Gecko) Chrome/131.0.6778.108 Mobile Safari/537.36 (compatible; Googlebot/2.1; +http://www.google.com/bot.html)"
66.249.68.8 - - [15/Dec/2024:13:38:53 +0000] "GET /app-ads.txt HTTP/1.1" 404 196 "-" "Google-adstxt"
74.125.150.1 - - [15/Dec/2024:23:16:59 +0000] "GET / HTTP/1.1" 200 214 "-" "Mozilla/5.0 (X11; Linux x86_64) AppleWebKit/537.36 (KHTML, like Gecko) Chrome/131.0.6778.108 Safari/537.36 PlayStore-Google"
66.249.68.2 - - [16/Dec/2024:03:32:47 +0000] "GET /robots.txt HTTP/1.1" 404 196 "-" "Mozilla/5.0 (compatible; Googlebot/2.1; +http://www.google.com/bot.html)"
66.249.68.8 - - [16/Dec/2024:03:32:48 +0000] "GET /assets/uex.jpeg HTTP/1.1" 304 - "-" "Googlebot-Image/1.0"
66.249.68.1 - - [16/Dec/2024:06:32:47 +0000] "GET /svg/cut-outline.svg HTTP/1.1" 200 934 "-" "Googlebot-Image/1.0"
66.249.68.8 - - [16/Dec/2024:09:32:47 +0000] "GET /assets/fondo2.png HTTP/1.1" 200 40413 "-" "Googlebot-Image/1.0"
66.249.68.1 - - [16/Dec/2024:09:37:48 +0000] "GET / HTTP/1.1" 200 214 "-" "Mozilla/5.0 (compatible; Googlebot/2.1; +http://www.google.com/bot.html)"
66.249.68.8 - - [16/Dec/2024:12:32:47 +0000] "GET /assets/cor.png HTTP/1.1" 304 - "-" "Googlebot-Image/1.0"
66.249.68.2 - - [16/Dec/2024:12:36:27 +0000] "GET / HTTP/1.1" 200 214 "-" "Mozilla/5.0 (compatible; Googlebot/2.1; +http://www.google.com/bot.html)"
35.204.200.111 - - [16/Dec/2024:12:54:56 +0000] "GET /app-ads.txt HTTP/1.1" 404 196 "-" "Mozilla/5.0 (Macintosh; Intel Mac OS X 10_15_6) AppleWebKit/605.1.15 (KHTML, like Gecko) Version/15.6,2 Safari/605.1.15"
66.249.68.8 - - [16/Dec/2024:13:09:19 +0000] "GET /app-ads.txt HTTP/1.1" 404 196 "-" "Google-adstxt"
66.249.68.1 - - [16/Dec/2024:19:16:44 +0000] "GET /robots.txt HTTP/1.1" 404 196 "-" "Mozilla/5.0 (compatible; Googlebot/2.1; +http://www.google.com/bot.html)"
66.249.68.1 - - [16/Dec/2024:19:16:44 +0000] "GET / HTTP/1.1" 200 214 "-" "Mozilla/5.0 (compatible; Googlebot/2.1; +http://www.google.com/bot.html)"
66.249.68.1 - - [16/Dec/2024:21:39:38 +0000] "GET / HTTP/1.1" 200 214 "-" "Mozilla/5.0 (compatible; Googlebot/2.1; +http://www.google.com/bot.html)"
66.249.68.2 - - [16/Dec/2024:23:55:50 +0000] "GET /svg/logo-apple-appstore.svg HTTP/1.1" 200 1044 "-" "Googlebot-Image/1.0"
74.125.150.2 - - [17/Dec/2024:02:34:00 +0000] "GET / HTTP/1.1" 200 214 "-" "Mozilla/5.0 (X11; Linux x86_64) AppleWebKit/537.36 (KHTML, like Gecko) Chrome/131.0.6778.108 Safari/537.36 PlayStore-Google"
66.249.68.1 - - [17/Dec/2024:02:40:48 +0000] "GET /svg/disc-outline.svg HTTP/1.1" 200 346 "-" "Googlebot-Image/1.0"
66.249.68.1 - - [17/Dec/2024:03:10:48 +0000] "GET /svg/library-outline.svg HTTP/1.1" 200 912 "-" "Googlebot-Image/1.0"
66.249.68.1 - - [17/Dec/2024:03:40:48 +0000] "GET /svg/people-circle-outline.svg HTTP/1.1" 200 1159 "-" "Googlebot-Image/1.0"
66.249.68.2 - - [17/Dec/2024:04:10:49 +0000] "GET /svg/ear-sharp.svg HTTP/1.1" 200 708 "-" "Googlebot-Image/1.0"
66.249.68.8 - - [17/Dec/2024:04:56:50 +0000] "GET /svg/thumbs-up-sharp.svg HTTP/1.1" 200 370 "-" "Googlebot-Image/1.0"
66.249.68.1 - - [17/Dec/2024:05:56:50 +0000] "GET /svg/caret-down-circle-sharp.svg HTTP/1.1" 200 250 "-" "Googlebot-Image/1.0"
66.249.68.2 - - [17/Dec/2024:06:55:50 +0000] "GET /svg/bookmark-sharp.svg HTTP/1.1" 200 153 "-" "Googlebot-Image/1.0"
40.77.167.181 - - [17/Dec/2024:07:46:33 +0000] "GET /robots.txt HTTP/1.1" 404 196 "-" "Mozilla/5.0 AppleWebKit/537.36 (KHTML, like Gecko; compatible; bingbot/2.0; +http://www.bing.com/bingbot.htm) Chrome/116.0.1938.76 Safari/537.36"
157.55.39.202 - - [17/Dec/2024:07:46:45 +0000] "GET /svg/hardware-chip.svg HTTP/1.1" 200 884 "-" "Mozilla/5.0 AppleWebKit/537.36 (KHTML, like Gecko; compatible; bingbot/2.0; +http://www.bing.com/bingbot.htm) Chrome/116.0.1938.76 Safari/537.36"
66.249.68.8 - - [17/Dec/2024:09:09:13 +0000] "GET /robots.txt HTTP/1.1" 404 196 "-" "Mozilla/5.0 (compatible; Googlebot/2.1; +http://www.google.com/bot.html)"
66.249.68.1 - - [17/Dec/2024:09:09:13 +0000] "GET / HTTP/1.1" 200 214 "-" "Mozilla/5.0 (compatible; Googlebot/2.1; +http://www.google.com/bot.html)"
66.249.68.1 - - [17/Dec/2024:09:20:41 +0000] "GET / HTTP/1.1" 200 214 "-" "Mozilla/5.0 (compatible; Googlebot/2.1; +http://www.google.com/bot.html)"
207.46.13.168 - - [17/Dec/2024:11:13:26 +0000] "GET /svg/invert-mode-sharp.svg HTTP/1.1" 200 318 "-" "Mozilla/5.0 AppleWebKit/537.36 (KHTML, like Gecko; compatible; bingbot/2.0; +http://www.bing.com/bingbot.htm) Chrome/116.0.1938.76 Safari/537.36"
66.249.68.1 - - [17/Dec/2024:12:40:05 +0000] "GET /app-ads.txt HTTP/1.1" 404 196 "-" "Google-adstxt"
74.125.150.2 - - [17/Dec/2024:23:44:13 +0000] "GET / HTTP/1.1" 200 214 "-" "Mozilla/5.0 (X11; Linux x86_64) AppleWebKit/537.36 (KHTML, like Gecko) Chrome/131.0.6778.108 Safari/537.36 PlayStore-Google"
66.249.68.1 - - [18/Dec/2024:12:10:51 +0000] "GET /robots.txt HTTP/1.1" 404 196 "-" "Mozilla/5.0 (compatible; Googlebot/2.1; +http://www.google.com/bot.html)"
66.249.68.1 - - [18/Dec/2024:12:10:52 +0000] "GET /app-ads.txt HTTP/1.1" 404 196 "-" "Google-adstxt"
66.249.68.1 - - [18/Dec/2024:13:39:47 +0000] "GET /svg/cut-outline.svg HTTP/1.1" 200 934 "-" "Googlebot-Image/1.0"
66.249.68.8 - - [18/Dec/2024:19:09:42 +0000] "GET / HTTP/1.1" 200 214 "-" "Mozilla/5.0 (compatible; Googlebot/2.1; +http://www.google.com/bot.html)"
66.249.68.1 - - [18/Dec/2024:21:42:48 +0000] "GET / HTTP/1.1" 200 214 "-" "Mozilla/5.0 (compatible; Googlebot/2.1; +http://www.google.com/bot.html)"
66.249.68.2 - - [18/Dec/2024:21:44:30 +0000] "GET / HTTP/1.1" 200 214 "-" "Mozilla/5.0 (compatible; Googlebot/2.1; +http://www.google.com/bot.html)"
52.167.144.187 - - [18/Dec/2024:23:21:59 +0000] "GET /svg/toggle.svg HTTP/1.1" 200 270 "-" "Mozilla/5.0 AppleWebKit/537.36 (KHTML, like Gecko; compatible; bingbot/2.0; +http://www.bing.com/bingbot.htm) Chrome/116.0.1938.76 Safari/537.36"
66.249.68.1 - - [19/Dec/2024:03:40:08 +0000] "GET /robots.txt HTTP/1.1" 404 196 "-" "Mozilla/5.0 (compatible; Googlebot/2.1; +http://www.google.com/bot.html)"
66.249.68.1 - - [19/Dec/2024:03:40:08 +0000] "GET /svg/logo-apple-appstore.svg HTTP/1.1" 200 1044 "-" "Googlebot-Image/1.0"
66.249.68.8 - - [19/Dec/2024:06:40:08 +0000] "GET /svg/people-circle-outline.svg HTTP/1.1" 200 1159 "-" "Googlebot-Image/1.0"
66.249.68.8 - - [19/Dec/2024:09:34:20 +0000] "GET / HTTP/1.1" 200 214 "-" "Mozilla/5.0 (compatible; Googlebot/2.1; +http://www.google.com/bot.html)"
66.249.68.1 - - [19/Dec/2024:09:41:08 +0000] "GET /svg/caret-down-circle-sharp.svg HTTP/1.1" 200 250 "-" "Googlebot-Image/1.0"
66.249.68.1 - - [19/Dec/2024:11:41:16 +0000] "GET /app-ads.txt HTTP/1.1" 404 196 "-" "Google-adstxt"
66.249.68.2 - - [19/Dec/2024:12:41:08 +0000] "GET /svg/disc-outline.svg HTTP/1.1" 200 346 "-" "Googlebot-Image/1.0"
66.249.68.2 - - [19/Dec/2024:15:40:08 +0000] "GET /svg/bookmark-sharp.svg HTTP/1.1" 200 153 "-" "Googlebot-Image/1.0"
40.84.221.233 - - [19/Dec/2024:17:38:36 +0000] "GET /robots.txt HTTP/1.1" 404 196 "-" "Mozilla/5.0 AppleWebKit/537.36 (KHTML, like Gecko); compatible; ChatGPT-User/1.0; +https://openai.com/bot"
40.84.221.233 - - [19/Dec/2024:17:38:36 +0000] "GET /requests.log HTTP/1.1" 200 27343 "-" "Mozilla/5.0 AppleWebKit/537.36 (KHTML, like Gecko); compatible; ChatGPT-User/1.0; +https://openai.com/bot"
51.8.102.94 - - [19/Dec/2024:17:39:20 +0000] "GET /robots.txt HTTP/1.1" 404 196 "-" "Mozilla/5.0 AppleWebKit/537.36 (KHTML, like Gecko); compatible; OAI-SearchBot/1.0; +https://openai.com/searchbot"
66.249.68.1 - - [19/Dec/2024:18:18:15 +0000] "GET /robots.txt HTTP/1.1" 404 196 "-" "Mozilla/5.0 (compatible; Googlebot/2.1; +http://www.google.com/bot.html)"
66.249.68.8 - - [19/Dec/2024:18:18:16 +0000] "GET / HTTP/1.1" 200 214 "-" "Mozilla/5.0 (compatible; Googlebot/2.1; +http://www.google.com/bot.html)"
66.249.68.1 - - [19/Dec/2024:18:40:08 +0000] "GET /svg/ear-sharp.svg HTTP/1.1" 200 708 "-" "Googlebot-Image/1.0"
59.42.120.143 - - [19/Dec/2024:20:33:15 +0000] "GET /xmlrpc.php HTTP/1.1" 404 196 "-" "Mozilla/5.0 (Windows NT 6.1; WOW64; rv:45.0) Gecko/20100101 Firefox/45.0"
66.249.68.1 - - [19/Dec/2024:21:41:08 +0000] "GET /svg/library-outline.svg HTTP/1.1" 200 912 "-" "Googlebot-Image/1.0"
66.249.68.8 - - [19/Dec/2024:21:52:48 +0000] "GET / HTTP/1.1" 200 214 "-" "Mozilla/5.0 (compatible; Googlebot/2.1; +http://www.google.com/bot.html)"
66.249.68.1 - - [20/Dec/2024:03:13:01 +0000] "GET /svg/thumbs-up-sharp.svg HTTP/1.1" 200 370 "-" "Googlebot-Image/1.0"
74.125.150.2 - - [20/Dec/2024:04:32:26 +0000] "GET / HTTP/1.1" 200 214 "-" "Mozilla/5.0 (X11; Linux x86_64) AppleWebKit/537.36 (KHTML, like Gecko) Chrome/131.0.6778.139 Safari/537.36 PlayStore-Google"
51.8.102.196 - - [20/Dec/2024:07:09:10 +0000] "GET /robots.txt HTTP/1.1" 404 196 "-" "Mozilla/5.0 AppleWebKit/537.36 (KHTML, like Gecko); compatible; OAI-SearchBot/1.0; +https://openai.com/searchbot"
66.249.68.1 - - [20/Dec/2024:11:11:55 +0000] "GET /robots.txt HTTP/1.1" 404 196 "-" "Mozilla/5.0 (compatible; Googlebot/2.1; +http://www.google.com/bot.html)"
66.249.68.1 - - [20/Dec/2024:11:11:57 +0000] "GET /app-ads.txt HTTP/1.1" 404 196 "-" "Google-adstxt"
66.249.68.2 - - [20/Dec/2024:16:42:09 +0000] "GET /svg/cut-outline.svg HTTP/1.1" 200 934 "-" "Googlebot-Image/1.0"
66.249.68.8 - - [20/Dec/2024:19:42:09 +0000] "GET /assets/shapes.svg HTTP/1.1" 304 - "-" "Googlebot-Image/1.0"
66.249.68.2 - - [20/Dec/2024:22:01:17 +0000] "GET / HTTP/1.1" 200 214 "-" "Mozilla/5.0 (compatible; Googlebot/2.1; +http://www.google.com/bot.html)"
66.249.68.2 - - [20/Dec/2024:22:42:09 +0000] "GET /assets/uex2.png HTTP/1.1" 304 - "-" "Googlebot-Image/1.0"
51.8.102.100 - - [20/Dec/2024:23:00:17 +0000] "GET /robots.txt HTTP/1.1" 404 196 "-" "Mozilla/5.0 AppleWebKit/537.36 (KHTML, like Gecko); compatible; OAI-SearchBot/1.0; +https://openai.com/searchbot"
74.125.150.2 - - [21/Dec/2024:01:17:43 +0000] "GET / HTTP/1.1" 200 214 "-" "Mozilla/5.0 (X11; Linux x86_64) AppleWebKit/537.36 (KHTML, like Gecko) Chrome/131.0.6778.139 Safari/537.36 PlayStore-Google"
66.249.68.1 - - [21/Dec/2024:10:42:51 +0000] "GET /robots.txt HTTP/1.1" 404 196 "-" "Mozilla/5.0 (compatible; Googlebot/2.1; +http://www.google.com/bot.html)"
66.249.68.8 - - [21/Dec/2024:10:42:51 +0000] "GET /app-ads.txt HTTP/1.1" 404 196 "-" "Google-adstxt"
66.249.68.1 - - [21/Dec/2024:11:25:51 +0000] "GET /svg/caret-down-circle-sharp.svg HTTP/1.1" 200 250 "-" "Googlebot-Image/1.0"
66.249.68.8 - - [21/Dec/2024:12:12:51 +0000] "GET /svg/logo-apple-appstore.svg HTTP/1.1" 200 1044 "-" "Googlebot-Image/1.0"
66.249.68.8 - - [21/Dec/2024:12:57:51 +0000] "GET /svg/people-circle-outline.svg HTTP/1.1" 200 1159 "-" "Googlebot-Image/1.0"
66.249.68.2 - - [21/Dec/2024:13:42:51 +0000] "GET /svg/disc-outline.svg HTTP/1.1" 200 346 "-" "Googlebot-Image/1.0"
51.8.102.52 - - [21/Dec/2024:14:58:48 +0000] "GET /robots.txt HTTP/1.1" 404 196 "-" "Mozilla/5.0 AppleWebKit/537.36 (KHTML, like Gecko); compatible; OAI-SearchBot/1.0; +https://openai.com/searchbot"
66.249.68.2 - - [21/Dec/2024:15:12:59 +0000] "GET /svg/bookmark-sharp.svg HTTP/1.1" 200 153 "-" "Googlebot-Image/1.0"
160.176.46.45 - - [21/Dec/2024:16:11:31 +0000] "GET /administrator/ HTTP/1.1" 404 196 "-" "Mozilla/5.0 (Macintosh; Intel Mac OS X 10_10_1) AppleWebKit/537.36 (KHTML, like Gecko) Chrome/39.0.2171.95 Safari/537.36"
160.176.46.45 - - [21/Dec/2024:16:11:31 +0000] "GET /admin/index.php HTTP/1.1" 404 196 "-" "Mozilla/5.0 (Macintosh; Intel Mac OS X 10_10_1) AppleWebKit/537.36 (KHTML, like Gecko) Chrome/39.0.2171.95 Safari/537.36"
160.176.46.45 - - [21/Dec/2024:16:11:31 +0000] "GET /wp-login.php HTTP/1.1" 404 196 "-" "Mozilla/5.0 (Macintosh; Intel Mac OS X 10_10_1) AppleWebKit/537.36 (KHTML, like Gecko) Chrome/39.0.2171.95 Safari/537.36"
66.249.68.1 - - [21/Dec/2024:18:39:11 +0000] "GET /svg/ear-sharp.svg HTTP/1.1" 200 708 "-" "Googlebot-Image/1.0"
66.249.68.2 - - [21/Dec/2024:21:14:05 +0000] "GET /svg/library-outline.svg HTTP/1.1" 200 912 "-" "Googlebot-Image/1.0"
66.249.68.2 - - [21/Dec/2024:21:50:04 +0000] "GET / HTTP/1.1" 200 214 "-" "Mozilla/5.0 (compatible; Googlebot/2.1; +http://www.google.com/bot.html)"
74.125.150.2 - - [22/Dec/2024:04:10:49 +0000] "GET / HTTP/1.1" 200 214 "-" "Mozilla/5.0 (X11; Linux x86_64) AppleWebKit/537.36 (KHTML, like Gecko) Chrome/131.0.6778.139 Safari/537.36 PlayStore-Google"
66.249.68.1 - - [22/Dec/2024:06:51:48 +0000] "GET /robots.txt HTTP/1.1" 404 196 "-" "Mozilla/5.0 (compatible; Googlebot/2.1; +http://www.google.com/bot.html)"
66.249.68.8 - - [22/Dec/2024:06:51:48 +0000] "GET /svg/thumbs-up-sharp.svg HTTP/1.1" 200 370 "-" "Googlebot-Image/1.0"
51.8.102.55 - - [22/Dec/2024:06:57:29 +0000] "GET /robots.txt HTTP/1.1" 404 196 "-" "Mozilla/5.0 AppleWebKit/537.36 (KHTML, like Gecko); compatible; OAI-SearchBot/1.0; +https://openai.com/searchbot"
66.249.68.1 - - [22/Dec/2024:10:13:58 +0000] "GET /app-ads.txt HTTP/1.1" 404 196 "-" "Google-adstxt"
167.99.102.75 - - [22/Dec/2024:11:33:13 +0000] "GET /app-ads.txt HTTP/1.1" 404 196 "-" "Mozilla/5.0 (Windows NT 10.0; Win64; x64) AppleWebKit/537.36 (KHTML, like Gecko) Chrome/85.0.4183.121 Safari/537.36"
167.99.102.75 - - [22/Dec/2024:11:33:14 +0000] "GET /app-ads.txt HTTP/1.1" 404 196 "-" "Mozilla/5.0 (Windows NT 10.0; Win64; x64) AppleWebKit/537.36 (KHTML, like Gecko) Chrome/85.0.4183.121 Safari/537.36"
167.99.102.75 - - [22/Dec/2024:11:33:15 +0000] "GET /app-ads.txt HTTP/1.1" 404 196 "-" "Mozilla/5.0 (Windows NT 10.0; Win64; x64) AppleWebKit/537.36 (KHTML, like Gecko) Chrome/85.0.4183.121 Safari/537.36"
167.99.102.75 - - [22/Dec/2024:11:33:15 +0000] "GET /app-ads.txt HTTP/1.1" 404 196 "-" "Mozilla/5.0 (Windows NT 10.0; Win64; x64) AppleWebKit/537.36 (KHTML, like Gecko) Chrome/85.0.4183.121 Safari/537.36"
167.99.102.75 - - [22/Dec/2024:11:33:16 +0000] "GET /app-ads.txt HTTP/1.1" 404 196 "-" "Mozilla/5.0 (Windows NT 10.0; Win64; x64) AppleWebKit/537.36 (KHTML, like Gecko) Chrome/85.0.4183.121 Safari/537.36"
66.249.68.1 - - [22/Dec/2024:20:08:21 +0000] "GET /robots.txt HTTP/1.1" 404 196 "-" "Mozilla/5.0 (compatible; Googlebot/2.1; +http://www.google.com/bot.html)"
66.249.68.1 - - [22/Dec/2024:20:08:21 +0000] "GET / HTTP/1.1" 200 214 "-" "Mozilla/5.0 (compatible; Googlebot/2.1; +http://www.google.com/bot.html)"
66.249.68.2 - - [22/Dec/2024:21:20:18 +0000] "GET / HTTP/1.1" 200 214 "-" "Mozilla/5.0 (compatible; Googlebot/2.1; +http://www.google.com/bot.html)"
66.249.68.2 - - [22/Dec/2024:22:48:17 +0000] "GET /svg/cut-outline.svg HTTP/1.1" 200 934 "-" "Googlebot-Image/1.0"
51.8.102.209 - - [22/Dec/2024:22:56:02 +0000] "GET /robots.txt HTTP/1.1" 404 196 "-" "Mozilla/5.0 AppleWebKit/537.36 (KHTML, like Gecko); compatible; OAI-SearchBot/1.0; +https://openai.com/searchbot"
74.125.150.8 - - [22/Dec/2024:23:48:32 +0000] "GET / HTTP/1.1" 200 214 "-" "Mozilla/5.0 (X11; Linux x86_64) AppleWebKit/537.36 (KHTML, like Gecko) Chrome/131.0.6778.139 Safari/537.36 PlayStore-Google"
66.249.68.2 - - [23/Dec/2024:00:18:17 +0000] "GET /assets/fondo.png HTTP/1.1" 304 - "-" "Googlebot-Image/1.0"
66.249.68.1 - - [23/Dec/2024:01:48:17 +0000] "GET /assets/uex3.png HTTP/1.1" 304 - "-" "Googlebot-Image/1.0"
66.249.68.2 - - [23/Dec/2024:09:06:11 +0000] "GET /robots.txt HTTP/1.1" 404 196 "-" "Mozilla/5.0 (compatible; Googlebot/2.1; +http://www.google.com/bot.html)"
66.249.68.2 - - [23/Dec/2024:09:06:12 +0000] "GET / HTTP/1.1" 200 214 "-" "Mozilla/5.0 (compatible; Googlebot/2.1; +http://www.google.com/bot.html)"
66.249.68.2 - - [23/Dec/2024:09:06:13 +0000] "GET / HTTP/1.1" 200 214 "-" "Mozilla/5.0 (compatible; Googlebot/2.1; +http://www.google.com/bot.html)"
66.249.68.8 - - [23/Dec/2024:09:44:27 +0000] "GET /app-ads.txt HTTP/1.1" 404 196 "-" "Google-adstxt"
35.204.64.194 - - [23/Dec/2024:14:04:00 +0000] "GET /app-ads.txt HTTP/1.1" 404 196 "-" "Mozilla/5.0 (X11; CrOS x86_64 12239.92.0) AppleWebKit/537.36 (KHTML, like Gecko) Chrome/76.0.3809.136 Safari/537.36"
51.8.102.196 - - [23/Dec/2024:14:50:48 +0000] "GET /robots.txt HTTP/1.1" 404 196 "-" "Mozilla/5.0 AppleWebKit/537.36 (KHTML, like Gecko); compatible; OAI-SearchBot/1.0; +https://openai.com/searchbot"
66.249.68.8 - - [23/Dec/2024:16:57:47 +0000] "GET /svg/disc-outline.svg HTTP/1.1" 200 346 "-" "Googlebot-Image/1.0"
66.249.68.2 - - [23/Dec/2024:17:44:47 +0000] "GET /svg/caret-down-circle-sharp.svg HTTP/1.1" 200 250 "-" "Googlebot-Image/1.0"
66.249.68.2 - - [23/Dec/2024:18:29:48 +0000] "GET /svg/people-circle-outline.svg HTTP/1.1" 200 1159 "-" "Googlebot-Image/1.0"
66.249.68.1 - - [23/Dec/2024:19:14:48 +0000] "GET /svg/logo-apple-appstore.svg HTTP/1.1" 200 1044 "-" "Googlebot-Image/1.0"
66.249.68.2 - - [23/Dec/2024:19:59:48 +0000] "GET /svg/ear-sharp.svg HTTP/1.1" 200 708 "-" "Googlebot-Image/1.0"
66.249.68.2 - - [23/Dec/2024:20:44:48 +0000] "GET /svg/bookmark-sharp.svg HTTP/1.1" 200 153 "-" "Googlebot-Image/1.0"
66.249.68.8 - - [23/Dec/2024:21:29:49 +0000] "GET /robots.txt HTTP/1.1" 404 196 "-" "Mozilla/5.0 (compatible; Googlebot/2.1; +http://www.google.com/bot.html)"
66.249.68.8 - - [23/Dec/2024:21:29:49 +0000] "GET /svg/library-outline.svg HTTP/1.1" 200 912 "-" "Googlebot-Image/1.0"
74.125.150.8 - - [24/Dec/2024:01:43:43 +0000] "GET / HTTP/1.1" 200 214 "-" "Mozilla/5.0 (X11; Linux x86_64) AppleWebKit/537.36 (KHTML, like Gecko) Chrome/131.0.6778.139 Safari/537.36 PlayStore-Google"
95.181.174.189 - - [24/Dec/2024:03:02:41 +0000] "GET / HTTP/1.1" 200 214 "-" "Mozilla/5.0 (Windows NT 10.0; rv:78.0) Gecko/20100101 Firefox/78.0"
95.181.174.189 - - [24/Dec/2024:03:02:41 +0000] "GET //vendor/phpunit/phpunit/src/Util/PHP/eval-stdin.php HTTP/1.1" 404 196 "-" "Mozilla/5.0 (Windows NT 10.0; rv:78.0) Gecko/20100101 Firefox/78.0"
95.181.174.189 - - [24/Dec/2024:03:02:41 +0000] "POST //vendor/phpunit/phpunit/src/Util/PHP/eval-stdin.php HTTP/1.1" 404 196 "-" "Mozilla/5.0 (Windows NT 10.0; rv:78.0) Gecko/20100101 Firefox/78.0"
95.181.174.189 - - [24/Dec/2024:03:02:41 +0000] "GET //vendor/phpunit/phpunit/src/Util/PHP/evil.php HTTP/1.1" 404 196 "-" "Mozilla/5.0 (Windows NT 10.0; rv:78.0) Gecko/20100101 Firefox/78.0"
95.181.174.189 - - [24/Dec/2024:03:02:41 +0000] "GET //app/vendor/phpunit/phpunit/src/Util/PHP/eval-stdin.php HTTP/1.1" 404 196 "-" "Mozilla/5.0 (Windows NT 10.0; rv:78.0) Gecko/20100101 Firefox/78.0"
95.181.174.189 - - [24/Dec/2024:03:02:41 +0000] "POST //app/vendor/phpunit/phpunit/src/Util/PHP/eval-stdin.php HTTP/1.1" 404 196 "-" "Mozilla/5.0 (Windows NT 10.0; rv:78.0) Gecko/20100101 Firefox/78.0"
95.181.174.189 - - [24/Dec/2024:03:02:41 +0000] "GET //app/vendor/phpunit/phpunit/src/Util/PHP/evil.php HTTP/1.1" 404 196 "-" "Mozilla/5.0 (Windows NT 10.0; rv:78.0) Gecko/20100101 Firefox/78.0"
51.8.102.45 - - [24/Dec/2024:06:48:57 +0000] "GET /robots.txt HTTP/1.1" 404 196 "-" "Mozilla/5.0 AppleWebKit/537.36 (KHTML, like Gecko); compatible; OAI-SearchBot/1.0; +https://openai.com/searchbot"
66.249.68.2 - - [24/Dec/2024:08:53:25 +0000] "GET / HTTP/1.1" 200 214 "-" "Mozilla/5.0 (compatible; Googlebot/2.1; +http://www.google.com/bot.html)"
66.249.68.8 - - [24/Dec/2024:09:08:52 +0000] "GET / HTTP/1.1" 200 214 "-" "Mozilla/5.0 (compatible; Googlebot/2.1; +http://www.google.com/bot.html)"
66.249.68.2 - - [24/Dec/2024:09:15:19 +0000] "GET /app-ads.txt HTTP/1.1" 404 196 "-" "Google-adstxt"
51.8.102.209 - - [24/Dec/2024:22:47:08 +0000] "GET /robots.txt HTTP/1.1" 404 196 "-" "Mozilla/5.0 AppleWebKit/537.36 (KHTML, like Gecko); compatible; OAI-SearchBot/1.0; +https://openai.com/searchbot"
66.249.68.1 - - [25/Dec/2024:00:21:37 +0000] "GET /robots.txt HTTP/1.1" 404 196 "-" "Mozilla/5.0 (compatible; Googlebot/2.1; +http://www.google.com/bot.html)"
66.249.68.1 - - [25/Dec/2024:00:21:37 +0000] "GET /svg/cut-outline.svg HTTP/1.1" 200 934 "-" "Googlebot-Image/1.0"
66.249.68.2 - - [25/Dec/2024:01:51:42 +0000] "GET /assets/esp2.jpg HTTP/1.1" 304 - "-" "Googlebot-Image/1.0"
66.249.68.8 - - [25/Dec/2024:03:21:45 +0000] "GET /assets/UNEX.png HTTP/1.1" 304 - "-" "Googlebot-Image/1.0"
66.249.68.2 - - [25/Dec/2024:03:37:47 +0000] "GET /svg/thumbs-up-sharp.svg HTTP/1.1" 200 370 "-" "Googlebot-Image/1.0"
74.125.150.2 - - [25/Dec/2024:03:56:13 +0000] "GET / HTTP/1.1" 200 214 "-" "Mozilla/5.0 (X11; Linux x86_64) AppleWebKit/537.36 (KHTML, like Gecko) Chrome/131.0.6778.139 Safari/537.36 PlayStore-Google"
66.249.68.1 - - [25/Dec/2024:04:51:45 +0000] "GET /assets/esp.jpeg HTTP/1.1" 304 - "-" "Googlebot-Image/1.0"
149.40.58.147 - - [25/Dec/2024:05:04:28 +0000] "GET /requests.log HTTP/1.1" 200 28421 "https://www.google.com/" "Mozilla/5.0 (Windows NT 10.0; Win64; x64) AppleWebKit/537.36 (KHTML, like Gecko) Chrome/131.0.0.0 Safari/537.36"
149.40.58.147 - - [25/Dec/2024:05:04:29 +0000] "GET /favicon.ico HTTP/1.1" 404 196 "https://bioseguridad.ventumidc.es/requests.log" "Mozilla/5.0 (Windows NT 10.0; Win64; x64) AppleWebKit/537.36 (KHTML, like Gecko) Chrome/131.0.0.0 Safari/537.36"
66.249.68.1 - - [25/Dec/2024:08:45:57 +0000] "GET /app-ads.txt HTTP/1.1" 404 196 "-" "Google-adstxt"
66.249.68.8 - - [25/Dec/2024:08:48:45 +0000] "GET / HTTP/1.1" 200 214 "-" "Mozilla/5.0 (compatible; Googlebot/2.1; +http://www.google.com/bot.html)"
66.249.68.8 - - [25/Dec/2024:08:56:01 +0000] "GET / HTTP/1.1" 200 214 "-" "Mozilla/5.0 (compatible; Googlebot/2.1; +http://www.google.com/bot.html)"
51.8.102.210 - - [25/Dec/2024:14:47:31 +0000] "GET /robots.txt HTTP/1.1" 404 196 "-" "Mozilla/5.0 AppleWebKit/537.36 (KHTML, like Gecko); compatible; OAI-SearchBot/1.0; +https://openai.com/searchbot"
