51.8.102.251 - - [09/Apr/2025:17:00:15 +0000] "GET /robots.txt HTTP/1.1" 404 196 "-" "Mozilla/5.0 (Macintosh; Intel Mac OS X 10_15_7) AppleWebKit/537.36 (KHTML, like Gecko) Chrome/131.0.0.0 Safari/537.36; compatible; OAI-SearchBot/1.0; +https://openai.com/searchbot"
66.249.69.101 - - [10/Apr/2025:08:02:51 +0000] "GET /robots.txt HTTP/1.1" 404 196 "-" "Mozilla/5.0 (compatible; Googlebot/2.1; +http://www.google.com/bot.html)"
66.249.69.101 - - [10/Apr/2025:08:02:52 +0000] "GET /app-ads.txt HTTP/1.1" 404 196 "-" "Google-adstxt"
66.249.69.100 - - [10/Apr/2025:08:05:15 +0000] "GET /svg/disc-outline.svg HTTP/1.1" 200 346 "-" "Googlebot-Image/1.0"
66.249.69.99 - - [10/Apr/2025:08:49:13 +0000] "GET / HTTP/1.1" 200 214 "-" "Mozilla/5.0 (compatible; Googlebot/2.1; +http://www.google.com/bot.html)"
66.249.69.99 - - [10/Apr/2025:09:00:38 +0000] "GET / HTTP/1.1" 200 214 "-" "Mozilla/5.0 (compatible; Googlebot/2.1; +http://www.google.com/bot.html)"
51.8.102.233 - - [10/Apr/2025:09:09:44 +0000] "GET /robots.txt HTTP/1.1" 404 196 "-" "Mozilla/5.0 (Macintosh; Intel Mac OS X 10_15_7) AppleWebKit/537.36 (KHTML, like Gecko) Chrome/131.0.0.0 Safari/537.36; compatible; OAI-SearchBot/1.0; +https://openai.com/searchbot"
51.8.102.135 - - [11/Apr/2025:01:27:15 +0000] "GET /robots.txt HTTP/1.1" 404 196 "-" "Mozilla/5.0 (Macintosh; Intel Mac OS X 10_15_7) AppleWebKit/537.36 (KHTML, like Gecko) Chrome/131.0.0.0 Safari/537.36; compatible; OAI-SearchBot/1.0; +https://openai.com/searchbot"
66.249.69.100 - - [11/Apr/2025:01:35:16 +0000] "GET /robots.txt HTTP/1.1" 404 196 "-" "Mozilla/5.0 (compatible; Googlebot/2.1; +http://www.google.com/bot.html)"
66.249.69.100 - - [11/Apr/2025:01:35:16 +0000] "GET /svg/bookmark-sharp.svg HTTP/1.1" 200 153 "-" "Googlebot-Image/1.0"
66.249.69.101 - - [11/Apr/2025:02:20:16 +0000] "GET /svg/logo-apple-appstore.svg HTTP/1.1" 200 1044 "-" "Googlebot-Image/1.0"
66.249.69.100 - - [11/Apr/2025:02:25:17 +0000] "GET /svg/cut-outline.svg HTTP/1.1" 200 934 "-" "Googlebot-Image/1.0"
66.249.69.101 - - [11/Apr/2025:03:05:16 +0000] "GET /svg/thumbs-up-sharp.svg HTTP/1.1" 200 370 "-" "Googlebot-Image/1.0"
66.249.69.101 - - [11/Apr/2025:03:50:16 +0000] "GET /svg/caret-down-circle-sharp.svg HTTP/1.1" 200 250 "-" "Googlebot-Image/1.0"
66.249.69.100 - - [11/Apr/2025:03:55:17 +0000] "GET /assets/esp.jpeg HTTP/1.1" 304 - "-" "Googlebot-Image/1.0"
66.249.69.100 - - [11/Apr/2025:04:36:19 +0000] "GET /svg/ear-sharp.svg HTTP/1.1" 200 708 "-" "Googlebot-Image/1.0"
66.249.69.100 - - [11/Apr/2025:05:21:19 +0000] "GET /svg/library-outline.svg HTTP/1.1" 200 912 "-" "Googlebot-Image/1.0"
66.249.69.100 - - [11/Apr/2025:05:25:17 +0000] "GET /assets/uex.jpeg HTTP/1.1" 304 - "-" "Googlebot-Image/1.0"
66.249.69.99 - - [11/Apr/2025:06:08:19 +0000] "GET /svg/people-circle-outline.svg HTTP/1.1" 200 1159 "-" "Googlebot-Image/1.0"
66.249.69.100 - - [11/Apr/2025:06:55:18 +0000] "GET /assets/esp2.jpg HTTP/1.1" 304 - "-" "Googlebot-Image/1.0"
66.249.69.100 - - [11/Apr/2025:07:33:10 +0000] "GET /app-ads.txt HTTP/1.1" 404 196 "-" "Google-adstxt"
66.249.69.99 - - [11/Apr/2025:08:14:33 +0000] "GET / HTTP/1.1" 200 214 "-" "Mozilla/5.0 (compatible; Googlebot/2.1; +http://www.google.com/bot.html)"
51.8.102.135 - - [11/Apr/2025:17:47:03 +0000] "GET /robots.txt HTTP/1.1" 404 196 "-" "Mozilla/5.0 (Macintosh; Intel Mac OS X 10_15_7) AppleWebKit/537.36 (KHTML, like Gecko) Chrome/131.0.0.0 Safari/537.36; compatible; OAI-SearchBot/1.0; +https://openai.com/searchbot"
66.249.87.35 - - [12/Apr/2025:01:38:25 +0000] "GET / HTTP/1.1" 200 214 "-" "Mozilla/5.0 (X11; Linux x86_64) AppleWebKit/537.36 (KHTML, like Gecko) Chrome/134.0.6998.165 Safari/537.36 PlayStore-Google"
66.249.69.100 - - [12/Apr/2025:07:03:41 +0000] "GET /robots.txt HTTP/1.1" 404 196 "-" "Mozilla/5.0 (compatible; Googlebot/2.1; +http://www.google.com/bot.html)"
66.249.69.101 - - [12/Apr/2025:07:03:41 +0000] "GET /app-ads.txt HTTP/1.1" 404 196 "-" "Google-adstxt"
66.249.69.99 - - [12/Apr/2025:08:35:09 +0000] "GET / HTTP/1.1" 200 214 "-" "Mozilla/5.0 (compatible; Googlebot/2.1; +http://www.google.com/bot.html)"
66.249.69.99 - - [12/Apr/2025:08:45:22 +0000] "GET / HTTP/1.1" 200 214 "-" "Mozilla/5.0 (compatible; Googlebot/2.1; +http://www.google.com/bot.html)"
51.8.102.121 - - [12/Apr/2025:09:53:42 +0000] "GET /robots.txt HTTP/1.1" 404 196 "-" "Mozilla/5.0 (Macintosh; Intel Mac OS X 10_15_7) AppleWebKit/537.36 (KHTML, like Gecko) Chrome/131.0.0.0 Safari/537.36; compatible; OAI-SearchBot/1.0; +https://openai.com/searchbot"
167.172.24.46 - - [12/Apr/2025:11:18:44 +0000] "GET /app-ads.txt HTTP/1.1" 404 196 "-" "Mozilla/5.0 (Windows NT 10.0; Win64; x64) AppleWebKit/537.36 (KHTML, like Gecko) Chrome/85.0.4183.121 Safari/537.36"
167.172.24.46 - - [12/Apr/2025:11:18:44 +0000] "GET /app-ads.txt HTTP/1.1" 404 196 "-" "Mozilla/5.0 (Windows NT 10.0; Win64; x64) AppleWebKit/537.36 (KHTML, like Gecko) Chrome/85.0.4183.121 Safari/537.36"
167.172.24.46 - - [12/Apr/2025:11:18:45 +0000] "GET /app-ads.txt HTTP/1.1" 404 196 "-" "Mozilla/5.0 (Windows NT 10.0; Win64; x64) AppleWebKit/537.36 (KHTML, like Gecko) Chrome/85.0.4183.121 Safari/537.36"
167.172.24.46 - - [12/Apr/2025:11:18:45 +0000] "GET /app-ads.txt HTTP/1.1" 404 196 "-" "Mozilla/5.0 (Windows NT 10.0; Win64; x64) AppleWebKit/537.36 (KHTML, like Gecko) Chrome/85.0.4183.121 Safari/537.36"
167.172.24.46 - - [12/Apr/2025:11:18:46 +0000] "GET /app-ads.txt HTTP/1.1" 404 196 "-" "Mozilla/5.0 (Windows NT 10.0; Win64; x64) AppleWebKit/537.36 (KHTML, like Gecko) Chrome/85.0.4183.121 Safari/537.36"
66.249.69.99 - - [12/Apr/2025:16:12:03 +0000] "GET /svg/disc-outline.svg HTTP/1.1" 200 346 "-" "Googlebot-Image/1.0"
66.249.87.36 - - [12/Apr/2025:21:56:54 +0000] "GET / HTTP/1.1" 200 214 "-" "Mozilla/5.0 (X11; Linux x86_64) AppleWebKit/537.36 (KHTML, like Gecko) Chrome/134.0.6998.165 Safari/537.36 PlayStore-Google"
51.8.102.134 - - [13/Apr/2025:02:07:47 +0000] "GET /robots.txt HTTP/1.1" 404 196 "-" "Mozilla/5.0 (Macintosh; Intel Mac OS X 10_15_7) AppleWebKit/537.36 (KHTML, like Gecko) Chrome/131.0.0.0 Safari/537.36; compatible; OAI-SearchBot/1.0; +https://openai.com/searchbot"
66.249.69.100 - - [13/Apr/2025:04:00:24 +0000] "GET /robots.txt HTTP/1.1" 404 196 "-" "Mozilla/5.0 (compatible; Googlebot/2.1; +http://www.google.com/bot.html)"
66.249.69.99 - - [13/Apr/2025:04:00:24 +0000] "GET /assets/UNEX.png HTTP/1.1" 304 - "-" "Googlebot-Image/1.0"
66.249.69.101 - - [13/Apr/2025:04:05:18 +0000] "GET /svg/logo-apple-appstore.svg HTTP/1.1" 200 1044 "-" "Googlebot-Image/1.0"
66.249.69.100 - - [13/Apr/2025:04:50:18 +0000] "GET /svg/caret-down-circle-sharp.svg HTTP/1.1" 200 250 "-" "Googlebot-Image/1.0"
66.249.69.100 - - [13/Apr/2025:05:30:24 +0000] "GET /svg/cut-outline.svg HTTP/1.1" 200 934 "-" "Googlebot-Image/1.0"
66.249.69.101 - - [13/Apr/2025:05:43:18 +0000] "GET /svg/bookmark-sharp.svg HTTP/1.1" 200 153 "-" "Googlebot-Image/1.0"
66.249.69.101 - - [13/Apr/2025:06:34:18 +0000] "GET /svg/library-outline.svg HTTP/1.1" 200 912 "-" "Googlebot-Image/1.0"
66.249.69.100 - - [13/Apr/2025:06:34:22 +0000] "GET /app-ads.txt HTTP/1.1" 404 196 "-" "Google-adstxt"
66.249.69.101 - - [13/Apr/2025:07:00:24 +0000] "GET /assets/shapes.svg HTTP/1.1" 304 - "-" "Googlebot-Image/1.0"
66.249.69.101 - - [13/Apr/2025:07:23:18 +0000] "GET /svg/people-circle-outline.svg HTTP/1.1" 200 1159 "-" "Googlebot-Image/1.0"
66.249.69.99 - - [13/Apr/2025:07:57:25 +0000] "GET / HTTP/1.1" 200 214 "-" "Mozilla/5.0 (compatible; Googlebot/2.1; +http://www.google.com/bot.html)"
66.249.69.100 - - [13/Apr/2025:08:04:27 +0000] "GET / HTTP/1.1" 200 214 "-" "Mozilla/5.0 (compatible; Googlebot/2.1; +http://www.google.com/bot.html)"
66.249.69.100 - - [13/Apr/2025:08:11:19 +0000] "GET /svg/ear-sharp.svg HTTP/1.1" 200 708 "-" "Googlebot-Image/1.0"
66.249.69.99 - - [13/Apr/2025:08:31:24 +0000] "GET /assets/papel.jpg HTTP/1.1" 304 - "-" "Googlebot-Image/1.0"
66.249.69.99 - - [13/Apr/2025:08:59:19 +0000] "GET /svg/thumbs-up-sharp.svg HTTP/1.1" 200 370 "-" "Googlebot-Image/1.0"
66.249.69.101 - - [13/Apr/2025:10:01:24 +0000] "GET /assets/cor.png HTTP/1.1" 304 - "-" "Googlebot-Image/1.0"
66.249.69.101 - - [13/Apr/2025:11:31:24 +0000] "GET /assets/fondo2.png HTTP/1.1" 304 - "-" "Googlebot-Image/1.0"
51.8.102.121 - - [13/Apr/2025:18:27:51 +0000] "GET /robots.txt HTTP/1.1" 404 196 "-" "Mozilla/5.0 (Macintosh; Intel Mac OS X 10_15_7) AppleWebKit/537.36 (KHTML, like Gecko) Chrome/131.0.0.0 Safari/537.36; compatible; OAI-SearchBot/1.0; +https://openai.com/searchbot"
66.249.69.100 - - [14/Apr/2025:06:04:45 +0000] "GET /robots.txt HTTP/1.1" 404 196 "-" "Mozilla/5.0 (compatible; Googlebot/2.1; +http://www.google.com/bot.html)"
66.249.69.99 - - [14/Apr/2025:06:04:45 +0000] "GET /app-ads.txt HTTP/1.1" 404 196 "-" "Google-adstxt"
66.249.69.99 - - [14/Apr/2025:08:06:02 +0000] "GET / HTTP/1.1" 200 214 "-" "Mozilla/5.0 (compatible; Googlebot/2.1; +http://www.google.com/bot.html)"
66.249.69.101 - - [14/Apr/2025:08:37:42 +0000] "GET / HTTP/1.1" 200 214 "-" "Mozilla/5.0 (compatible; Googlebot/2.1; +http://www.google.com/bot.html)"
51.8.102.129 - - [14/Apr/2025:10:48:48 +0000] "GET /robots.txt HTTP/1.1" 404 196 "-" "Mozilla/5.0 (Macintosh; Intel Mac OS X 10_15_7) AppleWebKit/537.36 (KHTML, like Gecko) Chrome/131.0.0.0 Safari/537.36; compatible; OAI-SearchBot/1.0; +https://openai.com/searchbot"
66.249.87.36 - - [15/Apr/2025:01:14:32 +0000] "GET / HTTP/1.1" 200 214 "-" "Mozilla/5.0 (X11; Linux x86_64) AppleWebKit/537.36 (KHTML, like Gecko) Chrome/134.0.6998.165 Safari/537.36 PlayStore-Google"
51.8.102.132 - - [15/Apr/2025:03:20:25 +0000] "GET /robots.txt HTTP/1.1" 404 196 "-" "Mozilla/5.0 (Macintosh; Intel Mac OS X 10_15_7) AppleWebKit/537.36 (KHTML, like Gecko) Chrome/131.0.0.0 Safari/537.36; compatible; OAI-SearchBot/1.0; +https://openai.com/searchbot"
3.17.129.242 - - [15/Apr/2025:04:34:32 +0000] "GET /robots.txt HTTP/1.1" 404 196 "-" "Mozilla/5.0 AppleWebKit/537.36 (KHTML, like Gecko; compatible; ClaudeBot/1.0; +claudebot@anthropic.com)"
3.17.129.242 - - [15/Apr/2025:04:34:32 +0000] "GET / HTTP/1.1" 200 214 "-" "Mozilla/5.0 AppleWebKit/537.36 (KHTML, like Gecko; compatible; ClaudeBot/1.0; +claudebot@anthropic.com)"
66.249.69.101 - - [15/Apr/2025:05:35:11 +0000] "GET /robots.txt HTTP/1.1" 404 196 "-" "Mozilla/5.0 (compatible; Googlebot/2.1; +http://www.google.com/bot.html)"
66.249.69.101 - - [15/Apr/2025:05:35:11 +0000] "GET /app-ads.txt HTTP/1.1" 404 196 "-" "Google-adstxt"
66.249.69.101 - - [15/Apr/2025:05:48:16 +0000] "GET /svg/disc-outline.svg HTTP/1.1" 200 346 "-" "Googlebot-Image/1.0"
66.249.69.99 - - [15/Apr/2025:07:13:12 +0000] "GET /svg/cut-outline.svg HTTP/1.1" 200 934 "-" "Googlebot-Image/1.0"
66.249.69.99 - - [15/Apr/2025:08:09:23 +0000] "GET / HTTP/1.1" 200 214 "-" "Mozilla/5.0 (compatible; Googlebot/2.1; +http://www.google.com/bot.html)"
66.249.69.100 - - [15/Apr/2025:08:09:42 +0000] "GET / HTTP/1.1" 200 214 "-" "Mozilla/5.0 (compatible; Googlebot/2.1; +http://www.google.com/bot.html)"
66.249.69.99 - - [15/Apr/2025:08:58:16 +0000] "GET /svg/caret-down-circle-sharp.svg HTTP/1.1" 200 250 "-" "Googlebot-Image/1.0"
66.249.69.101 - - [15/Apr/2025:10:13:12 +0000] "GET /assets/uex2.png HTTP/1.1" 304 - "-" "Googlebot-Image/1.0"
66.249.69.100 - - [15/Apr/2025:11:48:16 +0000] "GET /svg/bookmark-sharp.svg HTTP/1.1" 200 153 "-" "Googlebot-Image/1.0"
34.147.44.77 - - [15/Apr/2025:13:37:24 +0000] "GET /app-ads.txt HTTP/1.1" 404 196 "-" "VIZIO V585x-H1 ViziOS/1.6.827.1 WatchFree/25.01.07.1 FancyPlayer/1.7.11"
66.249.69.101 - - [15/Apr/2025:20:06:26 +0000] "GET /robots.txt HTTP/1.1" 404 196 "-" "Mozilla/5.0 (compatible; Googlebot/2.1; +http://www.google.com/bot.html)"
66.249.69.101 - - [15/Apr/2025:20:06:26 +0000] "GET /svg/ear-sharp.svg HTTP/1.1" 200 708 "-" "Googlebot-Image/1.0"
51.8.102.135 - - [15/Apr/2025:20:10:39 +0000] "GET /robots.txt HTTP/1.1" 404 196 "-" "Mozilla/5.0 (Macintosh; Intel Mac OS X 10_15_7) AppleWebKit/537.36 (KHTML, like Gecko) Chrome/131.0.0.0 Safari/537.36; compatible; OAI-SearchBot/1.0; +https://openai.com/searchbot"
66.249.69.101 - - [15/Apr/2025:23:07:26 +0000] "GET /svg/thumbs-up-sharp.svg HTTP/1.1" 200 370 "-" "Googlebot-Image/1.0"
66.249.69.101 - - [16/Apr/2025:02:08:26 +0000] "GET /svg/library-outline.svg HTTP/1.1" 200 912 "-" "Googlebot-Image/1.0"
66.249.69.101 - - [16/Apr/2025:05:05:36 +0000] "GET /app-ads.txt HTTP/1.1" 404 196 "-" "Google-adstxt"
66.249.69.101 - - [16/Apr/2025:05:35:36 +0000] "GET /svg/logo-apple-appstore.svg HTTP/1.1" 200 1044 "-" "Googlebot-Image/1.0"
66.249.69.100 - - [16/Apr/2025:08:05:22 +0000] "GET / HTTP/1.1" 200 214 "-" "Mozilla/5.0 (compatible; Googlebot/2.1; +http://www.google.com/bot.html)"
66.249.69.101 - - [16/Apr/2025:08:26:26 +0000] "GET /robots.txt HTTP/1.1" 404 196 "-" "Mozilla/5.0 (compatible; Googlebot/2.1; +http://www.google.com/bot.html)"
66.249.69.101 - - [16/Apr/2025:08:26:26 +0000] "GET /svg/people-circle-outline.svg HTTP/1.1" 200 1159 "-" "Googlebot-Image/1.0"
66.249.69.99 - - [16/Apr/2025:08:40:56 +0000] "GET / HTTP/1.1" 200 214 "-" "Mozilla/5.0 (compatible; Googlebot/2.1; +http://www.google.com/bot.html)"
51.8.102.10 - - [16/Apr/2025:12:53:43 +0000] "GET /robots.txt HTTP/1.1" 404 196 "-" "Mozilla/5.0 (Macintosh; Intel Mac OS X 10_15_7) AppleWebKit/537.36 (KHTML, like Gecko) Chrome/131.0.0.0 Safari/537.36; compatible; OAI-SearchBot/1.0; +https://openai.com/searchbot"
13.59.243.24 - - [16/Apr/2025:15:36:25 +0000] "GET /robots.txt HTTP/1.1" 404 196 "-" "Mozilla/5.0 AppleWebKit/537.36 (KHTML, like Gecko; compatible; ClaudeBot/1.0; +claudebot@anthropic.com)"
13.59.243.24 - - [16/Apr/2025:15:36:25 +0000] "GET /error.log HTTP/1.1" 200 11908 "-" "Mozilla/5.0 AppleWebKit/537.36 (KHTML, like Gecko; compatible; ClaudeBot/1.0; +claudebot@anthropic.com)"
3.16.160.142 - - [16/Apr/2025:15:58:36 +0000] "GET /svg HTTP/1.1" 301 246 "-" "Mozilla/5.0 AppleWebKit/537.36 (KHTML, like Gecko; compatible; ClaudeBot/1.0; +claudebot@anthropic.com)"
3.16.160.142 - - [16/Apr/2025:15:58:36 +0000] "GET /svg/ HTTP/1.1" 200 7792 "https://bioseguridad.ventumidc.es/svg" "Mozilla/5.0 AppleWebKit/537.36 (KHTML, like Gecko; compatible; ClaudeBot/1.0; +claudebot@anthropic.com)"
18.217.53.133 - - [16/Apr/2025:16:04:58 +0000] "GET /www.zip HTTP/1.1" 200 2898183 "-" "Mozilla/5.0 AppleWebKit/537.36 (KHTML, like Gecko; compatible; ClaudeBot/1.0; +claudebot@anthropic.com)"