154.47.25.71 - - [25/Dec/2024:15:55:45 +0000] "GET /requests.log HTTP/1.1" 200 28542 "https://www.google.com/" "Mozilla/5.0 (Windows NT 10.0; Win64; x64) AppleWebKit/537.36 (KHTML, like Gecko) Chrome/131.0.0.0 Safari/537.36"
154.47.25.71 - - [25/Dec/2024:15:55:46 +0000] "GET /favicon.ico HTTP/1.1" 404 196 "https://bioseguridad.ventumidc.es/requests.log" "Mozilla/5.0 (Windows NT 10.0; Win64; x64) AppleWebKit/537.36 (KHTML, like Gecko) Chrome/131.0.0.0 Safari/537.36"
74.125.150.8 - - [26/Dec/2024:03:50:16 +0000] "GET / HTTP/1.1" 200 214 "-" "Mozilla/5.0 (X11; Linux x86_64) AppleWebKit/537.36 (KHTML, like Gecko) Chrome/131.0.6778.139 Safari/537.36 PlayStore-Google"
66.249.68.2 - - [26/Dec/2024:04:32:48 +0000] "GET /robots.txt HTTP/1.1" 404 196 "-" "Mozilla/5.0 (compatible; Googlebot/2.1; +http://www.google.com/bot.html)"
66.249.68.2 - - [26/Dec/2024:04:32:48 +0000] "GET /svg/caret-down-circle-sharp.svg HTTP/1.1" 200 250 "-" "Googlebot-Image/1.0"
66.249.68.2 - - [26/Dec/2024:05:17:47 +0000] "GET /svg/disc-outline.svg HTTP/1.1" 200 346 "-" "Googlebot-Image/1.0"
66.249.68.1 - - [26/Dec/2024:06:05:48 +0000] "GET /svg/people-circle-outline.svg HTTP/1.1" 200 1159 "-" "Googlebot-Image/1.0"
51.8.102.196 - - [26/Dec/2024:06:46:44 +0000] "GET /robots.txt HTTP/1.1" 404 196 "-" "Mozilla/5.0 AppleWebKit/537.36 (KHTML, like Gecko); compatible; OAI-SearchBot/1.0; +https://openai.com/searchbot"
66.249.68.1 - - [26/Dec/2024:06:50:48 +0000] "GET /svg/library-outline.svg HTTP/1.1" 200 912 "-" "Googlebot-Image/1.0"
66.249.68.2 - - [26/Dec/2024:07:35:48 +0000] "GET /svg/ear-sharp.svg HTTP/1.1" 200 708 "-" "Googlebot-Image/1.0"
66.249.68.8 - - [26/Dec/2024:08:16:49 +0000] "GET /app-ads.txt HTTP/1.1" 404 196 "-" "Google-adstxt"
66.249.68.1 - - [26/Dec/2024:08:20:47 +0000] "GET /svg/logo-apple-appstore.svg HTTP/1.1" 200 1044 "-" "Googlebot-Image/1.0"
66.249.68.1 - - [26/Dec/2024:09:02:54 +0000] "GET / HTTP/1.1" 200 214 "-" "Mozilla/5.0 (compatible; Googlebot/2.1; +http://www.google.com/bot.html)"
66.249.68.1 - - [26/Dec/2024:09:02:55 +0000] "GET / HTTP/1.1" 200 214 "-" "Mozilla/5.0 (compatible; Googlebot/2.1; +http://www.google.com/bot.html)"
66.249.68.1 - - [26/Dec/2024:09:05:47 +0000] "GET /svg/bookmark-sharp.svg HTTP/1.1" 200 153 "-" "Googlebot-Image/1.0"
72.14.199.201 - - [26/Dec/2024:22:53:41 +0000] "GET / HTTP/1.1" 200 214 "-" "Mozilla/5.0 (X11; Linux x86_64) AppleWebKit/537.36 (KHTML, like Gecko) Chrome/131.0.6778.139 Safari/537.36 PlayStore-Google"
66.249.68.33 - - [27/Dec/2024:02:21:20 +0000] "GET /robots.txt HTTP/1.1" 404 196 "-" "Mozilla/5.0 (compatible; Googlebot/2.1; +http://www.google.com/bot.html)"
66.249.68.2 - - [27/Dec/2024:02:21:21 +0000] "GET /svg/cut-outline.svg HTTP/1.1" 200 934 "-" "Googlebot-Image/1.0"
66.249.79.35 - - [27/Dec/2024:03:51:20 +0000] "GET /assets/papel.jpg HTTP/1.1" 304 - "-" "Googlebot-Image/1.0"
66.249.68.39 - - [27/Dec/2024:05:21:20 +0000] "GET /assets/cor.png HTTP/1.1" 304 - "-" "Googlebot-Image/1.0"
66.249.79.100 - - [27/Dec/2024:07:17:20 +0000] "GET /assets/uex.jpeg HTTP/1.1" 304 - "-" "Googlebot-Image/1.0"
66.249.68.1 - - [27/Dec/2024:07:47:20 +0000] "GET /app-ads.txt HTTP/1.1" 404 196 "-" "Google-adstxt"
66.249.79.1 - - [27/Dec/2024:09:07:17 +0000] "GET / HTTP/1.1" 200 214 "-" "Mozilla/5.0 (compatible; Googlebot/2.1; +http://www.google.com/bot.html)"
66.249.79.162 - - [27/Dec/2024:09:07:18 +0000] "GET / HTTP/1.1" 200 214 "-" "Mozilla/5.0 (compatible; Googlebot/2.1; +http://www.google.com/bot.html)"
66.249.68.2 - - [27/Dec/2024:12:28:48 +0000] "GET /svg/thumbs-up-sharp.svg HTTP/1.1" 200 370 "-" "Googlebot-Image/1.0"
74.125.150.2 - - [28/Dec/2024:03:04:57 +0000] "GET / HTTP/1.1" 200 214 "-" "Mozilla/5.0 (X11; Linux x86_64) AppleWebKit/537.36 (KHTML, like Gecko) Chrome/131.0.6778.139 Safari/537.36 PlayStore-Google"
66.249.68.8 - - [28/Dec/2024:07:17:41 +0000] "GET /robots.txt HTTP/1.1" 404 196 "-" "Mozilla/5.0 (compatible; Googlebot/2.1; +http://www.google.com/bot.html)"
66.249.68.8 - - [28/Dec/2024:07:17:42 +0000] "GET /app-ads.txt HTTP/1.1" 404 196 "-" "Google-adstxt"
66.249.68.2 - - [28/Dec/2024:08:43:49 +0000] "GET / HTTP/1.1" 200 214 "-" "Mozilla/5.0 (compatible; Googlebot/2.1; +http://www.google.com/bot.html)"
66.249.68.8 - - [28/Dec/2024:09:14:50 +0000] "GET / HTTP/1.1" 200 214 "-" "Mozilla/5.0 (compatible; Googlebot/2.1; +http://www.google.com/bot.html)"
66.249.68.1 - - [28/Dec/2024:10:52:47 +0000] "GET /svg/library-outline.svg HTTP/1.1" 200 912 "-" "Googlebot-Image/1.0"
66.249.68.2 - - [28/Dec/2024:11:39:48 +0000] "GET /svg/caret-down-circle-sharp.svg HTTP/1.1" 200 250 "-" "Googlebot-Image/1.0"
66.249.68.1 - - [28/Dec/2024:12:24:47 +0000] "GET /svg/bookmark-sharp.svg HTTP/1.1" 200 153 "-" "Googlebot-Image/1.0"
66.249.68.2 - - [28/Dec/2024:13:11:48 +0000] "GET /svg/logo-apple-appstore.svg HTTP/1.1" 200 1044 "-" "Googlebot-Image/1.0"
66.249.68.2 - - [28/Dec/2024:13:56:48 +0000] "GET /svg/people-circle-outline.svg HTTP/1.1" 200 1159 "-" "Googlebot-Image/1.0"
66.249.68.8 - - [28/Dec/2024:14:41:48 +0000] "GET /svg/ear-sharp.svg HTTP/1.1" 200 708 "-" "Googlebot-Image/1.0"
66.249.68.8 - - [28/Dec/2024:15:26:48 +0000] "GET /svg/disc-outline.svg HTTP/1.1" 200 346 "-" "Googlebot-Image/1.0"
51.8.102.55 - - [29/Dec/2024:03:30:28 +0000] "GET /robots.txt HTTP/1.1" 404 196 "-" "Mozilla/5.0 AppleWebKit/537.36 (KHTML, like Gecko); compatible; OAI-SearchBot/1.0; +https://openai.com/searchbot"
66.249.68.2 - - [29/Dec/2024:04:27:08 +0000] "GET /robots.txt HTTP/1.1" 404 196 "-" "Mozilla/5.0 (compatible; Googlebot/2.1; +http://www.google.com/bot.html)"
66.249.68.8 - - [29/Dec/2024:04:27:08 +0000] "GET /svg/cut-outline.svg HTTP/1.1" 200 934 "-" "Googlebot-Image/1.0"
74.125.150.8 - - [29/Dec/2024:04:43:36 +0000] "GET / HTTP/1.1" 200 214 "-" "Mozilla/5.0 (X11; Linux x86_64) AppleWebKit/537.36 (KHTML, like Gecko) Chrome/131.0.6778.139 Safari/537.36 PlayStore-Google"
66.249.68.8 - - [29/Dec/2024:05:57:08 +0000] "GET /assets/fondo2.png HTTP/1.1" 304 - "-" "Googlebot-Image/1.0"
66.249.68.1 - - [29/Dec/2024:06:48:12 +0000] "GET /app-ads.txt HTTP/1.1" 404 196 "-" "Google-adstxt"
66.249.68.8 - - [29/Dec/2024:07:27:08 +0000] "GET /assets/shapes.svg HTTP/1.1" 304 - "-" "Googlebot-Image/1.0"
66.249.68.2 - - [29/Dec/2024:08:57:08 +0000] "GET /assets/uex2.png HTTP/1.1" 304 - "-" "Googlebot-Image/1.0"
66.249.68.8 - - [29/Dec/2024:09:00:53 +0000] "GET / HTTP/1.1" 200 214 "-" "Mozilla/5.0 (compatible; Googlebot/2.1; +http://www.google.com/bot.html)"
66.249.68.8 - - [29/Dec/2024:09:07:06 +0000] "GET / HTTP/1.1" 200 214 "-" "Mozilla/5.0 (compatible; Googlebot/2.1; +http://www.google.com/bot.html)"
206.189.170.104 - - [29/Dec/2024:12:33:05 +0000] "GET /app-ads.txt HTTP/1.1" 404 196 "-" "Mozilla/5.0 (Windows NT 10.0; Win64; x64) AppleWebKit/537.36 (KHTML, like Gecko) Chrome/85.0.4183.121 Safari/537.36"
206.189.170.104 - - [29/Dec/2024:12:33:06 +0000] "GET /app-ads.txt HTTP/1.1" 404 196 "-" "Mozilla/5.0 (Windows NT 10.0; Win64; x64) AppleWebKit/537.36 (KHTML, like Gecko) Chrome/85.0.4183.121 Safari/537.36"
206.189.170.104 - - [29/Dec/2024:12:33:07 +0000] "GET /app-ads.txt HTTP/1.1" 404 196 "-" "Mozilla/5.0 (Windows NT 10.0; Win64; x64) AppleWebKit/537.36 (KHTML, like Gecko) Chrome/85.0.4183.121 Safari/537.36"
206.189.170.104 - - [29/Dec/2024:12:33:08 +0000] "GET /app-ads.txt HTTP/1.1" 404 196 "-" "Mozilla/5.0 (Windows NT 10.0; Win64; x64) AppleWebKit/537.36 (KHTML, like Gecko) Chrome/85.0.4183.121 Safari/537.36"
206.189.170.104 - - [29/Dec/2024:12:33:08 +0000] "GET /app-ads.txt HTTP/1.1" 404 196 "-" "Mozilla/5.0 (Windows NT 10.0; Win64; x64) AppleWebKit/537.36 (KHTML, like Gecko) Chrome/85.0.4183.121 Safari/537.36"
51.8.102.251 - - [29/Dec/2024:19:31:16 +0000] "GET /robots.txt HTTP/1.1" 404 196 "-" "Mozilla/5.0 AppleWebKit/537.36 (KHTML, like Gecko); compatible; OAI-SearchBot/1.0; +https://openai.com/searchbot"
74.125.150.8 - - [30/Dec/2024:03:37:04 +0000] "GET / HTTP/1.1" 200 214 "-" "Mozilla/5.0 (X11; Linux x86_64) AppleWebKit/537.36 (KHTML, like Gecko) Chrome/131.0.6778.139 Safari/537.36 PlayStore-Google"
66.249.68.8 - - [30/Dec/2024:04:54:47 +0000] "GET /robots.txt HTTP/1.1" 404 196 "-" "Mozilla/5.0 (compatible; Googlebot/2.1; +http://www.google.com/bot.html)"
66.249.68.2 - - [30/Dec/2024:04:54:48 +0000] "GET /svg/thumbs-up-sharp.svg HTTP/1.1" 200 370 "-" "Googlebot-Image/1.0"
66.249.68.8 - - [30/Dec/2024:07:18:48 +0000] "GET /app-ads.txt HTTP/1.1" 404 196 "-" "Google-adstxt"
66.249.68.2 - - [30/Dec/2024:10:19:03 +0000] "GET / HTTP/1.1" 200 214 "-" "Mozilla/5.0 (compatible; Googlebot/2.1; +http://www.google.com/bot.html)"
51.8.102.55 - - [30/Dec/2024:11:31:10 +0000] "GET /robots.txt HTTP/1.1" 404 196 "-" "Mozilla/5.0 AppleWebKit/537.36 (KHTML, like Gecko); compatible; OAI-SearchBot/1.0; +https://openai.com/searchbot"
35.204.241.189 - - [30/Dec/2024:13:01:21 +0000] "GET /app-ads.txt HTTP/1.1" 404 196 "-" "VIZIO D40f-J09 ViziOS/1.4.519.868.1 WatchFree/24.10.08 FancyPlayer/1.1.30-qa"
66.249.68.2 - - [30/Dec/2024:14:48:58 +0000] "GET /svg/logo-apple-appstore.svg HTTP/1.1" 200 1044 "-" "Googlebot-Image/1.0"
66.249.68.2 - - [30/Dec/2024:15:33:58 +0000] "GET /svg/people-circle-outline.svg HTTP/1.1" 200 1159 "-" "Googlebot-Image/1.0"
66.249.68.2 - - [30/Dec/2024:16:18:58 +0000] "GET /svg/caret-down-circle-sharp.svg HTTP/1.1" 200 250 "-" "Googlebot-Image/1.0"
66.249.68.1 - - [30/Dec/2024:17:03:58 +0000] "GET /svg/disc-outline.svg HTTP/1.1" 200 346 "-" "Googlebot-Image/1.0"
66.249.68.2 - - [30/Dec/2024:17:03:58 +0000] "GET /robots.txt HTTP/1.1" 404 196 "-" "Mozilla/5.0 (compatible; Googlebot/2.1; +http://www.google.com/bot.html)"
66.249.68.2 - - [30/Dec/2024:17:48:58 +0000] "GET /svg/library-outline.svg HTTP/1.1" 200 912 "-" "Googlebot-Image/1.0"
66.249.68.8 - - [30/Dec/2024:18:33:58 +0000] "GET /svg/ear-sharp.svg HTTP/1.1" 200 708 "-" "Googlebot-Image/1.0"
66.249.68.8 - - [30/Dec/2024:19:18:59 +0000] "GET /svg/bookmark-sharp.svg HTTP/1.1" 200 153 "-" "Googlebot-Image/1.0"
66.249.68.1 - - [30/Dec/2024:21:53:49 +0000] "GET / HTTP/1.1" 200 214 "-" "Mozilla/5.0 (compatible; Googlebot/2.1; +http://www.google.com/bot.html)"
66.249.68.8 - - [30/Dec/2024:22:14:18 +0000] "GET / HTTP/1.1" 200 214 "-" "Mozilla/5.0 (compatible; Googlebot/2.1; +http://www.google.com/bot.html)"
74.125.150.2 - - [31/Dec/2024:00:19:26 +0000] "GET / HTTP/1.1" 200 214 "-" "Mozilla/5.0 (X11; Linux x86_64) AppleWebKit/537.36 (KHTML, like Gecko) Chrome/131.0.6778.139 Safari/537.36 PlayStore-Google"
51.8.102.102 - - [31/Dec/2024:03:29:59 +0000] "GET /robots.txt HTTP/1.1" 404 196 "-" "Mozilla/5.0 AppleWebKit/537.36 (KHTML, like Gecko); compatible; OAI-SearchBot/1.0; +https://openai.com/searchbot"
66.249.68.8 - - [31/Dec/2024:06:49:27 +0000] "GET /robots.txt HTTP/1.1" 404 196 "-" "Mozilla/5.0 (compatible; Googlebot/2.1; +http://www.google.com/bot.html)"
66.249.68.1 - - [31/Dec/2024:06:49:28 +0000] "GET /app-ads.txt HTTP/1.1" 404 196 "-" "Google-adstxt"
66.249.68.2 - - [31/Dec/2024:07:07:44 +0000] "GET / HTTP/1.1" 200 214 "-" "Mozilla/5.0 (compatible; Googlebot/2.1; +http://www.google.com/bot.html)"
66.249.68.2 - - [31/Dec/2024:07:23:28 +0000] "GET /svg/cut-outline.svg HTTP/1.1" 200 934 "-" "Googlebot-Image/1.0"
66.249.68.1 - - [31/Dec/2024:07:45:46 +0000] "GET / HTTP/1.1" 200 214 "-" "Mozilla/5.0 (compatible; Googlebot/2.1; +http://www.google.com/bot.html)"
66.249.68.1 - - [31/Dec/2024:08:10:26 +0000] "GET / HTTP/1.1" 200 214 "-" "Mozilla/5.0 (compatible; Googlebot/2.1; +http://www.google.com/bot.html)"
66.249.68.2 - - [31/Dec/2024:09:19:33 +0000] "GET /assets/uex3.png HTTP/1.1" 304 - "-" "Googlebot-Image/1.0"
66.249.68.8 - - [31/Dec/2024:10:23:28 +0000] "GET /assets/fondo.png HTTP/1.1" 304 - "-" "Googlebot-Image/1.0"
51.8.102.216 - - [31/Dec/2024:19:29:48 +0000] "GET /robots.txt HTTP/1.1" 404 196 "-" "Mozilla/5.0 AppleWebKit/537.36 (KHTML, like Gecko); compatible; OAI-SearchBot/1.0; +https://openai.com/searchbot"
74.125.150.1 - - [01/Jan/2025:05:15:03 +0000] "GET / HTTP/1.1" 200 214 "-" "Mozilla/5.0 (X11; Linux x86_64) AppleWebKit/537.36 (KHTML, like Gecko) Chrome/131.0.6778.139 Safari/537.36 PlayStore-Google"
66.249.68.2 - - [01/Jan/2025:06:20:05 +0000] "GET /robots.txt HTTP/1.1" 404 196 "-" "Mozilla/5.0 (compatible; Googlebot/2.1; +http://www.google.com/bot.html)"
66.249.68.8 - - [01/Jan/2025:06:20:05 +0000] "GET /app-ads.txt HTTP/1.1" 404 196 "-" "Google-adstxt"
66.249.68.8 - - [01/Jan/2025:06:21:05 +0000] "GET /svg/thumbs-up-sharp.svg HTTP/1.1" 200 370 "-" "Googlebot-Image/1.0"
66.249.68.1 - - [01/Jan/2025:08:47:13 +0000] "GET / HTTP/1.1" 200 214 "-" "Mozilla/5.0 (compatible; Googlebot/2.1; +http://www.google.com/bot.html)"
66.249.68.1 - - [01/Jan/2025:08:47:14 +0000] "GET / HTTP/1.1" 200 214 "-" "Mozilla/5.0 (compatible; Googlebot/2.1; +http://www.google.com/bot.html)"
51.8.102.209 - - [01/Jan/2025:11:29:37 +0000] "GET /robots.txt HTTP/1.1" 404 196 "-" "Mozilla/5.0 AppleWebKit/537.36 (KHTML, like Gecko); compatible; OAI-SearchBot/1.0; +https://openai.com/searchbot"
66.249.68.2 - - [01/Jan/2025:19:54:48 +0000] "GET /robots.txt HTTP/1.1" 404 196 "-" "Mozilla/5.0 (compatible; Googlebot/2.1; +http://www.google.com/bot.html)"
66.249.68.1 - - [01/Jan/2025:19:54:48 +0000] "GET /svg/logo-apple-appstore.svg HTTP/1.1" 200 1044 "-" "Googlebot-Image/1.0"
66.249.68.2 - - [01/Jan/2025:20:39:48 +0000] "GET /svg/bookmark-sharp.svg HTTP/1.1" 200 153 "-" "Googlebot-Image/1.0"
66.249.68.8 - - [01/Jan/2025:21:24:48 +0000] "GET /svg/disc-outline.svg HTTP/1.1" 200 346 "-" "Googlebot-Image/1.0"
66.249.68.2 - - [01/Jan/2025:22:09:48 +0000] "GET /svg/ear-sharp.svg HTTP/1.1" 200 708 "-" "Googlebot-Image/1.0"
66.249.68.2 - - [01/Jan/2025:22:54:48 +0000] "GET /svg/caret-down-circle-sharp.svg HTTP/1.1" 200 250 "-" "Googlebot-Image/1.0"
74.125.150.1 - - [01/Jan/2025:23:35:27 +0000] "GET / HTTP/1.1" 200 214 "-" "Mozilla/5.0 (X11; Linux x86_64) AppleWebKit/537.36 (KHTML, like Gecko) Chrome/131.0.6778.139 Safari/537.36 PlayStore-Google"
66.249.68.1 - - [01/Jan/2025:23:39:48 +0000] "GET /svg/library-outline.svg HTTP/1.1" 200 912 "-" "Googlebot-Image/1.0"
66.249.68.8 - - [02/Jan/2025:00:24:48 +0000] "GET /svg/people-circle-outline.svg HTTP/1.1" 200 1159 "-" "Googlebot-Image/1.0"
51.8.102.182 - - [02/Jan/2025:03:29:16 +0000] "GET /robots.txt HTTP/1.1" 404 196 "-" "Mozilla/5.0 AppleWebKit/537.36 (KHTML, like Gecko); compatible; OAI-SearchBot/1.0; +https://openai.com/searchbot"
66.249.68.1 - - [02/Jan/2025:05:50:44 +0000] "GET /app-ads.txt HTTP/1.1" 404 196 "-" "Google-adstxt"
66.249.68.2 - - [02/Jan/2025:09:24:34 +0000] "GET /robots.txt HTTP/1.1" 404 196 "-" "Mozilla/5.0 (compatible; Googlebot/2.1; +http://www.google.com/bot.html)"
66.249.68.1 - - [02/Jan/2025:09:24:34 +0000] "GET / HTTP/1.1" 200 214 "-" "Mozilla/5.0 (compatible; Googlebot/2.1; +http://www.google.com/bot.html)"
66.249.68.8 - - [02/Jan/2025:09:38:22 +0000] "GET / HTTP/1.1" 200 214 "-" "Mozilla/5.0 (compatible; Googlebot/2.1; +http://www.google.com/bot.html)"
66.249.68.8 - - [02/Jan/2025:09:46:48 +0000] "GET /svg/cut-outline.svg HTTP/1.1" 200 934 "-" "Googlebot-Image/1.0"
66.249.68.8 - - [02/Jan/2025:11:16:48 +0000] "GET /assets/papel.jpg HTTP/1.1" 304 - "-" "Googlebot-Image/1.0"
66.249.68.1 - - [02/Jan/2025:12:49:50 +0000] "GET /assets/esp2.jpg HTTP/1.1" 304 - "-" "Googlebot-Image/1.0"
51.8.102.102 - - [02/Jan/2025:19:29:27 +0000] "GET /robots.txt HTTP/1.1" 404 196 "-" "Mozilla/5.0 AppleWebKit/537.36 (KHTML, like Gecko); compatible; OAI-SearchBot/1.0; +https://openai.com/searchbot"
74.125.150.8 - - [03/Jan/2025:04:55:25 +0000] "GET / HTTP/1.1" 200 214 "-" "Mozilla/5.0 (X11; Linux x86_64) AppleWebKit/537.36 (KHTML, like Gecko) Chrome/131.0.6778.139 Safari/537.36 PlayStore-Google"
66.249.68.2 - - [03/Jan/2025:05:21:12 +0000] "GET /robots.txt HTTP/1.1" 404 196 "-" "Mozilla/5.0 (compatible; Googlebot/2.1; +http://www.google.com/bot.html)"
66.249.68.2 - - [03/Jan/2025:05:21:13 +0000] "GET /app-ads.txt HTTP/1.1" 404 196 "-" "Google-adstxt"
66.249.68.2 - - [03/Jan/2025:10:13:59 +0000] "GET / HTTP/1.1" 200 214 "-" "Mozilla/5.0 (compatible; Googlebot/2.1; +http://www.google.com/bot.html)"
66.249.68.8 - - [03/Jan/2025:10:40:53 +0000] "GET /svg/thumbs-up-sharp.svg HTTP/1.1" 200 370 "-" "Googlebot-Image/1.0"
51.8.102.251 - - [03/Jan/2025:11:29:55 +0000] "GET /robots.txt HTTP/1.1" 404 196 "-" "Mozilla/5.0 AppleWebKit/537.36 (KHTML, like Gecko); compatible; OAI-SearchBot/1.0; +https://openai.com/searchbot"
66.249.68.1 - - [03/Jan/2025:21:51:26 +0000] "GET /robots.txt HTTP/1.1" 404 196 "-" "Mozilla/5.0 (compatible; Googlebot/2.1; +http://www.google.com/bot.html)"
66.249.68.1 - - [03/Jan/2025:21:51:26 +0000] "GET / HTTP/1.1" 200 214 "-" "Mozilla/5.0 (compatible; Googlebot/2.1; +http://www.google.com/bot.html)"
74.125.150.2 - - [04/Jan/2025:01:45:29 +0000] "GET / HTTP/1.1" 200 214 "-" "Mozilla/5.0 (X11; Linux x86_64) AppleWebKit/537.36 (KHTML, like Gecko) Chrome/131.0.6778.139 Safari/537.36 PlayStore-Google"
66.249.68.1 - - [04/Jan/2025:02:56:48 +0000] "GET /svg/library-outline.svg HTTP/1.1" 200 912 "-" "Googlebot-Image/1.0"
51.8.102.55 - - [04/Jan/2025:03:29:46 +0000] "GET /robots.txt HTTP/1.1" 404 196 "-" "Mozilla/5.0 AppleWebKit/537.36 (KHTML, like Gecko); compatible; OAI-SearchBot/1.0; +https://openai.com/searchbot"
66.249.68.2 - - [04/Jan/2025:03:56:48 +0000] "GET /svg/people-circle-outline.svg HTTP/1.1" 200 1159 "-" "Googlebot-Image/1.0"
66.249.68.2 - - [04/Jan/2025:04:51:40 +0000] "GET /app-ads.txt HTTP/1.1" 404 196 "-" "Google-adstxt"
66.249.68.8 - - [04/Jan/2025:04:56:55 +0000] "GET /svg/bookmark-sharp.svg HTTP/1.1" 200 153 "-" "Googlebot-Image/1.0"
66.249.68.2 - - [04/Jan/2025:05:56:48 +0000] "GET /svg/disc-outline.svg HTTP/1.1" 200 346 "-" "Googlebot-Image/1.0"
66.249.68.1 - - [04/Jan/2025:06:56:48 +0000] "GET /svg/ear-sharp.svg HTTP/1.1" 200 708 "-" "Googlebot-Image/1.0"
66.249.68.8 - - [04/Jan/2025:07:56:48 +0000] "GET /svg/logo-apple-appstore.svg HTTP/1.1" 200 1044 "-" "Googlebot-Image/1.0"
66.249.68.2 - - [04/Jan/2025:08:56:48 +0000] "GET /svg/caret-down-circle-sharp.svg HTTP/1.1" 200 250 "-" "Googlebot-Image/1.0"
66.249.68.2 - - [04/Jan/2025:09:05:35 +0000] "GET / HTTP/1.1" 200 214 "-" "Mozilla/5.0 (compatible; Googlebot/2.1; +http://www.google.com/bot.html)"
66.249.68.8 - - [04/Jan/2025:09:05:40 +0000] "GET / HTTP/1.1" 200 214 "-" "Mozilla/5.0 (compatible; Googlebot/2.1; +http://www.google.com/bot.html)"
66.249.68.2 - - [04/Jan/2025:11:35:47 +0000] "GET /robots.txt HTTP/1.1" 404 196 "-" "Mozilla/5.0 (compatible; Googlebot/2.1; +http://www.google.com/bot.html)"
66.249.68.1 - - [04/Jan/2025:11:35:47 +0000] "GET /svg/cut-outline.svg HTTP/1.1" 200 934 "-" "Googlebot-Image/1.0"
66.249.68.8 - - [04/Jan/2025:14:35:47 +0000] "GET /assets/esp.jpeg HTTP/1.1" 304 - "-" "Googlebot-Image/1.0"
66.249.68.2 - - [04/Jan/2025:17:35:47 +0000] "GET /assets/UNEX.png HTTP/1.1" 304 - "-" "Googlebot-Image/1.0"
51.8.102.182 - - [04/Jan/2025:19:29:53 +0000] "GET /robots.txt HTTP/1.1" 404 196 "-" "Mozilla/5.0 AppleWebKit/537.36 (KHTML, like Gecko); compatible; OAI-SearchBot/1.0; +https://openai.com/searchbot"
72.14.199.202 - - [05/Jan/2025:00:24:48 +0000] "GET / HTTP/1.1" 200 214 "-" "Mozilla/5.0 (X11; Linux x86_64) AppleWebKit/537.36 (KHTML, like Gecko) Chrome/131.0.6778.139 Safari/537.36 PlayStore-Google"
66.249.68.2 - - [05/Jan/2025:04:22:04 +0000] "GET /robots.txt HTTP/1.1" 404 196 "-" "Mozilla/5.0 (compatible; Googlebot/2.1; +http://www.google.com/bot.html)"
66.249.68.1 - - [05/Jan/2025:04:22:04 +0000] "GET /app-ads.txt HTTP/1.1" 404 196 "-" "Google-adstxt"
66.249.68.8 - - [05/Jan/2025:08:38:29 +0000] "GET / HTTP/1.1" 200 214 "-" "Mozilla/5.0 (compatible; Googlebot/2.1; +http://www.google.com/bot.html)"
167.172.18.187 - - [05/Jan/2025:10:18:36 +0000] "GET /app-ads.txt HTTP/1.1" 404 196 "-" "Mozilla/5.0 (Macintosh; Intel Mac OS X 10_11_3) AppleWebKit/537.36 (KHTML, like Gecko) Chrome/48.0.2564.109 Safari/537.36"
167.172.18.187 - - [05/Jan/2025:10:18:36 +0000] "GET /ads.txt HTTP/1.1" 404 196 "-" "Mozilla/5.0 (Macintosh; Intel Mac OS X 10_11_3) AppleWebKit/537.36 (KHTML, like Gecko) Chrome/48.0.2564.109 Safari/537.36"
66.249.68.1 - - [05/Jan/2025:10:40:36 +0000] "GET / HTTP/1.1" 200 214 "-" "Mozilla/5.0 (compatible; Googlebot/2.1; +http://www.google.com/bot.html)"
143.198.18.248 - - [05/Jan/2025:11:27:54 +0000] "GET /app-ads.txt HTTP/1.1" 404 196 "-" "Mozilla/5.0 (Windows NT 10.0; Win64; x64) AppleWebKit/537.36 (KHTML, like Gecko) Chrome/85.0.4183.121 Safari/537.36"
143.198.18.248 - - [05/Jan/2025:11:27:54 +0000] "GET /app-ads.txt HTTP/1.1" 404 196 "-" "Mozilla/5.0 (Windows NT 10.0; Win64; x64) AppleWebKit/537.36 (KHTML, like Gecko) Chrome/85.0.4183.121 Safari/537.36"
143.198.18.248 - - [05/Jan/2025:11:27:55 +0000] "GET /app-ads.txt HTTP/1.1" 404 196 "-" "Mozilla/5.0 (Windows NT 10.0; Win64; x64) AppleWebKit/537.36 (KHTML, like Gecko) Chrome/85.0.4183.121 Safari/537.36"
143.198.18.248 - - [05/Jan/2025:11:27:55 +0000] "GET /app-ads.txt HTTP/1.1" 404 196 "-" "Mozilla/5.0 (Windows NT 10.0; Win64; x64) AppleWebKit/537.36 (KHTML, like Gecko) Chrome/85.0.4183.121 Safari/537.36"
143.198.18.248 - - [05/Jan/2025:11:27:55 +0000] "GET /app-ads.txt HTTP/1.1" 404 196 "-" "Mozilla/5.0 (Windows NT 10.0; Win64; x64) AppleWebKit/537.36 (KHTML, like Gecko) Chrome/85.0.4183.121 Safari/537.36"
51.8.102.45 - - [05/Jan/2025:11:29:26 +0000] "GET /robots.txt HTTP/1.1" 404 196 "-" "Mozilla/5.0 AppleWebKit/537.36 (KHTML, like Gecko); compatible; OAI-SearchBot/1.0; +https://openai.com/searchbot"
66.249.79.35 - - [05/Jan/2025:13:23:10 +0000] "GET /svg/thumbs-up-sharp.svg HTTP/1.1" 200 370 "-" "Googlebot-Image/1.0"
84.17.52.48 - - [05/Jan/2025:22:37:51 +0000] "GET /requests.log HTTP/1.1" 200 30068 "-" "Mozilla/5.0 (Windows NT 11.0; Win64; x64) AppleWebKit/537.36 (KHTML, like Gecko) Chrome/131.0.6778.86 Safari/537.36"
51.8.102.100 - - [06/Jan/2025:03:29:09 +0000] "GET /robots.txt HTTP/1.1" 404 196 "-" "Mozilla/5.0 AppleWebKit/537.36 (KHTML, like Gecko); compatible; OAI-SearchBot/1.0; +https://openai.com/searchbot"
66.249.79.162 - - [06/Jan/2025:03:52:20 +0000] "GET /robots.txt HTTP/1.1" 404 196 "-" "Mozilla/5.0 (compatible; Googlebot/2.1; +http://www.google.com/bot.html)"
66.249.68.32 - - [06/Jan/2025:03:52:20 +0000] "GET /app-ads.txt HTTP/1.1" 404 196 "-" "Google-adstxt"
72.14.199.96 - - [06/Jan/2025:04:19:27 +0000] "GET / HTTP/1.1" 200 214 "-" "Mozilla/5.0 (X11; Linux x86_64) AppleWebKit/537.36 (KHTML, like Gecko) Chrome/131.0.6778.139 Safari/537.36 PlayStore-Google"
66.249.79.201 - - [06/Jan/2025:06:27:08 +0000] "GET / HTTP/1.1" 200 214 "-" "Mozilla/5.0 (compatible; Googlebot/2.1; +http://www.google.com/bot.html)"
66.249.68.8 - - [06/Jan/2025:09:23:55 +0000] "GET / HTTP/1.1" 200 214 "-" "Mozilla/5.0 (compatible; Googlebot/2.1; +http://www.google.com/bot.html)"
34.32.158.237 - - [06/Jan/2025:12:57:31 +0000] "GET /app-ads.txt HTTP/1.1" 404 196 "-" "VIZIO VFD43M-0804 ViziOS/1.6.785.1 WatchFree/24.10.08 FancyPlayer/1.5.9"
66.249.68.2 - - [06/Jan/2025:14:20:30 +0000] "GET /svg/cut-outline.svg HTTP/1.1" 200 934 "-" "Googlebot-Image/1.0"
66.249.68.8 - - [06/Jan/2025:17:21:30 +0000] "GET /robots.txt HTTP/1.1" 404 196 "-" "Mozilla/5.0 (compatible; Googlebot/2.1; +http://www.google.com/bot.html)"
66.249.68.1 - - [06/Jan/2025:17:21:30 +0000] "GET /assets/cor.png HTTP/1.1" 304 - "-" "Googlebot-Image/1.0"
66.249.68.8 - - [06/Jan/2025:19:09:33 +0000] "GET / HTTP/1.1" 200 214 "-" "Mozilla/5.0 (compatible; Googlebot/2.1; +http://www.google.com/bot.html)"
51.8.102.188 - - [06/Jan/2025:19:29:33 +0000] "GET /robots.txt HTTP/1.1" 404 196 "-" "Mozilla/5.0 AppleWebKit/537.36 (KHTML, like Gecko); compatible; OAI-SearchBot/1.0; +https://openai.com/searchbot"
66.249.68.2 - - [06/Jan/2025:21:28:55 +0000] "GET / HTTP/1.1" 200 214 "-" "Mozilla/5.0 (compatible; Googlebot/2.1; +http://www.google.com/bot.html)"
74.125.150.1 - - [06/Jan/2025:23:48:59 +0000] "GET / HTTP/1.1" 200 214 "-" "Mozilla/5.0 (X11; Linux x86_64) AppleWebKit/537.36 (KHTML, like Gecko) Chrome/131.0.6778.139 Safari/537.36 PlayStore-Google"
66.249.68.8 - - [07/Jan/2025:03:22:43 +0000] "GET /app-ads.txt HTTP/1.1" 404 196 "-" "Google-adstxt"
66.249.68.2 - - [07/Jan/2025:05:30:47 +0000] "GET /robots.txt HTTP/1.1" 404 196 "-" "Mozilla/5.0 (compatible; Googlebot/2.1; +http://www.google.com/bot.html)"
66.249.68.1 - - [07/Jan/2025:05:30:47 +0000] "GET /svg/logo-apple-appstore.svg HTTP/1.1" 200 1044 "-" "Googlebot-Image/1.0"
66.249.68.8 - - [07/Jan/2025:06:16:47 +0000] "GET /svg/library-outline.svg HTTP/1.1" 200 912 "-" "Googlebot-Image/1.0"
66.249.68.2 - - [07/Jan/2025:07:01:47 +0000] "GET /svg/disc-outline.svg HTTP/1.1" 200 346 "-" "Googlebot-Image/1.0"
66.249.68.8 - - [07/Jan/2025:07:51:47 +0000] "GET /svg/people-circle-outline.svg HTTP/1.1" 200 1159 "-" "Googlebot-Image/1.0"
66.249.68.2 - - [07/Jan/2025:08:30:47 +0000] "GET /svg/caret-down-circle-sharp.svg HTTP/1.1" 200 250 "-" "Googlebot-Image/1.0"
66.249.68.1 - - [07/Jan/2025:09:13:00 +0000] "GET / HTTP/1.1" 200 214 "-" "Mozilla/5.0 (compatible; Googlebot/2.1; +http://www.google.com/bot.html)"
66.249.68.2 - - [07/Jan/2025:09:18:48 +0000] "GET /svg/ear-sharp.svg HTTP/1.1" 200 708 "-" "Googlebot-Image/1.0"
66.249.68.1 - - [07/Jan/2025:10:15:47 +0000] "GET /svg/bookmark-sharp.svg HTTP/1.1" 200 153 "-" "Googlebot-Image/1.0"
51.8.102.246 - - [07/Jan/2025:11:29:29 +0000] "GET /robots.txt HTTP/1.1" 404 196 "-" "Mozilla/5.0 AppleWebKit/537.36 (KHTML, like Gecko); compatible; OAI-SearchBot/1.0; +https://openai.com/searchbot"
66.249.79.35 - - [07/Jan/2025:13:22:54 +0000] "GET /svg/thumbs-up-sharp.svg HTTP/1.1" 200 370 "-" "Googlebot-Image/1.0"
66.249.79.36 - - [07/Jan/2025:15:41:25 +0000] "GET / HTTP/1.1" 200 214 "-" "Mozilla/5.0 (compatible; Googlebot/2.1; +http://www.google.com/bot.html)"
66.249.79.201 - - [07/Jan/2025:15:41:26 +0000] "GET / HTTP/1.1" 200 214 "-" "Mozilla/5.0 (Linux; Android 6.0.1; Nexus 5X Build/MMB29P) AppleWebKit/537.36 (KHTML, like Gecko) Chrome/99.0.4844.84 Mobile Safari/537.36 (compatible; Googlebot/2.1; +http://www.google.com/bot.html)"
66.249.79.99 - - [07/Jan/2025:15:41:28 +0000] "GET /favicon.ico HTTP/1.1" 404 196 "-" "Googlebot-Image/1.0"
66.249.79.100 - - [08/Jan/2025:02:53:02 +0000] "GET /robots.txt HTTP/1.1" 404 196 "-" "Mozilla/5.0 (compatible; Googlebot/2.1; +http://www.google.com/bot.html)"
66.249.68.2 - - [08/Jan/2025:02:53:02 +0000] "GET /app-ads.txt HTTP/1.1" 404 196 "-" "Google-adstxt"
51.8.102.210 - - [08/Jan/2025:03:29:01 +0000] "GET /robots.txt HTTP/1.1" 404 196 "-" "Mozilla/5.0 AppleWebKit/537.36 (KHTML, like Gecko); compatible; OAI-SearchBot/1.0; +https://openai.com/searchbot"
72.14.199.35 - - [08/Jan/2025:04:52:29 +0000] "GET / HTTP/1.1" 200 214 "-" "Mozilla/5.0 (X11; Linux x86_64) AppleWebKit/537.36 (KHTML, like Gecko) Chrome/131.0.6778.139 Safari/537.36 PlayStore-Google"
66.249.79.101 - - [08/Jan/2025:15:26:29 +0000] "GET /robots.txt HTTP/1.1" 404 196 "-" "Mozilla/5.0 (compatible; Googlebot/2.1; +http://www.google.com/bot.html)"
66.249.79.36 - - [08/Jan/2025:15:26:29 +0000] "GET /assets/shapes.svg HTTP/1.1" 304 - "-" "Googlebot-Image/1.0"
51.8.102.245 - - [08/Jan/2025:18:15:51 +0000] "GET /robots.txt HTTP/1.1" 404 196 "-" "Mozilla/5.0 AppleWebKit/537.36 (KHTML, like Gecko); compatible; OAI-SearchBot/1.0; +https://openai.com/searchbot"
66.249.79.202 - - [08/Jan/2025:18:26:29 +0000] "GET /svg/cut-outline.svg HTTP/1.1" 200 934 "-" "Googlebot-Image/1.0"
66.249.68.2 - - [08/Jan/2025:18:27:33 +0000] "GET / HTTP/1.1" 200 214 "-" "Mozilla/5.0 (compatible; Googlebot/2.1; +http://www.google.com/bot.html)"
66.249.68.69 - - [08/Jan/2025:19:19:57 +0000] "GET / HTTP/1.1" 200 214 "-" "Mozilla/5.0 (compatible; Googlebot/2.1; +http://www.google.com/bot.html)"
66.249.79.203 - - [08/Jan/2025:21:09:29 +0000] "GET / HTTP/1.1" 200 214 "-" "Mozilla/5.0 (compatible; Googlebot/2.1; +http://www.google.com/bot.html)"
66.249.79.161 - - [08/Jan/2025:21:26:29 +0000] "GET /assets/uex.jpeg HTTP/1.1" 304 - "-" "Googlebot-Image/1.0"
66.249.79.99 - - [09/Jan/2025:00:26:31 +0000] "GET /assets/fondo2.png HTTP/1.1" 304 - "-" "Googlebot-Image/1.0"
66.249.79.36 - - [09/Jan/2025:02:23:19 +0000] "GET /app-ads.txt HTTP/1.1" 404 196 "-" "Google-adstxt"
185.41.152.31 - - [09/Jan/2025:04:48:04 +0000] "GET / HTTP/1.1" 200 214 "-" "Mozilla/5.0 (Windows NT 10.0; Win64; x64)"
74.125.150.1 - - [09/Jan/2025:06:40:21 +0000] "GET / HTTP/1.1" 200 214 "-" "Mozilla/5.0 (X11; Linux x86_64) AppleWebKit/537.36 (KHTML, like Gecko) Chrome/131.0.6778.139 Safari/537.36 PlayStore-Google"
66.249.68.1 - - [09/Jan/2025:07:25:10 +0000] "GET /robots.txt HTTP/1.1" 404 196 "-" "Mozilla/5.0 (compatible; Googlebot/2.1; +http://www.google.com/bot.html)"
66.249.68.8 - - [09/Jan/2025:07:25:11 +0000] "GET / HTTP/1.1" 200 214 "-" "Mozilla/5.0 (compatible; Googlebot/2.1; +http://www.google.com/bot.html)"
66.249.68.2 - - [09/Jan/2025:08:45:22 +0000] "GET / HTTP/1.1" 200 214 "-" "Mozilla/5.0 (compatible; Googlebot/2.1; +http://www.google.com/bot.html)"
66.249.68.8 - - [09/Jan/2025:08:45:37 +0000] "GET / HTTP/1.1" 200 214 "-" "Mozilla/5.0 (compatible; Googlebot/2.1; +http://www.google.com/bot.html)"
66.249.68.2 - - [09/Jan/2025:08:57:45 +0000] "GET / HTTP/1.1" 200 214 "-" "Mozilla/5.0 (compatible; Googlebot/2.1; +http://www.google.com/bot.html)"
51.8.102.52 - - [09/Jan/2025:10:15:54 +0000] "GET /robots.txt HTTP/1.1" 404 196 "-" "Mozilla/5.0 AppleWebKit/537.36 (KHTML, like Gecko); compatible; OAI-SearchBot/1.0; +https://openai.com/searchbot"
82.153.71.118 - - [09/Jan/2025:22:07:59 +0000] "GET /.env HTTP/1.1" 404 196 "-" "python-requests/2.32.3"
51.8.102.56 - - [10/Jan/2025:02:05:13 +0000] "GET /robots.txt HTTP/1.1" 404 196 "-" "Mozilla/5.0 AppleWebKit/537.36 (KHTML, like Gecko); compatible; OAI-SearchBot/1.0; +https://openai.com/searchbot"
66.249.79.99 - - [10/Jan/2025:02:23:32 +0000] "GET /robots.txt HTTP/1.1" 404 196 "-" "Mozilla/5.0 (compatible; Googlebot/2.1; +http://www.google.com/bot.html)"
66.249.68.66 - - [10/Jan/2025:02:23:32 +0000] "GET /app-ads.txt HTTP/1.1" 404 196 "-" "Google-adstxt"
66.249.79.32 - - [10/Jan/2025:03:18:52 +0000] "GET /svg/people-circle-outline.svg HTTP/1.1" 200 1159 "-" "Googlebot-Image/1.0"
40.77.167.181 - - [10/Jan/2025:05:57:34 +0000] "GET /robots.txt HTTP/1.1" 404 196 "-" "Mozilla/5.0 AppleWebKit/537.36 (KHTML, like Gecko; compatible; bingbot/2.0; +http://www.bing.com/bingbot.htm) Chrome/116.0.1938.76 Safari/537.36"
207.46.13.7 - - [10/Jan/2025:05:57:48 +0000] "GET /svg/code-working-sharp.svg HTTP/1.1" 200 558 "-" "Mozilla/5.0 AppleWebKit/537.36 (KHTML, like Gecko; compatible; bingbot/2.0; +http://www.bing.com/bingbot.htm) Chrome/116.0.1938.76 Safari/537.36"
74.125.150.1 - - [10/Jan/2025:06:12:23 +0000] "GET / HTTP/1.1" 200 214 "-" "Mozilla/5.0 (X11; Linux x86_64) AppleWebKit/537.36 (KHTML, like Gecko) Chrome/131.0.6778.139 Safari/537.36 PlayStore-Google"
66.249.68.2 - - [10/Jan/2025:06:18:52 +0000] "GET /svg/library-outline.svg HTTP/1.1" 200 912 "-" "Googlebot-Image/1.0"
66.249.68.2 - - [10/Jan/2025:09:18:52 +0000] "GET /svg/thumbs-up-sharp.svg HTTP/1.1" 200 370 "-" "Googlebot-Image/1.0"
51.8.102.251 - - [10/Jan/2025:18:04:41 +0000] "GET /robots.txt HTTP/1.1" 404 196 "-" "Mozilla/5.0 AppleWebKit/537.36 (KHTML, like Gecko); compatible; OAI-SearchBot/1.0; +https://openai.com/searchbot"
66.249.68.33 - - [10/Jan/2025:18:50:57 +0000] "GET /robots.txt HTTP/1.1" 404 196 "-" "Mozilla/5.0 (compatible; Googlebot/2.1; +http://www.google.com/bot.html)"
66.249.79.2 - - [10/Jan/2025:18:50:58 +0000] "GET /svg/logo-apple-appstore.svg HTTP/1.1" 200 1044 "-" "Googlebot-Image/1.0"
66.249.79.101 - - [10/Jan/2025:21:50:57 +0000] "GET /svg/ear-sharp.svg HTTP/1.1" 200 708 "-" "Googlebot-Image/1.0"
66.249.68.1 - - [10/Jan/2025:22:38:46 +0000] "GET /svg/cut-outline.svg HTTP/1.1" 200 934 "-" "Googlebot-Image/1.0"
66.249.68.2 - - [11/Jan/2025:01:53:52 +0000] "GET /app-ads.txt HTTP/1.1" 404 196 "-" "Google-adstxt"
66.249.68.8 - - [11/Jan/2025:02:14:51 +0000] "GET /svg/caret-down-circle-sharp.svg HTTP/1.1" 200 250 "-" "Googlebot-Image/1.0"
66.249.68.1 - - [11/Jan/2025:02:14:52 +0000] "GET /assets/uex2.png HTTP/1.1" 304 - "-" "Googlebot-Image/1.0"
66.249.68.1 - - [11/Jan/2025:05:14:51 +0000] "GET /svg/bookmark-sharp.svg HTTP/1.1" 200 153 "-" "Googlebot-Image/1.0"
66.249.68.8 - - [11/Jan/2025:08:14:51 +0000] "GET /robots.txt HTTP/1.1" 404 196 "-" "Mozilla/5.0 (compatible; Googlebot/2.1; +http://www.google.com/bot.html)"
66.249.68.1 - - [11/Jan/2025:08:14:51 +0000] "GET /svg/disc-outline.svg HTTP/1.1" 200 346 "-" "Googlebot-Image/1.0"
66.249.68.1 - - [11/Jan/2025:08:55:05 +0000] "GET / HTTP/1.1" 200 214 "-" "Mozilla/5.0 (compatible; Googlebot/2.1; +http://www.google.com/bot.html)"
66.249.68.2 - - [11/Jan/2025:09:07:15 +0000] "GET / HTTP/1.1" 200 214 "-" "Mozilla/5.0 (compatible; Googlebot/2.1; +http://www.google.com/bot.html)"
66.249.68.8 - - [11/Jan/2025:09:33:03 +0000] "GET / HTTP/1.1" 200 214 "-" "Mozilla/5.0 (compatible; Googlebot/2.1; +http://www.google.com/bot.html)"
51.8.102.251 - - [11/Jan/2025:10:04:18 +0000] "GET /robots.txt HTTP/1.1" 404 196 "-" "Mozilla/5.0 AppleWebKit/537.36 (KHTML, like Gecko); compatible; OAI-SearchBot/1.0; +https://openai.com/searchbot"
191.101.209.112 - - [11/Jan/2025:17:26:27 +0000] "GET /requests.log HTTP/1.1" 200 31086 "-" "Mozilla/5.0 (Windows NT 11.0; Win64; x64) AppleWebKit/537.36 (KHTML, like Gecko) Chrome/131.0.6778.86 Safari/537.36"
72.14.199.6 - - [12/Jan/2025:00:41:14 +0000] "GET / HTTP/1.1" 200 214 "-" "Mozilla/5.0 (X11; Linux x86_64) AppleWebKit/537.36 (KHTML, like Gecko) Chrome/131.0.6778.204 Safari/537.36 PlayStore-Google"
51.8.102.209 - - [12/Jan/2025:01:14:44 +0000] "GET /robots.txt HTTP/1.1" 404 196 "-" "Mozilla/5.0 AppleWebKit/537.36 (KHTML, like Gecko); compatible; OAI-SearchBot/1.0; +https://openai.com/searchbot"
66.249.79.203 - - [12/Jan/2025:01:24:10 +0000] "GET /robots.txt HTTP/1.1" 404 196 "-" "Mozilla/5.0 (compatible; Googlebot/2.1; +http://www.google.com/bot.html)"
66.249.79.202 - - [12/Jan/2025:01:24:10 +0000] "GET /app-ads.txt HTTP/1.1" 404 196 "-" "Google-adstxt"
104.131.53.156 - - [12/Jan/2025:11:33:40 +0000] "GET /app-ads.txt HTTP/1.1" 404 196 "-" "Mozilla/5.0 (Windows NT 10.0; Win64; x64) AppleWebKit/537.36 (KHTML, like Gecko) Chrome/85.0.4183.121 Safari/537.36"
104.131.53.156 - - [12/Jan/2025:11:33:40 +0000] "GET /app-ads.txt HTTP/1.1" 404 196 "-" "Mozilla/5.0 (Windows NT 10.0; Win64; x64) AppleWebKit/537.36 (KHTML, like Gecko) Chrome/85.0.4183.121 Safari/537.36"
104.131.53.156 - - [12/Jan/2025:11:33:41 +0000] "GET /app-ads.txt HTTP/1.1" 404 196 "-" "Mozilla/5.0 (Windows NT 10.0; Win64; x64) AppleWebKit/537.36 (KHTML, like Gecko) Chrome/85.0.4183.121 Safari/537.36"
104.131.53.156 - - [12/Jan/2025:11:33:41 +0000] "GET /app-ads.txt HTTP/1.1" 404 196 "-" "Mozilla/5.0 (Windows NT 10.0; Win64; x64) AppleWebKit/537.36 (KHTML, like Gecko) Chrome/85.0.4183.121 Safari/537.36"
104.131.53.156 - - [12/Jan/2025:11:33:42 +0000] "GET /app-ads.txt HTTP/1.1" 404 196 "-" "Mozilla/5.0 (Windows NT 10.0; Win64; x64) AppleWebKit/537.36 (KHTML, like Gecko) Chrome/85.0.4183.121 Safari/537.36"
51.8.102.100 - - [12/Jan/2025:15:51:47 +0000] "GET /robots.txt HTTP/1.1" 404 196 "-" "Mozilla/5.0 AppleWebKit/537.36 (KHTML, like Gecko); compatible; OAI-SearchBot/1.0; +https://openai.com/searchbot"
66.249.79.33 - - [12/Jan/2025:21:00:03 +0000] "GET /robots.txt HTTP/1.1" 404 196 "-" "Mozilla/5.0 (compatible; Googlebot/2.1; +http://www.google.com/bot.html)"
66.249.79.1 - - [12/Jan/2025:21:00:03 +0000] "GET / HTTP/1.1" 200 214 "-" "Mozilla/5.0 (compatible; Googlebot/2.1; +http://www.google.com/bot.html)"
66.249.79.162 - - [12/Jan/2025:21:00:04 +0000] "GET / HTTP/1.1" 200 214 "-" "Mozilla/5.0 (compatible; Googlebot/2.1; +http://www.google.com/bot.html)"
66.249.68.72 - - [13/Jan/2025:00:35:21 +0000] "GET /svg/cut-outline.svg HTTP/1.1" 200 934 "-" "Googlebot-Image/1.0"
66.249.79.162 - - [13/Jan/2025:00:54:20 +0000] "GET /app-ads.txt HTTP/1.1" 404 196 "-" "Google-adstxt"
66.249.79.201 - - [13/Jan/2025:02:06:21 +0000] "GET /assets/uex3.png HTTP/1.1" 304 - "-" "Googlebot-Image/1.0"
66.249.79.101 - - [13/Jan/2025:03:36:22 +0000] "GET /assets/fondo.png HTTP/1.1" 304 - "-" "Googlebot-Image/1.0"
66.249.68.2 - - [13/Jan/2025:05:06:23 +0000] "GET /assets/esp2.jpg HTTP/1.1" 304 - "-" "Googlebot-Image/1.0"
74.125.150.2 - - [13/Jan/2025:05:18:39 +0000] "GET / HTTP/1.1" 200 214 "-" "Mozilla/5.0 (X11; Linux x86_64) AppleWebKit/537.36 (KHTML, like Gecko) Chrome/131.0.6778.204 Safari/537.36 PlayStore-Google"
51.8.102.52 - - [13/Jan/2025:07:11:11 +0000] "GET /robots.txt HTTP/1.1" 404 196 "-" "Mozilla/5.0 AppleWebKit/537.36 (KHTML, like Gecko); compatible; OAI-SearchBot/1.0; +https://openai.com/searchbot"
34.91.227.46 - - [13/Jan/2025:13:07:20 +0000] "GET /app-ads.txt HTTP/1.1" 404 196 "-" "Mozilla/5.0 (X11; CrOS armv7l 15359.58.0) AppleWebKit/537.36 (KHTML, like Gecko) Chrome/123.0.0.0 Safari/537.36"
66.249.68.1 - - [13/Jan/2025:19:54:55 +0000] "GET /robots.txt HTTP/1.1" 404 196 "-" "Mozilla/5.0 (compatible; Googlebot/2.1; +http://www.google.com/bot.html)"
66.249.68.8 - - [13/Jan/2025:19:54:55 +0000] "GET /svg/logo-apple-appstore.svg HTTP/1.1" 200 1044 "-" "Googlebot-Image/1.0"
66.249.68.8 - - [13/Jan/2025:20:42:00 +0000] "GET / HTTP/1.1" 200 214 "-" "Mozilla/5.0 (compatible; Googlebot/2.1; +http://www.google.com/bot.html)"
66.249.79.201 - - [13/Jan/2025:22:54:57 +0000] "GET /svg/caret-down-circle-sharp.svg HTTP/1.1" 200 250 "-" "Googlebot-Image/1.0"
51.8.102.210 - - [13/Jan/2025:23:16:54 +0000] "GET /robots.txt HTTP/1.1" 404 196 "-" "Mozilla/5.0 AppleWebKit/537.36 (KHTML, like Gecko); compatible; OAI-SearchBot/1.0; +https://openai.com/searchbot"
66.249.79.1 - - [14/Jan/2025:00:24:39 +0000] "GET /app-ads.txt HTTP/1.1" 404 196 "-" "Google-adstxt"
72.14.199.161 - - [14/Jan/2025:01:32:04 +0000] "GET / HTTP/1.1" 200 214 "-" "Mozilla/5.0 (X11; Linux x86_64) AppleWebKit/537.36 (KHTML, like Gecko) Chrome/131.0.6778.204 Safari/537.36 PlayStore-Google"
66.249.79.99 - - [14/Jan/2025:01:54:55 +0000] "GET /svg/people-circle-outline.svg HTTP/1.1" 200 1159 "-" "Googlebot-Image/1.0"
66.249.68.1 - - [14/Jan/2025:04:54:58 +0000] "GET /svg/library-outline.svg HTTP/1.1" 200 912 "-" "Googlebot-Image/1.0"
66.249.68.1 - - [14/Jan/2025:07:54:55 +0000] "GET /svg/thumbs-up-sharp.svg HTTP/1.1" 200 370 "-" "Googlebot-Image/1.0"
66.249.68.1 - - [14/Jan/2025:08:52:36 +0000] "GET /robots.txt HTTP/1.1" 404 196 "-" "Mozilla/5.0 (compatible; Googlebot/2.1; +http://www.google.com/bot.html)"
66.249.68.1 - - [14/Jan/2025:08:52:36 +0000] "GET / HTTP/1.1" 200 214 "-" "Mozilla/5.0 (compatible; Googlebot/2.1; +http://www.google.com/bot.html)"
66.249.68.2 - - [14/Jan/2025:09:54:36 +0000] "GET / HTTP/1.1" 200 214 "-" "Mozilla/5.0 (compatible; Googlebot/2.1; +http://www.google.com/bot.html)"
66.249.68.2 - - [14/Jan/2025:10:54:55 +0000] "GET /svg/disc-outline.svg HTTP/1.1" 200 346 "-" "Googlebot-Image/1.0"
66.249.68.8 - - [14/Jan/2025:14:24:57 +0000] "GET /svg/ear-sharp.svg HTTP/1.1" 200 708 "-" "Googlebot-Image/1.0"
51.8.102.55 - - [14/Jan/2025:15:17:03 +0000] "GET /robots.txt HTTP/1.1" 404 196 "-" "Mozilla/5.0 AppleWebKit/537.36 (KHTML, like Gecko); compatible; OAI-SearchBot/1.0; +https://openai.com/searchbot"
66.249.68.2 - - [14/Jan/2025:19:55:01 +0000] "GET /svg/bookmark-sharp.svg HTTP/1.1" 200 153 "-" "Googlebot-Image/1.0"
66.249.79.161 - - [14/Jan/2025:21:47:46 +0000] "GET /robots.txt HTTP/1.1" 404 196 "-" "Mozilla/5.0 (compatible; Googlebot/2.1; +http://www.google.com/bot.html)"
66.249.79.100 - - [14/Jan/2025:21:47:46 +0000] "GET / HTTP/1.1" 200 214 "-" "Mozilla/5.0 (compatible; Googlebot/2.1; +http://www.google.com/bot.html)"
66.249.68.1 - - [14/Jan/2025:23:55:01 +0000] "GET /app-ads.txt HTTP/1.1" 404 196 "-" "Google-adstxt"
66.249.68.72 - - [15/Jan/2025:02:35:02 +0000] "GET /svg/cut-outline.svg HTTP/1.1" 200 934 "-" "Googlebot-Image/1.0"
74.125.150.1 - - [15/Jan/2025:04:43:42 +0000] "GET / HTTP/1.1" 200 214 "-" "Mozilla/5.0 (X11; Linux x86_64) AppleWebKit/537.36 (KHTML, like Gecko) Chrome/131.0.6778.204 Safari/537.36 PlayStore-Google"
66.249.68.2 - - [15/Jan/2025:05:35:01 +0000] "GET /assets/papel.jpg HTTP/1.1" 304 - "-" "Googlebot-Image/1.0"
51.8.102.52 - - [15/Jan/2025:07:12:41 +0000] "GET /robots.txt HTTP/1.1" 404 196 "-" "Mozilla/5.0 AppleWebKit/537.36 (KHTML, like Gecko); compatible; OAI-SearchBot/1.0; +https://openai.com/searchbot"
66.249.68.8 - - [15/Jan/2025:10:01:24 +0000] "GET /robots.txt HTTP/1.1" 404 196 "-" "Mozilla/5.0 (compatible; Googlebot/2.1; +http://www.google.com/bot.html)"
66.249.68.1 - - [15/Jan/2025:10:01:25 +0000] "GET / HTTP/1.1" 200 214 "-" "Mozilla/5.0 (compatible; Googlebot/2.1; +http://www.google.com/bot.html)"
66.249.68.1 - - [15/Jan/2025:18:51:54 +0000] "GET / HTTP/1.1" 200 214 "-" "Mozilla/5.0 (compatible; Googlebot/2.1; +http://www.google.com/bot.html)"
66.249.79.101 - - [15/Jan/2025:20:48:01 +0000] "GET / HTTP/1.1" 200 214 "-" "Mozilla/5.0 (compatible; Googlebot/2.1; +http://www.google.com/bot.html)"
51.8.102.214 - - [15/Jan/2025:23:10:05 +0000] "GET /robots.txt HTTP/1.1" 404 196 "-" "Mozilla/5.0 AppleWebKit/537.36 (KHTML, like Gecko); compatible; OAI-SearchBot/1.0; +https://openai.com/searchbot"
66.249.79.8 - - [16/Jan/2025:00:25:14 +0000] "GET /robots.txt HTTP/1.1" 404 196 "-" "Mozilla/5.0 (compatible; Googlebot/2.1; +http://www.google.com/bot.html)"
66.249.79.8 - - [16/Jan/2025:00:25:15 +0000] "GET /app-ads.txt HTTP/1.1" 404 196 "-" "Google-adstxt"
74.125.150.1 - - [16/Jan/2025:04:52:13 +0000] "GET / HTTP/1.1" 200 214 "-" "Mozilla/5.0 (X11; Linux x86_64) AppleWebKit/537.36 (KHTML, like Gecko) Chrome/131.0.6778.204 Safari/537.36 PlayStore-Google"
66.249.68.2 - - [16/Jan/2025:09:29:38 +0000] "GET / HTTP/1.1" 200 214 "-" "Mozilla/5.0 (compatible; Googlebot/2.1; +http://www.google.com/bot.html)"
66.249.68.1 - - [16/Jan/2025:09:33:24 +0000] "GET / HTTP/1.1" 200 214 "-" "Mozilla/5.0 (compatible; Googlebot/2.1; +http://www.google.com/bot.html)"
66.249.68.2 - - [16/Jan/2025:10:07:10 +0000] "GET /svg/people-circle-outline.svg HTTP/1.1" 200 1159 "-" "Googlebot-Image/1.0"
66.249.68.1 - - [16/Jan/2025:14:51:55 +0000] "GET /robots.txt HTTP/1.1" 404 196 "-" "Mozilla/5.0 (compatible; Googlebot/2.1; +http://www.google.com/bot.html)"
66.249.68.2 - - [16/Jan/2025:14:51:55 +0000] "GET /svg/library-outline.svg HTTP/1.1" 200 912 "-" "Googlebot-Image/1.0"
51.8.102.102 - - [16/Jan/2025:15:05:07 +0000] "GET /robots.txt HTTP/1.1" 404 196 "-" "Mozilla/5.0 AppleWebKit/537.36 (KHTML, like Gecko); compatible; OAI-SearchBot/1.0; +https://openai.com/searchbot"
66.249.79.101 - - [16/Jan/2025:23:55:33 +0000] "GET /app-ads.txt HTTP/1.1" 404 196 "-" "Google-adstxt"
72.14.199.202 - - [16/Jan/2025:23:56:35 +0000] "GET / HTTP/1.1" 200 214 "-" "Mozilla/5.0 (X11; Linux x86_64) AppleWebKit/537.36 (KHTML, like Gecko) Chrome/131.0.6778.204 Safari/537.36 PlayStore-Google"
66.249.79.201 - - [17/Jan/2025:01:29:51 +0000] "GET /svg/ear-sharp.svg HTTP/1.1" 200 708 "-" "Googlebot-Image/1.0"
66.249.68.2 - - [17/Jan/2025:06:16:48 +0000] "GET /robots.txt HTTP/1.1" 404 196 "-" "Mozilla/5.0 (compatible; Googlebot/2.1; +http://www.google.com/bot.html)"
66.249.68.2 - - [17/Jan/2025:06:16:48 +0000] "GET /svg/logo-apple-appstore.svg HTTP/1.1" 200 1044 "-" "Googlebot-Image/1.0"
66.249.68.1 - - [17/Jan/2025:06:54:35 +0000] "GET /assets/esp.jpeg HTTP/1.1" 304 - "-" "Googlebot-Image/1.0"
66.249.68.2 - - [17/Jan/2025:06:58:17 +0000] "GET /svg/cut-outline.svg HTTP/1.1" 200 934 "-" "Googlebot-Image/1.0"
66.249.68.1 - - [17/Jan/2025:07:07:13 +0000] "GET /svg/thumbs-up-sharp.svg HTTP/1.1" 200 370 "-" "Googlebot-Image/1.0"
51.8.102.45 - - [17/Jan/2025:07:12:31 +0000] "GET /robots.txt HTTP/1.1" 404 196 "-" "Mozilla/5.0 AppleWebKit/537.36 (KHTML, like Gecko); compatible; OAI-SearchBot/1.0; +https://openai.com/searchbot"
66.249.68.2 - - [17/Jan/2025:09:30:11 +0000] "GET / HTTP/1.1" 200 214 "-" "Mozilla/5.0 (compatible; Googlebot/2.1; +http://www.google.com/bot.html)"
66.249.68.8 - - [17/Jan/2025:09:37:38 +0000] "GET / HTTP/1.1" 200 214 "-" "Mozilla/5.0 (compatible; Googlebot/2.1; +http://www.google.com/bot.html)"
66.249.68.1 - - [17/Jan/2025:09:54:35 +0000] "GET /assets/UNEX.png HTTP/1.1" 304 - "-" "Googlebot-Image/1.0"
66.249.68.2 - - [17/Jan/2025:12:28:47 +0000] "GET /svg/disc-outline.svg HTTP/1.1" 200 346 "-" "Googlebot-Image/1.0"
66.249.79.33 - - [17/Jan/2025:13:14:48 +0000] "GET /svg/bookmark-sharp.svg HTTP/1.1" 200 153 "-" "Googlebot-Image/1.0"
66.249.68.35 - - [17/Jan/2025:16:20:48 +0000] "GET /svg/caret-down-circle-sharp.svg HTTP/1.1" 200 250 "-" "Googlebot-Image/1.0"
51.8.102.56 - - [17/Jan/2025:23:14:56 +0000] "GET /robots.txt HTTP/1.1" 404 196 "-" "Mozilla/5.0 AppleWebKit/537.36 (KHTML, like Gecko); compatible; OAI-SearchBot/1.0; +https://openai.com/searchbot"
66.249.68.1 - - [17/Jan/2025:23:25:56 +0000] "GET /robots.txt HTTP/1.1" 404 196 "-" "Mozilla/5.0 (compatible; Googlebot/2.1; +http://www.google.com/bot.html)"
66.249.79.203 - - [17/Jan/2025:23:25:57 +0000] "GET /app-ads.txt HTTP/1.1" 404 196 "-" "Google-adstxt"
72.14.199.5 - - [18/Jan/2025:05:13:56 +0000] "GET / HTTP/1.1" 200 214 "-" "Mozilla/5.0 (X11; Linux x86_64) AppleWebKit/537.36 (KHTML, like Gecko) Chrome/131.0.6778.264 Safari/537.36 PlayStore-Google"
66.249.68.8 - - [18/Jan/2025:09:56:39 +0000] "GET / HTTP/1.1" 200 214 "-" "Mozilla/5.0 (compatible; Googlebot/2.1; +http://www.google.com/bot.html)"
51.8.102.102 - - [18/Jan/2025:15:13:41 +0000] "GET /robots.txt HTTP/1.1" 404 196 "-" "Mozilla/5.0 AppleWebKit/537.36 (KHTML, like Gecko); compatible; OAI-SearchBot/1.0; +https://openai.com/searchbot"
66.249.68.1 - - [18/Jan/2025:15:56:01 +0000] "GET /robots.txt HTTP/1.1" 404 196 "-" "Mozilla/5.0 (compatible; Googlebot/2.1; +http://www.google.com/bot.html)"
66.249.68.2 - - [18/Jan/2025:15:56:01 +0000] "GET /svg/people-circle-outline.svg HTTP/1.1" 200 1159 "-" "Googlebot-Image/1.0"
66.249.68.2 - - [18/Jan/2025:18:56:02 +0000] "GET /svg/library-outline.svg HTTP/1.1" 200 912 "-" "Googlebot-Image/1.0"
52.167.144.66 - - [18/Jan/2025:22:02:08 +0000] "GET /robots.txt HTTP/1.1" 404 196 "-" "Mozilla/5.0 AppleWebKit/537.36 (KHTML, like Gecko; compatible; bingbot/2.0; +http://www.bing.com/bingbot.htm) Chrome/116.0.1938.76 Safari/537.36"
52.167.144.17 - - [18/Jan/2025:22:02:16 +0000] "GET /svg/pencil-outline.svg HTTP/1.1" 200 365 "-" "Mozilla/5.0 AppleWebKit/537.36 (KHTML, like Gecko; compatible; bingbot/2.0; +http://www.bing.com/bingbot.htm) Chrome/116.0.1938.76 Safari/537.36"
66.249.68.1 - - [18/Jan/2025:23:26:07 +0000] "GET /app-ads.txt HTTP/1.1" 404 196 "-" "Google-adstxt"
74.125.150.1 - - [19/Jan/2025:04:52:05 +0000] "GET / HTTP/1.1" 200 214 "-" "Mozilla/5.0 (X11; Linux x86_64) AppleWebKit/537.36 (KHTML, like Gecko) Chrome/131.0.6778.264 Safari/537.36 PlayStore-Google"
66.249.68.8 - - [19/Jan/2025:05:18:15 +0000] "GET /robots.txt HTTP/1.1" 404 196 "-" "Mozilla/5.0 (compatible; Googlebot/2.1; +http://www.google.com/bot.html)"
66.249.68.8 - - [19/Jan/2025:05:18:15 +0000] "GET /svg/ear-sharp.svg HTTP/1.1" 200 708 "-" "Googlebot-Image/1.0"
51.8.102.182 - - [19/Jan/2025:07:10:10 +0000] "GET /robots.txt HTTP/1.1" 404 196 "-" "Mozilla/5.0 AppleWebKit/537.36 (KHTML, like Gecko); compatible; OAI-SearchBot/1.0; +https://openai.com/searchbot"
66.249.68.2 - - [19/Jan/2025:08:19:15 +0000] "GET /svg/logo-apple-appstore.svg HTTP/1.1" 200 1044 "-" "Googlebot-Image/1.0"
66.249.68.1 - - [19/Jan/2025:08:36:40 +0000] "GET /svg/cut-outline.svg HTTP/1.1" 200 934 "-" "Googlebot-Image/1.0"
66.249.68.2 - - [19/Jan/2025:08:41:15 +0000] "GET /assets/cor.png HTTP/1.1" 304 - "-" "Googlebot-Image/1.0"
66.249.68.2 - - [19/Jan/2025:09:13:46 +0000] "GET / HTTP/1.1" 200 214 "-" "Mozilla/5.0 (compatible; Googlebot/2.1; +http://www.google.com/bot.html)"
66.249.68.2 - - [19/Jan/2025:09:32:10 +0000] "GET /svg/thumbs-up-sharp.svg HTTP/1.1" 200 370 "-" "Googlebot-Image/1.0"
138.68.253.151 - - [19/Jan/2025:11:34:58 +0000] "GET /app-ads.txt HTTP/1.1" 404 196 "-" "Mozilla/5.0 (Windows NT 10.0; Win64; x64) AppleWebKit/537.36 (KHTML, like Gecko) Chrome/85.0.4183.121 Safari/537.36"
138.68.253.151 - - [19/Jan/2025:11:34:59 +0000] "GET /app-ads.txt HTTP/1.1" 404 196 "-" "Mozilla/5.0 (Windows NT 10.0; Win64; x64) AppleWebKit/537.36 (KHTML, like Gecko) Chrome/85.0.4183.121 Safari/537.36"
138.68.253.151 - - [19/Jan/2025:11:35:00 +0000] "GET /app-ads.txt HTTP/1.1" 404 196 "-" "Mozilla/5.0 (Windows NT 10.0; Win64; x64) AppleWebKit/537.36 (KHTML, like Gecko) Chrome/85.0.4183.121 Safari/537.36"
138.68.253.151 - - [19/Jan/2025:11:35:00 +0000] "GET /app-ads.txt HTTP/1.1" 404 196 "-" "Mozilla/5.0 (Windows NT 10.0; Win64; x64) AppleWebKit/537.36 (KHTML, like Gecko) Chrome/85.0.4183.121 Safari/537.36"
138.68.253.151 - - [19/Jan/2025:11:35:01 +0000] "GET /app-ads.txt HTTP/1.1" 404 196 "-" "Mozilla/5.0 (Windows NT 10.0; Win64; x64) AppleWebKit/537.36 (KHTML, like Gecko) Chrome/85.0.4183.121 Safari/537.36"
66.249.68.8 - - [19/Jan/2025:11:36:40 +0000] "GET /assets/uex.jpeg HTTP/1.1" 304 - "-" "Googlebot-Image/1.0"
66.249.68.1 - - [19/Jan/2025:12:45:10 +0000] "GET /svg/disc-outline.svg HTTP/1.1" 200 346 "-" "Googlebot-Image/1.0"
66.249.68.68 - - [19/Jan/2025:14:36:40 +0000] "GET /assets/shapes.svg HTTP/1.1" 304 - "-" "Googlebot-Image/1.0"
66.249.79.8 - - [19/Jan/2025:15:32:13 +0000] "GET /svg/bookmark-sharp.svg HTTP/1.1" 200 153 "-" "Googlebot-Image/1.0"
66.249.79.162 - - [19/Jan/2025:18:32:10 +0000] "GET /robots.txt HTTP/1.1" 404 196 "-" "Mozilla/5.0 (compatible; Googlebot/2.1; +http://www.google.com/bot.html)"
66.249.79.162 - - [19/Jan/2025:18:32:11 +0000] "GET /svg/caret-down-circle-sharp.svg HTTP/1.1" 200 250 "-" "Googlebot-Image/1.0"
66.249.79.162 - - [19/Jan/2025:22:56:25 +0000] "GET /app-ads.txt HTTP/1.1" 404 196 "-" "Google-adstxt"
51.8.102.150 - - [19/Jan/2025:23:15:24 +0000] "GET /robots.txt HTTP/1.1" 404 196 "-" "Mozilla/5.0 AppleWebKit/537.36 (KHTML, like Gecko); compatible; OAI-SearchBot/1.0; +https://openai.com/searchbot"
