66.249.68.1 - - [11/Feb/2025:09:50:43 +0000] "GET / HTTP/1.1" 200 214 "-" "Mozilla/5.0 (compatible; Googlebot/2.1; +http://www.google.com/bot.html)"
66.249.68.2 - - [11/Feb/2025:09:51:59 +0000] "GET / HTTP/1.1" 200 214 "-" "Mozilla/5.0 (compatible; Googlebot/2.1; +http://www.google.com/bot.html)"
66.249.68.1 - - [11/Feb/2025:11:10:08 +0000] "GET /svg/ear-sharp.svg HTTP/1.1" 200 708 "-" "Googlebot-Image/1.0"
66.249.68.2 - - [11/Feb/2025:12:07:56 +0000] "GET /app-ads.txt HTTP/1.1" 404 196 "-" "Google-adstxt"
51.8.102.150 - - [11/Feb/2025:13:00:08 +0000] "GET /robots.txt HTTP/1.1" 404 196 "-" "Mozilla/5.0 (Macintosh; Intel Mac OS X 10_15_7) AppleWebKit/537.36 (KHTML, like Gecko) Chrome/131.0.0.0 Safari/537.36; compatible; OAI-SearchBot/1.0; +https://openai.com/searchbot"
181.214.153.15 - - [11/Feb/2025:22:04:03 +0000] "GET /requests.log HTTP/1.1" 200 35990 "-" "Mozilla/5.0 (Windows NT 11.0; Win64; x64) AppleWebKit/537.36 (KHTML, like Gecko) Chrome/131.0.6778.265 Safari/537.36"
66.249.68.8 - - [12/Feb/2025:02:07:13 +0000] "GET /robots.txt HTTP/1.1" 404 196 "-" "Mozilla/5.0 (compatible; Googlebot/2.1; +http://www.google.com/bot.html)"
66.249.68.2 - - [12/Feb/2025:02:07:14 +0000] "GET /svg/cut-outline.svg HTTP/1.1" 200 934 "-" "Googlebot-Image/1.0"
74.125.150.8 - - [12/Feb/2025:02:15:55 +0000] "GET / HTTP/1.1" 200 214 "-" "Mozilla/5.0 (X11; Linux x86_64) AppleWebKit/537.36 (KHTML, like Gecko) Chrome/131.0.6778.264 Safari/537.36 PlayStore-Google"
51.8.102.196 - - [12/Feb/2025:04:57:49 +0000] "GET /robots.txt HTTP/1.1" 404 196 "-" "Mozilla/5.0 (Macintosh; Intel Mac OS X 10_15_7) AppleWebKit/537.36 (KHTML, like Gecko) Chrome/131.0.0.0 Safari/537.36; compatible; OAI-SearchBot/1.0; +https://openai.com/searchbot"
66.249.68.1 - - [12/Feb/2025:05:07:14 +0000] "GET /assets/UNEX.png HTTP/1.1" 304 - "-" "Googlebot-Image/1.0"
66.249.68.2 - - [12/Feb/2025:09:24:34 +0000] "GET / HTTP/1.1" 200 214 "-" "Mozilla/5.0 (compatible; Googlebot/2.1; +http://www.google.com/bot.html)"
66.249.68.1 - - [12/Feb/2025:09:38:09 +0000] "GET / HTTP/1.1" 200 214 "-" "Mozilla/5.0 (compatible; Googlebot/2.1; +http://www.google.com/bot.html)"
66.249.68.2 - - [12/Feb/2025:11:38:23 +0000] "GET /app-ads.txt HTTP/1.1" 404 196 "-" "Google-adstxt"
51.8.102.56 - - [12/Feb/2025:21:02:35 +0000] "GET /robots.txt HTTP/1.1" 404 196 "-" "Mozilla/5.0 (Macintosh; Intel Mac OS X 10_15_7) AppleWebKit/537.36 (KHTML, like Gecko) Chrome/131.0.0.0 Safari/537.36; compatible; OAI-SearchBot/1.0; +https://openai.com/searchbot"
74.125.150.1 - - [13/Feb/2025:00:42:35 +0000] "GET / HTTP/1.1" 200 214 "-" "Mozilla/5.0 (X11; Linux x86_64) AppleWebKit/537.36 (KHTML, like Gecko) Chrome/131.0.6778.264 Safari/537.36 PlayStore-Google"
66.249.79.101 - - [13/Feb/2025:03:15:58 +0000] "GET /robots.txt HTTP/1.1" 404 196 "-" "Mozilla/5.0 (compatible; Googlebot/2.1; +http://www.google.com/bot.html)"
66.249.68.33 - - [13/Feb/2025:03:15:58 +0000] "GET /svg/people-circle-outline.svg HTTP/1.1" 200 1159 "-" "Googlebot-Image/1.0"
66.249.79.37 - - [13/Feb/2025:04:45:58 +0000] "GET /svg/logo-apple-appstore.svg HTTP/1.1" 200 1044 "-" "Googlebot-Image/1.0"
66.249.79.203 - - [13/Feb/2025:06:15:58 +0000] "GET /svg/caret-down-circle-sharp.svg HTTP/1.1" 200 250 "-" "Googlebot-Image/1.0"
66.249.68.2 - - [13/Feb/2025:07:45:58 +0000] "GET /svg/library-outline.svg HTTP/1.1" 200 912 "-" "Googlebot-Image/1.0"
66.249.79.2 - - [13/Feb/2025:09:15:58 +0000] "GET /svg/thumbs-up-sharp.svg HTTP/1.1" 200 370 "-" "Googlebot-Image/1.0"
66.249.68.1 - - [13/Feb/2025:09:32:27 +0000] "GET / HTTP/1.1" 200 214 "-" "Mozilla/5.0 (compatible; Googlebot/2.1; +http://www.google.com/bot.html)"
66.249.68.2 - - [13/Feb/2025:10:45:58 +0000] "GET /svg/bookmark-sharp.svg HTTP/1.1" 200 153 "-" "Googlebot-Image/1.0"
66.249.68.1 - - [13/Feb/2025:11:09:03 +0000] "GET /app-ads.txt HTTP/1.1" 404 196 "-" "Google-adstxt"
66.249.68.1 - - [13/Feb/2025:12:15:58 +0000] "GET /svg/disc-outline.svg HTTP/1.1" 200 346 "-" "Googlebot-Image/1.0"
51.8.102.150 - - [13/Feb/2025:13:04:12 +0000] "GET /robots.txt HTTP/1.1" 404 196 "-" "Mozilla/5.0 (Macintosh; Intel Mac OS X 10_15_7) AppleWebKit/537.36 (KHTML, like Gecko) Chrome/131.0.0.0 Safari/537.36; compatible; OAI-SearchBot/1.0; +https://openai.com/searchbot"
66.249.68.1 - - [13/Feb/2025:13:45:58 +0000] "GET /svg/ear-sharp.svg HTTP/1.1" 200 708 "-" "Googlebot-Image/1.0"
74.125.150.2 - - [14/Feb/2025:01:44:46 +0000] "GET / HTTP/1.1" 200 214 "-" "Mozilla/5.0 (X11; Linux x86_64) AppleWebKit/537.36 (KHTML, like Gecko) Chrome/131.0.6778.264 Safari/537.36 PlayStore-Google"
66.249.68.2 - - [14/Feb/2025:03:18:27 +0000] "GET /robots.txt HTTP/1.1" 404 196 "-" "Mozilla/5.0 (compatible; Googlebot/2.1; +http://www.google.com/bot.html)"
66.249.68.8 - - [14/Feb/2025:03:18:27 +0000] "GET /assets/shapes.svg HTTP/1.1" 304 - "-" "Googlebot-Image/1.0"
51.8.102.150 - - [14/Feb/2025:05:01:17 +0000] "GET /robots.txt HTTP/1.1" 404 196 "-" "Mozilla/5.0 (Macintosh; Intel Mac OS X 10_15_7) AppleWebKit/537.36 (KHTML, like Gecko) Chrome/131.0.0.0 Safari/537.36; compatible; OAI-SearchBot/1.0; +https://openai.com/searchbot"
66.249.68.1 - - [14/Feb/2025:06:18:27 +0000] "GET /svg/cut-outline.svg HTTP/1.1" 200 934 "-" "Googlebot-Image/1.0"
66.249.68.1 - - [14/Feb/2025:09:06:54 +0000] "GET / HTTP/1.1" 200 214 "-" "Mozilla/5.0 (compatible; Googlebot/2.1; +http://www.google.com/bot.html)"
66.249.68.1 - - [14/Feb/2025:09:07:33 +0000] "GET / HTTP/1.1" 200 214 "-" "Mozilla/5.0 (compatible; Googlebot/2.1; +http://www.google.com/bot.html)"
66.249.68.2 - - [14/Feb/2025:09:18:27 +0000] "GET /assets/uex2.png HTTP/1.1" 304 - "-" "Googlebot-Image/1.0"
66.249.68.8 - - [14/Feb/2025:10:39:24 +0000] "GET /app-ads.txt HTTP/1.1" 404 196 "-" "Google-adstxt"
66.249.68.8 - - [14/Feb/2025:12:08:22 +0000] "GET /assets/cor.png HTTP/1.1" 304 - "-" "Googlebot-Image/1.0"
51.8.102.100 - - [14/Feb/2025:21:01:38 +0000] "GET /robots.txt HTTP/1.1" 404 196 "-" "Mozilla/5.0 (Macintosh; Intel Mac OS X 10_15_7) AppleWebKit/537.36 (KHTML, like Gecko) Chrome/131.0.0.0 Safari/537.36; compatible; OAI-SearchBot/1.0; +https://openai.com/searchbot"
74.125.150.2 - - [15/Feb/2025:00:34:28 +0000] "GET / HTTP/1.1" 200 214 "-" "Mozilla/5.0 (X11; Linux x86_64) AppleWebKit/537.36 (KHTML, like Gecko) Chrome/133.0.6943.53 Safari/537.36 PlayStore-Google"
66.249.68.1 - - [15/Feb/2025:09:47:59 +0000] "GET /robots.txt HTTP/1.1" 404 196 "-" "Mozilla/5.0 (compatible; Googlebot/2.1; +http://www.google.com/bot.html)"
66.249.68.1 - - [15/Feb/2025:09:47:59 +0000] "GET / HTTP/1.1" 200 214 "-" "Mozilla/5.0 (compatible; Googlebot/2.1; +http://www.google.com/bot.html)"
66.249.68.8 - - [15/Feb/2025:09:51:31 +0000] "GET / HTTP/1.1" 200 214 "-" "Mozilla/5.0 (compatible; Googlebot/2.1; +http://www.google.com/bot.html)"
66.249.68.1 - - [15/Feb/2025:10:09:33 +0000] "GET /app-ads.txt HTTP/1.1" 404 196 "-" "Google-adstxt"
159.65.74.233 - - [15/Feb/2025:11:39:15 +0000] "GET /app-ads.txt HTTP/1.1" 404 196 "-" "Mozilla/5.0 (Windows NT 10.0; Win64; x64) AppleWebKit/537.36 (KHTML, like Gecko) Chrome/85.0.4183.121 Safari/537.36"
159.65.74.233 - - [15/Feb/2025:11:39:16 +0000] "GET /app-ads.txt HTTP/1.1" 404 196 "-" "Mozilla/5.0 (Windows NT 10.0; Win64; x64) AppleWebKit/537.36 (KHTML, like Gecko) Chrome/85.0.4183.121 Safari/537.36"
159.65.74.233 - - [15/Feb/2025:11:39:16 +0000] "GET /app-ads.txt HTTP/1.1" 404 196 "-" "Mozilla/5.0 (Windows NT 10.0; Win64; x64) AppleWebKit/537.36 (KHTML, like Gecko) Chrome/85.0.4183.121 Safari/537.36"
159.65.74.233 - - [15/Feb/2025:11:39:17 +0000] "GET /app-ads.txt HTTP/1.1" 404 196 "-" "Mozilla/5.0 (Windows NT 10.0; Win64; x64) AppleWebKit/537.36 (KHTML, like Gecko) Chrome/85.0.4183.121 Safari/537.36"
159.65.74.233 - - [15/Feb/2025:11:39:18 +0000] "GET /app-ads.txt HTTP/1.1" 404 196 "-" "Mozilla/5.0 (Windows NT 10.0; Win64; x64) AppleWebKit/537.36 (KHTML, like Gecko) Chrome/85.0.4183.121 Safari/537.36"
51.8.102.45 - - [15/Feb/2025:13:02:26 +0000] "GET /robots.txt HTTP/1.1" 404 196 "-" "Mozilla/5.0 (Macintosh; Intel Mac OS X 10_15_7) AppleWebKit/537.36 (KHTML, like Gecko) Chrome/131.0.0.0 Safari/537.36; compatible; OAI-SearchBot/1.0; +https://openai.com/searchbot"
66.249.68.2 - - [15/Feb/2025:21:47:47 +0000] "GET /svg/caret-down-circle-sharp.svg HTTP/1.1" 200 250 "-" "Googlebot-Image/1.0"
66.249.68.2 - - [16/Feb/2025:00:47:47 +0000] "GET /robots.txt HTTP/1.1" 404 196 "-" "Mozilla/5.0 (compatible; Googlebot/2.1; +http://www.google.com/bot.html)"
66.249.68.2 - - [16/Feb/2025:00:47:47 +0000] "GET /svg/bookmark-sharp.svg HTTP/1.1" 200 153 "-" "Googlebot-Image/1.0"
74.125.150.8 - - [16/Feb/2025:03:00:36 +0000] "GET / HTTP/1.1" 200 214 "-" "Mozilla/5.0 (X11; Linux x86_64) AppleWebKit/537.36 (KHTML, like Gecko) Chrome/133.0.6943.53 Safari/537.36 PlayStore-Google"
66.249.68.1 - - [16/Feb/2025:03:55:47 +0000] "GET /svg/ear-sharp.svg HTTP/1.1" 200 708 "-" "Googlebot-Image/1.0"
87.250.224.227 - - [16/Feb/2025:04:49:14 +0000] "GET /robots.txt HTTP/1.1" 404 196 "-" "Mozilla/5.0 (compatible; YandexBot/3.0; +http://yandex.com/bots)"
95.108.213.121 - - [16/Feb/2025:04:49:15 +0000] "GET /assets/data/ HTTP/1.1" 200 203 "-" "Mozilla/5.0 (compatible; YandexBot/3.0; +http://yandex.com/bots)"
5.255.231.178 - - [16/Feb/2025:04:49:16 +0000] "GET /assets/icon/ HTTP/1.1" 200 216 "-" "Mozilla/5.0 (compatible; YandexBot/3.0; +http://yandex.com/bots)"
213.180.203.48 - - [16/Feb/2025:04:50:09 +0000] "GET /assets/icon/cow.png HTTP/1.1" 200 4184 "-" "Mozilla/5.0 (compatible; YandexImages/3.0; +http://yandex.com/bots)"
95.108.213.181 - - [16/Feb/2025:04:50:09 +0000] "GET /assets/icon/agua.png HTTP/1.1" 200 796 "-" "Mozilla/5.0 (compatible; YandexImages/3.0; +http://yandex.com/bots)"
95.108.213.95 - - [16/Feb/2025:04:50:11 +0000] "GET /assets/icon/favicon.png HTTP/1.1" 200 930 "-" "Mozilla/5.0 (compatible; YandexImages/3.0; +http://yandex.com/bots)"
51.8.102.246 - - [16/Feb/2025:04:59:40 +0000] "GET /robots.txt HTTP/1.1" 404 196 "-" "Mozilla/5.0 (Macintosh; Intel Mac OS X 10_15_7) AppleWebKit/537.36 (KHTML, like Gecko) Chrome/131.0.0.0 Safari/537.36; compatible; OAI-SearchBot/1.0; +https://openai.com/searchbot"
66.249.68.1 - - [16/Feb/2025:06:47:47 +0000] "GET /svg/library-outline.svg HTTP/1.1" 200 912 "-" "Googlebot-Image/1.0"
87.250.224.3 - - [16/Feb/2025:08:49:14 +0000] "GET /robots.txt HTTP/1.1" 404 196 "-" "Mozilla/5.0 (compatible; YandexBot/3.0; +http://yandex.com/bots)"
66.249.68.1 - - [16/Feb/2025:09:40:10 +0000] "GET /app-ads.txt HTTP/1.1" 404 196 "-" "Google-adstxt"
66.249.68.1 - - [16/Feb/2025:09:49:47 +0000] "GET /svg/thumbs-up-sharp.svg HTTP/1.1" 200 370 "-" "Googlebot-Image/1.0"
66.249.68.8 - - [16/Feb/2025:10:12:11 +0000] "GET /svg/cut-outline.svg HTTP/1.1" 200 934 "-" "Googlebot-Image/1.0"
66.249.68.1 - - [16/Feb/2025:11:42:11 +0000] "GET /assets/fondo2.png HTTP/1.1" 304 - "-" "Googlebot-Image/1.0"
66.249.68.2 - - [16/Feb/2025:12:51:47 +0000] "GET /robots.txt HTTP/1.1" 404 196 "-" "Mozilla/5.0 (compatible; Googlebot/2.1; +http://www.google.com/bot.html)"
66.249.68.8 - - [16/Feb/2025:12:51:47 +0000] "GET /svg/logo-apple-appstore.svg HTTP/1.1" 200 1044 "-" "Googlebot-Image/1.0"
66.249.68.1 - - [16/Feb/2025:13:12:11 +0000] "GET /assets/fondo.png HTTP/1.1" 304 - "-" "Googlebot-Image/1.0"
66.249.68.8 - - [16/Feb/2025:14:42:11 +0000] "GET /assets/uex.jpeg HTTP/1.1" 304 - "-" "Googlebot-Image/1.0"
66.249.68.2 - - [16/Feb/2025:15:50:47 +0000] "GET /svg/people-circle-outline.svg HTTP/1.1" 200 1159 "-" "Googlebot-Image/1.0"
66.249.68.2 - - [16/Feb/2025:18:53:47 +0000] "GET /svg/disc-outline.svg HTTP/1.1" 200 346 "-" "Googlebot-Image/1.0"
51.8.102.196 - - [16/Feb/2025:21:04:08 +0000] "GET /robots.txt HTTP/1.1" 404 196 "-" "Mozilla/5.0 (Macintosh; Intel Mac OS X 10_15_7) AppleWebKit/537.36 (KHTML, like Gecko) Chrome/131.0.0.0 Safari/537.36; compatible; OAI-SearchBot/1.0; +https://openai.com/searchbot"
74.125.150.2 - - [17/Feb/2025:03:15:56 +0000] "GET / HTTP/1.1" 200 214 "-" "Mozilla/5.0 (X11; Linux x86_64) AppleWebKit/537.36 (KHTML, like Gecko) Chrome/133.0.6943.53 Safari/537.36 PlayStore-Google"
66.249.68.1 - - [17/Feb/2025:09:10:43 +0000] "GET /robots.txt HTTP/1.1" 404 196 "-" "Mozilla/5.0 (compatible; Googlebot/2.1; +http://www.google.com/bot.html)"
66.249.68.1 - - [17/Feb/2025:09:10:43 +0000] "GET /app-ads.txt HTTP/1.1" 404 196 "-" "Google-adstxt"
51.8.102.196 - - [17/Feb/2025:13:07:44 +0000] "GET /robots.txt HTTP/1.1" 404 196 "-" "Mozilla/5.0 (Macintosh; Intel Mac OS X 10_15_7) AppleWebKit/537.36 (KHTML, like Gecko) Chrome/131.0.0.0 Safari/537.36; compatible; OAI-SearchBot/1.0; +https://openai.com/searchbot"
66.249.68.8 - - [18/Feb/2025:02:40:05 +0000] "GET /robots.txt HTTP/1.1" 404 196 "-" "Mozilla/5.0 (compatible; Googlebot/2.1; +http://www.google.com/bot.html)"
66.249.68.8 - - [18/Feb/2025:02:40:05 +0000] "GET /svg/caret-down-circle-sharp.svg HTTP/1.1" 200 250 "-" "Googlebot-Image/1.0"
74.125.150.1 - - [18/Feb/2025:02:56:44 +0000] "GET / HTTP/1.1" 200 214 "-" "Mozilla/5.0 (X11; Linux x86_64) AppleWebKit/537.36 (KHTML, like Gecko) Chrome/133.0.6943.53 Safari/537.36 PlayStore-Google"
51.8.102.55 - - [18/Feb/2025:05:05:08 +0000] "GET /robots.txt HTTP/1.1" 404 196 "-" "Mozilla/5.0 (Macintosh; Intel Mac OS X 10_15_7) AppleWebKit/537.36 (KHTML, like Gecko) Chrome/131.0.0.0 Safari/537.36; compatible; OAI-SearchBot/1.0; +https://openai.com/searchbot"
66.249.68.1 - - [18/Feb/2025:05:40:05 +0000] "GET /svg/bookmark-sharp.svg HTTP/1.1" 200 153 "-" "Googlebot-Image/1.0"
66.249.68.8 - - [18/Feb/2025:08:41:14 +0000] "GET /app-ads.txt HTTP/1.1" 404 196 "-" "Google-adstxt"
66.249.68.8 - - [18/Feb/2025:13:15:18 +0000] "GET /svg/cut-outline.svg HTTP/1.1" 200 934 "-" "Googlebot-Image/1.0"
34.32.254.70 - - [18/Feb/2025:13:24:54 +0000] "GET /app-ads.txt HTTP/1.1" 404 196 "-" "Mozilla/5.0 (Macintosh; Intel Mac OS X 10_15_7) AppleWebKit/537.36 (KHTML, like Gecko) Chrome/128.0 Safari/537.36"
66.249.68.2 - - [18/Feb/2025:16:15:23 +0000] "GET /robots.txt HTTP/1.1" 404 196 "-" "Mozilla/5.0 (compatible; Googlebot/2.1; +http://www.google.com/bot.html)"
66.249.68.2 - - [18/Feb/2025:16:15:23 +0000] "GET /assets/uex3.png HTTP/1.1" 304 - "-" "Googlebot-Image/1.0"
66.249.68.2 - - [18/Feb/2025:17:40:20 +0000] "GET /assets/esp.jpeg HTTP/1.1" 304 - "-" "Googlebot-Image/1.0"
51.8.102.196 - - [18/Feb/2025:21:08:17 +0000] "GET /robots.txt HTTP/1.1" 404 196 "-" "Mozilla/5.0 (Macintosh; Intel Mac OS X 10_15_7) AppleWebKit/537.36 (KHTML, like Gecko) Chrome/131.0.0.0 Safari/537.36; compatible; OAI-SearchBot/1.0; +https://openai.com/searchbot"
138.199.56.236 - - [19/Feb/2025:01:42:15 +0000] "GET /requests.log HTTP/1.1" 200 36984 "-" "Mozilla/5.0 (Windows NT 11.0; Win64; x64) AppleWebKit/537.36 (KHTML, like Gecko) Chrome/131.0.6778.265 Safari/537.36"
66.249.68.8 - - [19/Feb/2025:02:01:48 +0000] "GET /svg/people-circle-outline.svg HTTP/1.1" 200 1159 "-" "Googlebot-Image/1.0"
66.249.68.2 - - [19/Feb/2025:02:41:51 +0000] "GET /svg/ear-sharp.svg HTTP/1.1" 200 708 "-" "Googlebot-Image/1.0"
66.249.68.1 - - [19/Feb/2025:03:41:51 +0000] "GET /svg/thumbs-up-sharp.svg HTTP/1.1" 200 370 "-" "Googlebot-Image/1.0"
74.125.150.8 - - [19/Feb/2025:04:21:16 +0000] "GET / HTTP/1.1" 200 214 "-" "Mozilla/5.0 (X11; Linux x86_64) AppleWebKit/537.36 (KHTML, like Gecko) Chrome/133.0.6943.53 Safari/537.36 PlayStore-Google"
66.249.68.1 - - [19/Feb/2025:04:41:53 +0000] "GET /robots.txt HTTP/1.1" 404 196 "-" "Mozilla/5.0 (compatible; Googlebot/2.1; +http://www.google.com/bot.html)"
66.249.68.1 - - [19/Feb/2025:04:41:54 +0000] "GET /svg/library-outline.svg HTTP/1.1" 200 912 "-" "Googlebot-Image/1.0"
66.249.68.1 - - [19/Feb/2025:05:41:51 +0000] "GET /svg/logo-apple-appstore.svg HTTP/1.1" 200 1044 "-" "Googlebot-Image/1.0"
66.249.68.1 - - [19/Feb/2025:06:41:51 +0000] "GET /svg/disc-outline.svg HTTP/1.1" 200 346 "-" "Googlebot-Image/1.0"
66.249.68.1 - - [19/Feb/2025:08:12:00 +0000] "GET /app-ads.txt HTTP/1.1" 404 196 "-" "Google-adstxt"
66.249.68.2 - - [19/Feb/2025:09:05:54 +0000] "GET / HTTP/1.1" 200 214 "-" "Mozilla/5.0 (compatible; Googlebot/2.1; +http://www.google.com/bot.html)"
66.249.68.2 - - [19/Feb/2025:09:24:54 +0000] "GET / HTTP/1.1" 200 214 "-" "Mozilla/5.0 (compatible; Googlebot/2.1; +http://www.google.com/bot.html)"
51.8.102.56 - - [19/Feb/2025:13:10:42 +0000] "GET /robots.txt HTTP/1.1" 404 196 "-" "Mozilla/5.0 (Macintosh; Intel Mac OS X 10_15_7) AppleWebKit/537.36 (KHTML, like Gecko) Chrome/131.0.0.0 Safari/537.36; compatible; OAI-SearchBot/1.0; +https://openai.com/searchbot"
74.125.150.8 - - [19/Feb/2025:22:35:46 +0000] "GET / HTTP/1.1" 200 214 "-" "Mozilla/5.0 (X11; Linux x86_64) AppleWebKit/537.36 (KHTML, like Gecko) Chrome/133.0.6943.53 Safari/537.36 PlayStore-Google"
51.8.102.246 - - [20/Feb/2025:05:07:59 +0000] "GET /robots.txt HTTP/1.1" 404 196 "-" "Mozilla/5.0 (Macintosh; Intel Mac OS X 10_15_7) AppleWebKit/537.36 (KHTML, like Gecko) Chrome/131.0.0.0 Safari/537.36; compatible; OAI-SearchBot/1.0; +https://openai.com/searchbot"
66.249.68.2 - - [20/Feb/2025:05:12:20 +0000] "GET /robots.txt HTTP/1.1" 404 196 "-" "Mozilla/5.0 (compatible; Googlebot/2.1; +http://www.google.com/bot.html)"
66.249.68.2 - - [20/Feb/2025:05:12:20 +0000] "GET /svg/caret-down-circle-sharp.svg HTTP/1.1" 200 250 "-" "Googlebot-Image/1.0"
66.249.68.1 - - [20/Feb/2025:06:45:20 +0000] "GET /svg/bookmark-sharp.svg HTTP/1.1" 200 153 "-" "Googlebot-Image/1.0"
66.249.68.2 - - [20/Feb/2025:07:42:21 +0000] "GET /app-ads.txt HTTP/1.1" 404 196 "-" "Google-adstxt"
66.249.68.8 - - [20/Feb/2025:08:47:52 +0000] "GET / HTTP/1.1" 200 214 "-" "Mozilla/5.0 (compatible; Googlebot/2.1; +http://www.google.com/bot.html)"
66.249.68.2 - - [20/Feb/2025:08:52:18 +0000] "GET / HTTP/1.1" 200 214 "-" "Mozilla/5.0 (compatible; Googlebot/2.1; +http://www.google.com/bot.html)"
134.209.172.1 - - [20/Feb/2025:09:49:39 +0000] "GET /app-ads.txt HTTP/1.1" 404 196 "-" "Mozilla/5.0 (Macintosh; Intel Mac OS X 10_11_3) AppleWebKit/537.36 (KHTML, like Gecko) Chrome/48.0.2564.109 Safari/537.36"
134.209.172.1 - - [20/Feb/2025:09:49:39 +0000] "GET /ads.txt HTTP/1.1" 404 196 "-" "Mozilla/5.0 (Macintosh; Intel Mac OS X 10_11_3) AppleWebKit/537.36 (KHTML, like Gecko) Chrome/48.0.2564.109 Safari/537.36"
66.249.68.8 - - [20/Feb/2025:15:08:28 +0000] "GET /svg/cut-outline.svg HTTP/1.1" 200 934 "-" "Googlebot-Image/1.0"
66.249.68.2 - - [20/Feb/2025:19:11:28 +0000] "GET /robots.txt HTTP/1.1" 404 196 "-" "Mozilla/5.0 (compatible; Googlebot/2.1; +http://www.google.com/bot.html)"
66.249.68.2 - - [20/Feb/2025:19:11:28 +0000] "GET /assets/esp2.jpg HTTP/1.1" 304 - "-" "Googlebot-Image/1.0"
66.249.68.8 - - [20/Feb/2025:21:11:31 +0000] "GET /assets/papel.jpg HTTP/1.1" 304 - "-" "Googlebot-Image/1.0"
51.8.102.100 - - [20/Feb/2025:21:21:53 +0000] "GET /robots.txt HTTP/1.1" 404 196 "-" "Mozilla/5.0 (Macintosh; Intel Mac OS X 10_15_7) AppleWebKit/537.36 (KHTML, like Gecko) Chrome/131.0.0.0 Safari/537.36; compatible; OAI-SearchBot/1.0; +https://openai.com/searchbot"
74.125.150.8 - - [20/Feb/2025:23:10:05 +0000] "GET / HTTP/1.1" 200 214 "-" "Mozilla/5.0 (X11; Linux x86_64) AppleWebKit/537.36 (KHTML, like Gecko) Chrome/133.0.6943.53 Safari/537.36 PlayStore-Google"
66.249.68.1 - - [21/Feb/2025:04:41:39 +0000] "GET /svg/people-circle-outline.svg HTTP/1.1" 200 1159 "-" "Googlebot-Image/1.0"
66.249.68.8 - - [21/Feb/2025:05:42:39 +0000] "GET /svg/library-outline.svg HTTP/1.1" 200 912 "-" "Googlebot-Image/1.0"
66.249.68.2 - - [21/Feb/2025:06:42:39 +0000] "GET /svg/logo-apple-appstore.svg HTTP/1.1" 200 1044 "-" "Googlebot-Image/1.0"
66.249.68.8 - - [21/Feb/2025:07:12:44 +0000] "GET /app-ads.txt HTTP/1.1" 404 196 "-" "Google-adstxt"
66.249.68.1 - - [21/Feb/2025:07:12:44 +0000] "GET /robots.txt HTTP/1.1" 404 196 "-" "Mozilla/5.0 (compatible; Googlebot/2.1; +http://www.google.com/bot.html)"
66.249.68.1 - - [21/Feb/2025:07:35:44 +0000] "GET /svg/disc-outline.svg HTTP/1.1" 200 346 "-" "Googlebot-Image/1.0"
66.249.68.8 - - [21/Feb/2025:08:11:39 +0000] "GET /svg/ear-sharp.svg HTTP/1.1" 200 708 "-" "Googlebot-Image/1.0"
66.249.68.2 - - [21/Feb/2025:09:24:45 +0000] "GET / HTTP/1.1" 200 214 "-" "Mozilla/5.0 (compatible; Googlebot/2.1; +http://www.google.com/bot.html)"
66.249.68.2 - - [21/Feb/2025:09:41:42 +0000] "GET / HTTP/1.1" 200 214 "-" "Mozilla/5.0 (compatible; Googlebot/2.1; +http://www.google.com/bot.html)"
66.249.68.2 - - [21/Feb/2025:10:13:45 +0000] "GET /svg/thumbs-up-sharp.svg HTTP/1.1" 200 370 "-" "Googlebot-Image/1.0"
40.77.167.108 - - [21/Feb/2025:12:08:25 +0000] "GET /robots.txt HTTP/1.1" 404 196 "-" "Mozilla/5.0 AppleWebKit/537.36 (KHTML, like Gecko; compatible; bingbot/2.0; +http://www.bing.com/bingbot.htm) Chrome/116.0.1938.76 Safari/537.36"
40.77.167.0 - - [21/Feb/2025:12:08:34 +0000] "GET /svg/chatbox-ellipses.svg HTTP/1.1" 200 400 "-" "Mozilla/5.0 AppleWebKit/537.36 (KHTML, like Gecko; compatible; bingbot/2.0; +http://www.bing.com/bingbot.htm) Chrome/116.0.1938.76 Safari/537.36"
51.8.102.94 - - [21/Feb/2025:13:23:53 +0000] "GET /robots.txt HTTP/1.1" 404 196 "-" "Mozilla/5.0 (Macintosh; Intel Mac OS X 10_15_7) AppleWebKit/537.36 (KHTML, like Gecko) Chrome/131.0.0.0 Safari/537.36; compatible; OAI-SearchBot/1.0; +https://openai.com/searchbot"
40.77.167.71 - - [21/Feb/2025:14:30:37 +0000] "GET /svg/repeat-outline.svg HTTP/1.1" 200 540 "-" "Mozilla/5.0 AppleWebKit/537.36 (KHTML, like Gecko; compatible; bingbot/2.0; +http://www.bing.com/bingbot.htm) Chrome/116.0.1938.76 Safari/537.36"
40.77.167.21 - - [21/Feb/2025:15:22:14 +0000] "GET /svg/checkmark-done-circle-sharp.svg HTTP/1.1" 200 383 "-" "Mozilla/5.0 AppleWebKit/537.36 (KHTML, like Gecko; compatible; bingbot/2.0; +http://www.bing.com/bingbot.htm) Chrome/116.0.1938.76 Safari/537.36"
52.167.144.137 - - [21/Feb/2025:16:13:38 +0000] "GET /svg/golf.svg HTTP/1.1" 200 518 "-" "Mozilla/5.0 AppleWebKit/537.36 (KHTML, like Gecko; compatible; bingbot/2.0; +http://www.bing.com/bingbot.htm) Chrome/116.0.1938.76 Safari/537.36"
52.167.144.140 - - [21/Feb/2025:18:10:00 +0000] "GET /svg/information-circle-sharp.svg HTTP/1.1" 200 297 "-" "Mozilla/5.0 AppleWebKit/537.36 (KHTML, like Gecko; compatible; bingbot/2.0; +http://www.bing.com/bingbot.htm) Chrome/116.0.1938.76 Safari/537.36"
52.167.144.216 - - [21/Feb/2025:18:38:52 +0000] "GET /svg/footsteps-outline.svg HTTP/1.1" 200 748 "-" "Mozilla/5.0 AppleWebKit/537.36 (KHTML, like Gecko; compatible; bingbot/2.0; +http://www.bing.com/bingbot.htm) Chrome/116.0.1938.76 Safari/537.36"
52.167.144.238 - - [21/Feb/2025:19:36:09 +0000] "GET /svg/chevron-back-circle-outline.svg HTTP/1.1" 200 400 "-" "Mozilla/5.0 AppleWebKit/537.36 (KHTML, like Gecko; compatible; bingbot/2.0; +http://www.bing.com/bingbot.htm) Chrome/116.0.1938.76 Safari/537.36"
193.41.206.98 - - [21/Feb/2025:19:37:26 +0000] "GET /id_rsa HTTP/1.1" 404 196 "-" "-"
193.41.206.98 - - [21/Feb/2025:19:37:26 +0000] "GET /id_rsa.pub HTTP/1.1" 404 196 "-" "-"
193.41.206.98 - - [21/Feb/2025:19:37:26 +0000] "GET /.ssh/id_rsa HTTP/1.1" 404 196 "-" "-"
193.41.206.98 - - [21/Feb/2025:19:37:26 +0000] "GET /.ssh/id_rsa.pub HTTP/1.1" 404 196 "-" "-"
193.41.206.98 - - [21/Feb/2025:19:37:26 +0000] "GET /.aws/credentials HTTP/1.1" 404 196 "-" "-"
193.41.206.98 - - [21/Feb/2025:19:37:26 +0000] "GET /.aws/config HTTP/1.1" 404 196 "-" "-"
193.41.206.98 - - [21/Feb/2025:19:37:26 +0000] "GET /.docker/config.json HTTP/1.1" 404 196 "-" "-"
193.41.206.98 - - [21/Feb/2025:19:37:26 +0000] "GET /.npmrc HTTP/1.1" 404 196 "-" "-"
193.41.206.98 - - [21/Feb/2025:19:37:26 +0000] "GET /.git-credentials HTTP/1.1" 404 196 "-" "-"
193.41.206.98 - - [21/Feb/2025:19:37:26 +0000] "GET /.gitconfig HTTP/1.1" 404 196 "-" "-"
193.41.206.98 - - [21/Feb/2025:19:37:26 +0000] "GET /.config/gcloud/application_default_credentials.json HTTP/1.1" 404 196 "-" "-"
193.41.206.98 - - [21/Feb/2025:19:37:26 +0000] "GET /.azure/credentials HTTP/1.1" 404 196 "-" "-"
193.41.206.98 - - [21/Feb/2025:19:37:26 +0000] "GET /.kube/config HTTP/1.1" 404 196 "-" "-"
193.41.206.98 - - [21/Feb/2025:19:37:26 +0000] "GET /keys/private.key HTTP/1.1" 404 196 "-" "-"
193.41.206.98 - - [21/Feb/2025:19:37:26 +0000] "GET /keys/public.key HTTP/1.1" 404 196 "-" "-"
193.41.206.98 - - [21/Feb/2025:19:37:26 +0000] "GET /ssl/private.key HTTP/1.1" 404 196 "-" "-"
193.41.206.98 - - [21/Feb/2025:19:37:26 +0000] "GET /ssl/certificate.crt HTTP/1.1" 404 196 "-" "-"
193.41.206.98 - - [21/Feb/2025:19:37:26 +0000] "GET /database.sqlite HTTP/1.1" 404 196 "-" "-"
193.41.206.98 - - [21/Feb/2025:19:37:26 +0000] "GET /db.sqlite HTTP/1.1" 404 196 "-" "-"
193.41.206.98 - - [21/Feb/2025:19:37:26 +0000] "GET /data/database.sqlite HTTP/1.1" 404 196 "-" "-"
193.41.206.98 - - [21/Feb/2025:19:37:26 +0000] "GET /storage/database.sqlite HTTP/1.1" 404 196 "-" "-"
193.41.206.98 - - [21/Feb/2025:19:37:26 +0000] "GET /db/backup.sql HTTP/1.1" 404 196 "-" "-"
193.41.206.98 - - [21/Feb/2025:19:37:26 +0000] "GET /db/dump.sql HTTP/1.1" 404 196 "-" "-"
193.41.206.98 - - [21/Feb/2025:19:37:26 +0000] "GET /db/mysql.dump HTTP/1.1" 404 196 "-" "-"
193.41.206.98 - - [21/Feb/2025:19:37:26 +0000] "GET /db/postgres.dump HTTP/1.1" 404 196 "-" "-"
193.41.206.98 - - [21/Feb/2025:19:37:26 +0000] "GET /db/mongo.dump HTTP/1.1" 404 196 "-" "-"
193.41.206.98 - - [21/Feb/2025:19:37:26 +0000] "GET /wp-config.php HTTP/1.1" 404 196 "-" "-"
193.41.206.98 - - [21/Feb/2025:19:37:26 +0000] "GET /wp-config-sample.php HTTP/1.1" 404 196 "-" "-"
193.41.206.98 - - [21/Feb/2025:19:37:26 +0000] "GET /wp-content/debug.log HTTP/1.1" 404 196 "-" "-"
193.41.206.98 - - [21/Feb/2025:19:37:26 +0000] "GET /wp-content/uploads/wp-config.php HTTP/1.1" 404 196 "-" "-"
193.41.206.98 - - [21/Feb/2025:19:37:26 +0000] "GET /wp-content/uploads/.htaccess HTTP/1.1" 404 196 "-" "-"
193.41.206.98 - - [21/Feb/2025:19:37:26 +0000] "GET /wp-content/uploads/private.key HTTP/1.1" 404 196 "-" "-"
193.41.206.98 - - [21/Feb/2025:19:37:26 +0000] "GET /wp-content/uploads/database.sql HTTP/1.1" 404 196 "-" "-"
193.41.206.98 - - [21/Feb/2025:19:37:26 +0000] "GET /wp-includes/wp-config.php HTTP/1.1" 404 196 "-" "-"
193.41.206.98 - - [21/Feb/2025:19:37:26 +0000] "GET /logs/error.log HTTP/1.1" 404 196 "-" "-"
193.41.206.98 - - [21/Feb/2025:19:37:26 +0000] "GET /logs/access.log HTTP/1.1" 404 196 "-" "-"
193.41.206.98 - - [21/Feb/2025:19:37:26 +0000] "GET /logs/database.log HTTP/1.1" 404 196 "-" "-"
193.41.206.98 - - [21/Feb/2025:19:37:26 +0000] "GET /logs/system.log HTTP/1.1" 404 196 "-" "-"
193.41.206.98 - - [21/Feb/2025:19:37:26 +0000] "GET /logs/auth.log HTTP/1.1" 404 196 "-" "-"
193.41.206.98 - - [21/Feb/2025:19:37:26 +0000] "GET /logs/debug.log HTTP/1.1" 404 196 "-" "-"
193.41.206.98 - - [21/Feb/2025:19:37:26 +0000] "GET /logs/php_error.log HTTP/1.1" 404 196 "-" "-"
193.41.206.98 - - [21/Feb/2025:19:37:26 +0000] "GET /logs/nginx_error.log HTTP/1.1" 404 196 "-" "-"
193.41.206.98 - - [21/Feb/2025:19:37:26 +0000] "GET /logs/nginx_access.log HTTP/1.1" 404 196 "-" "-"
193.41.206.98 - - [21/Feb/2025:19:37:26 +0000] "GET /logs/apache_error.log HTTP/1.1" 404 196 "-" "-"
193.41.206.98 - - [21/Feb/2025:19:37:26 +0000] "GET /logs/apache_access.log HTTP/1.1" 404 196 "-" "-"
193.41.206.98 - - [21/Feb/2025:19:37:26 +0000] "GET /logs/backup.log HTTP/1.1" 404 196 "-" "-"
193.41.206.98 - - [21/Feb/2025:19:37:26 +0000] "GET /backups/backup.tar.gz HTTP/1.1" 404 196 "-" "-"
193.41.206.98 - - [21/Feb/2025:19:37:26 +0000] "GET /backups/backup.zip HTTP/1.1" 404 196 "-" "-"
193.41.206.98 - - [21/Feb/2025:19:37:26 +0000] "GET /backups/db_backup.sql HTTP/1.1" 404 196 "-" "-"
193.41.206.98 - - [21/Feb/2025:19:37:26 +0000] "GET /backups/database_backup.sql HTTP/1.1" 404 196 "-" "-"
193.41.206.98 - - [21/Feb/2025:19:37:26 +0000] "GET /backups/config_backup.json HTTP/1.1" 404 196 "-" "-"
193.41.206.98 - - [21/Feb/2025:19:37:26 +0000] "GET /backups/logs_backup.log HTTP/1.1" 404 196 "-" "-"
193.41.206.98 - - [21/Feb/2025:19:37:26 +0000] "GET /docker-compose.yml HTTP/1.1" 404 196 "-" "-"
193.41.206.98 - - [21/Feb/2025:19:37:26 +0000] "GET /docker-compose.override.yml HTTP/1.1" 404 196 "-" "-"
193.41.206.98 - - [21/Feb/2025:19:37:26 +0000] "GET /docker/config.json HTTP/1.1" 404 196 "-" "-"
193.41.206.98 - - [21/Feb/2025:19:37:26 +0000] "GET /kubernetes/config HTTP/1.1" 404 196 "-" "-"
193.41.206.98 - - [21/Feb/2025:19:37:26 +0000] "GET /kubernetes/secret.yaml HTTP/1.1" 404 196 "-" "-"
193.41.206.98 - - [21/Feb/2025:19:37:26 +0000] "GET /kubernetes/secret.json HTTP/1.1" 404 196 "-" "-"
193.41.206.98 - - [21/Feb/2025:19:37:26 +0000] "GET /kubernetes/deployments.yaml HTTP/1.1" 404 196 "-" "-"
193.41.206.98 - - [21/Feb/2025:19:37:26 +0000] "GET /kubernetes/deployments.json HTTP/1.1" 404 196 "-" "-"
193.41.206.98 - - [21/Feb/2025:19:37:26 +0000] "GET /.htpasswd HTTP/1.1" 403 199 "-" "-"
193.41.206.98 - - [21/Feb/2025:19:37:26 +0000] "GET /.htaccess HTTP/1.1" 403 199 "-" "-"
193.41.206.98 - - [21/Feb/2025:19:37:26 +0000] "GET /.bash_history HTTP/1.1" 404 196 "-" "-"
193.41.206.98 - - [21/Feb/2025:19:37:26 +0000] "GET /.bashrc HTTP/1.1" 404 196 "-" "-"
193.41.206.98 - - [21/Feb/2025:19:37:26 +0000] "GET /.zshrc HTTP/1.1" 404 196 "-" "-"
193.41.206.98 - - [21/Feb/2025:19:37:26 +0000] "GET /.profile HTTP/1.1" 404 196 "-" "-"
193.41.206.98 - - [21/Feb/2025:19:37:26 +0000] "GET /.history HTTP/1.1" 404 196 "-" "-"
193.41.206.98 - - [21/Feb/2025:19:37:26 +0000] "GET /.netrc HTTP/1.1" 404 196 "-" "-"
193.41.206.98 - - [21/Feb/2025:19:37:26 +0000] "GET /.npmrc HTTP/1.1" 404 196 "-" "-"
193.41.206.98 - - [21/Feb/2025:19:37:26 +0000] "GET /.composer/auth.json HTTP/1.1" 404 196 "-" "-"
193.41.206.98 - - [21/Feb/2025:19:37:26 +0000] "GET /.docker/daemon.json HTTP/1.1" 404 196 "-" "-"
193.41.206.98 - - [21/Feb/2025:19:37:26 +0000] "GET /.dockercfg HTTP/1.1" 404 196 "-" "-"
193.41.206.98 - - [21/Feb/2025:19:37:26 +0000] "GET /.npmrc HTTP/1.1" 404 196 "-" "-"
193.41.206.98 - - [21/Feb/2025:19:37:26 +0000] "GET /.yarnrc HTTP/1.1" 404 196 "-" "-"
193.41.206.98 - - [21/Feb/2025:19:37:26 +0000] "GET /.config HTTP/1.1" 404 196 "-" "-"
40.77.167.224 - - [21/Feb/2025:21:01:24 +0000] "GET /svg/mail-unread-outline.svg HTTP/1.1" 200 578 "-" "Mozilla/5.0 AppleWebKit/537.36 (KHTML, like Gecko; compatible; bingbot/2.0; +http://www.bing.com/bingbot.htm) Chrome/116.0.1938.76 Safari/537.36"
74.125.150.2 - - [21/Feb/2025:23:55:47 +0000] "GET / HTTP/1.1" 200 214 "-" "Mozilla/5.0 (X11; Linux x86_64) AppleWebKit/537.36 (KHTML, like Gecko) Chrome/133.0.6943.53 Safari/537.36 PlayStore-Google"
52.167.144.17 - - [22/Feb/2025:02:25:36 +0000] "GET /svg/close.svg HTTP/1.1" 200 238 "-" "Mozilla/5.0 AppleWebKit/537.36 (KHTML, like Gecko; compatible; bingbot/2.0; +http://www.bing.com/bingbot.htm) Chrome/116.0.1938.76 Safari/537.36"
40.77.167.42 - - [22/Feb/2025:02:40:29 +0000] "GET /svg/musical-notes-outline.svg HTTP/1.1" 200 706 "-" "Mozilla/5.0 AppleWebKit/537.36 (KHTML, like Gecko; compatible; bingbot/2.0; +http://www.bing.com/bingbot.htm) Chrome/116.0.1938.76 Safari/537.36"
40.77.167.47 - - [22/Feb/2025:03:03:12 +0000] "GET /svg/documents-outline.svg HTTP/1.1" 200 855 "-" "Mozilla/5.0 AppleWebKit/537.36 (KHTML, like Gecko; compatible; bingbot/2.0; +http://www.bing.com/bingbot.htm) Chrome/116.0.1938.76 Safari/537.36"
40.77.167.78 - - [22/Feb/2025:04:51:32 +0000] "GET /svg/flower-outline.svg HTTP/1.1" 200 1547 "-" "Mozilla/5.0 AppleWebKit/537.36 (KHTML, like Gecko; compatible; bingbot/2.0; +http://www.bing.com/bingbot.htm) Chrome/116.0.1938.76 Safari/537.36"
51.8.102.246 - - [22/Feb/2025:05:21:00 +0000] "GET /robots.txt HTTP/1.1" 404 196 "-" "Mozilla/5.0 (Macintosh; Intel Mac OS X 10_15_7) AppleWebKit/537.36 (KHTML, like Gecko) Chrome/131.0.0.0 Safari/537.36; compatible; OAI-SearchBot/1.0; +https://openai.com/searchbot"
40.77.167.0 - - [22/Feb/2025:05:24:22 +0000] "GET /svg/cart-outline.svg HTTP/1.1" 200 656 "-" "Mozilla/5.0 AppleWebKit/537.36 (KHTML, like Gecko; compatible; bingbot/2.0; +http://www.bing.com/bingbot.htm) Chrome/116.0.1938.76 Safari/537.36"
66.249.68.8 - - [22/Feb/2025:06:42:56 +0000] "GET /robots.txt HTTP/1.1" 404 196 "-" "Mozilla/5.0 (compatible; Googlebot/2.1; +http://www.google.com/bot.html)"
66.249.68.8 - - [22/Feb/2025:06:42:57 +0000] "GET /app-ads.txt HTTP/1.1" 404 196 "-" "Google-adstxt"
40.77.167.159 - - [22/Feb/2025:08:32:28 +0000] "GET /svg/hand-left.svg HTTP/1.1" 200 650 "-" "Mozilla/5.0 AppleWebKit/537.36 (KHTML, like Gecko; compatible; bingbot/2.0; +http://www.bing.com/bingbot.htm) Chrome/116.0.1938.76 Safari/537.36"
52.167.144.179 - - [22/Feb/2025:08:34:10 +0000] "GET /svg/battery-charging.svg HTTP/1.1" 200 1971 "-" "Mozilla/5.0 AppleWebKit/537.36 (KHTML, like Gecko; compatible; bingbot/2.0; +http://www.bing.com/bingbot.htm) Chrome/116.0.1938.76 Safari/537.36"
66.249.68.1 - - [22/Feb/2025:09:26:41 +0000] "GET / HTTP/1.1" 200 214 "-" "Mozilla/5.0 (compatible; Googlebot/2.1; +http://www.google.com/bot.html)"
66.249.68.1 - - [22/Feb/2025:09:36:28 +0000] "GET / HTTP/1.1" 200 214 "-" "Mozilla/5.0 (compatible; Googlebot/2.1; +http://www.google.com/bot.html)"
52.167.144.223 - - [22/Feb/2025:10:31:22 +0000] "GET /svg/text-sharp.svg HTTP/1.1" 200 722 "-" "Mozilla/5.0 AppleWebKit/537.36 (KHTML, like Gecko; compatible; bingbot/2.0; +http://www.bing.com/bingbot.htm) Chrome/116.0.1938.76 Safari/537.36"
52.167.144.197 - - [22/Feb/2025:10:53:14 +0000] "GET /svg/sync-outline.svg HTTP/1.1" 200 503 "-" "Mozilla/5.0 AppleWebKit/537.36 (KHTML, like Gecko; compatible; bingbot/2.0; +http://www.bing.com/bingbot.htm) Chrome/116.0.1938.76 Safari/537.36"
40.77.167.155 - - [22/Feb/2025:11:10:26 +0000] "GET /svg/logo-stackoverflow.svg HTTP/1.1" 200 381 "-" "Mozilla/5.0 AppleWebKit/537.36 (KHTML, like Gecko; compatible; bingbot/2.0; +http://www.bing.com/bingbot.htm) Chrome/116.0.1938.76 Safari/537.36"
159.203.134.9 - - [22/Feb/2025:11:43:42 +0000] "GET /app-ads.txt HTTP/1.1" 404 196 "-" "Mozilla/5.0 (Windows NT 10.0; Win64; x64) AppleWebKit/537.36 (KHTML, like Gecko) Chrome/85.0.4183.121 Safari/537.36"
159.203.134.9 - - [22/Feb/2025:11:43:42 +0000] "GET /app-ads.txt HTTP/1.1" 404 196 "-" "Mozilla/5.0 (Windows NT 10.0; Win64; x64) AppleWebKit/537.36 (KHTML, like Gecko) Chrome/85.0.4183.121 Safari/537.36"
159.203.134.9 - - [22/Feb/2025:11:43:43 +0000] "GET /app-ads.txt HTTP/1.1" 404 196 "-" "Mozilla/5.0 (Windows NT 10.0; Win64; x64) AppleWebKit/537.36 (KHTML, like Gecko) Chrome/85.0.4183.121 Safari/537.36"
159.203.134.9 - - [22/Feb/2025:11:43:43 +0000] "GET /app-ads.txt HTTP/1.1" 404 196 "-" "Mozilla/5.0 (Windows NT 10.0; Win64; x64) AppleWebKit/537.36 (KHTML, like Gecko) Chrome/85.0.4183.121 Safari/537.36"
159.203.134.9 - - [22/Feb/2025:11:43:44 +0000] "GET /app-ads.txt HTTP/1.1" 404 196 "-" "Mozilla/5.0 (Windows NT 10.0; Win64; x64) AppleWebKit/537.36 (KHTML, like Gecko) Chrome/85.0.4183.121 Safari/537.36"
40.77.167.32 - - [22/Feb/2025:12:51:55 +0000] "GET /svg/bag-add-outline.svg HTTP/1.1" 200 388 "-" "Mozilla/5.0 AppleWebKit/537.36 (KHTML, like Gecko; compatible; bingbot/2.0; +http://www.bing.com/bingbot.htm) Chrome/116.0.1938.76 Safari/537.36"
52.167.144.156 - - [22/Feb/2025:13:18:56 +0000] "GET /svg/male-outline.svg HTTP/1.1" 200 368 "-" "Mozilla/5.0 AppleWebKit/537.36 (KHTML, like Gecko; compatible; bingbot/2.0; +http://www.bing.com/bingbot.htm) Chrome/116.0.1938.76 Safari/537.36"
40.77.167.78 - - [22/Feb/2025:13:41:10 +0000] "GET /svg/bag-add-outline.svg HTTP/1.1" 200 388 "-" "Mozilla/5.0 AppleWebKit/537.36 (KHTML, like Gecko; compatible; bingbot/2.0; +http://www.bing.com/bingbot.htm) Chrome/116.0.1938.76 Safari/537.36"
40.77.167.158 - - [22/Feb/2025:14:39:44 +0000] "GET /svg/checkmark-done-outline.svg HTTP/1.1" 200 273 "-" "Mozilla/5.0 AppleWebKit/537.36 (KHTML, like Gecko; compatible; bingbot/2.0; +http://www.bing.com/bingbot.htm) Chrome/116.0.1938.76 Safari/537.36"
40.77.167.48 - - [22/Feb/2025:15:47:30 +0000] "GET /svg/business-sharp.svg HTTP/1.1" 200 538 "-" "Mozilla/5.0 AppleWebKit/537.36 (KHTML, like Gecko; compatible; bingbot/2.0; +http://www.bing.com/bingbot.htm) Chrome/116.0.1938.76 Safari/537.36"
66.249.79.203 - - [22/Feb/2025:16:00:03 +0000] "GET /svg/cut-outline.svg HTTP/1.1" 200 934 "-" "Googlebot-Image/1.0"
52.167.144.147 - - [22/Feb/2025:18:07:42 +0000] "GET /svg/arrow-undo-circle.svg HTTP/1.1" 200 430 "-" "Mozilla/5.0 AppleWebKit/537.36 (KHTML, like Gecko; compatible; bingbot/2.0; +http://www.bing.com/bingbot.htm) Chrome/116.0.1938.76 Safari/537.36"
66.249.68.8 - - [22/Feb/2025:19:00:04 +0000] "GET /robots.txt HTTP/1.1" 404 196 "-" "Mozilla/5.0 (compatible; Googlebot/2.1; +http://www.google.com/bot.html)"
66.249.68.1 - - [22/Feb/2025:19:00:04 +0000] "GET /assets/UNEX.png HTTP/1.1" 304 - "-" "Googlebot-Image/1.0"
40.77.167.7 - - [22/Feb/2025:19:16:50 +0000] "GET /svg/power-sharp.svg HTTP/1.1" 200 440 "-" "Mozilla/5.0 AppleWebKit/537.36 (KHTML, like Gecko; compatible; bingbot/2.0; +http://www.bing.com/bingbot.htm) Chrome/116.0.1938.76 Safari/537.36"
52.167.144.237 - - [22/Feb/2025:20:41:47 +0000] "GET /svg/logo-xing.svg HTTP/1.1" 200 370 "-" "Mozilla/5.0 AppleWebKit/537.36 (KHTML, like Gecko; compatible; bingbot/2.0; +http://www.bing.com/bingbot.htm) Chrome/116.0.1938.76 Safari/537.36"
51.8.102.251 - - [22/Feb/2025:21:22:11 +0000] "GET /robots.txt HTTP/1.1" 404 196 "-" "Mozilla/5.0 (Macintosh; Intel Mac OS X 10_15_7) AppleWebKit/537.36 (KHTML, like Gecko) Chrome/131.0.0.0 Safari/537.36; compatible; OAI-SearchBot/1.0; +https://openai.com/searchbot"
40.77.167.46 - - [22/Feb/2025:21:29:54 +0000] "GET /svg/sad.svg HTTP/1.1" 200 391 "-" "Mozilla/5.0 AppleWebKit/537.36 (KHTML, like Gecko; compatible; bingbot/2.0; +http://www.bing.com/bingbot.htm) Chrome/116.0.1938.76 Safari/537.36"
40.77.167.30 - - [22/Feb/2025:22:17:02 +0000] "GET /svg/contract-outline.svg HTTP/1.1" 200 353 "-" "Mozilla/5.0 AppleWebKit/537.36 (KHTML, like Gecko; compatible; bingbot/2.0; +http://www.bing.com/bingbot.htm) Chrome/116.0.1938.76 Safari/537.36"
40.77.167.254 - - [22/Feb/2025:22:39:48 +0000] "GET /svg/flower-sharp.svg HTTP/1.1" 200 1011 "-" "Mozilla/5.0 AppleWebKit/537.36 (KHTML, like Gecko; compatible; bingbot/2.0; +http://www.bing.com/bingbot.htm) Chrome/116.0.1938.76 Safari/537.36"
40.77.167.254 - - [22/Feb/2025:22:43:00 +0000] "GET /svg/reorder-three-outline.svg HTTP/1.1" 200 251 "-" "Mozilla/5.0 AppleWebKit/537.36 (KHTML, like Gecko; compatible; bingbot/2.0; +http://www.bing.com/bingbot.htm) Chrome/116.0.1938.76 Safari/537.36"
40.77.167.14 - - [22/Feb/2025:22:46:11 +0000] "GET /svg/caret-down-circle-outline.svg HTTP/1.1" 200 393 "-" "Mozilla/5.0 AppleWebKit/537.36 (KHTML, like Gecko; compatible; bingbot/2.0; +http://www.bing.com/bingbot.htm) Chrome/116.0.1938.76 Safari/537.36"
52.167.144.235 - - [22/Feb/2025:23:40:44 +0000] "GET /svg/bag-check-sharp.svg HTTP/1.1" 200 410 "-" "Mozilla/5.0 AppleWebKit/537.36 (KHTML, like Gecko; compatible; bingbot/2.0; +http://www.bing.com/bingbot.htm) Chrome/116.0.1938.76 Safari/537.36"
40.77.167.36 - - [23/Feb/2025:02:21:40 +0000] "GET /svg/albums.svg HTTP/1.1" 200 355 "-" "Mozilla/5.0 AppleWebKit/537.36 (KHTML, like Gecko; compatible; bingbot/2.0; +http://www.bing.com/bingbot.htm) Chrome/116.0.1938.76 Safari/537.36"
52.167.144.212 - - [23/Feb/2025:02:45:46 +0000] "GET /svg/menu-outline.svg HTTP/1.1" 200 241 "-" "Mozilla/5.0 AppleWebKit/537.36 (KHTML, like Gecko; compatible; bingbot/2.0; +http://www.bing.com/bingbot.htm) Chrome/116.0.1938.76 Safari/537.36"
52.167.144.212 - - [23/Feb/2025:02:55:06 +0000] "GET /svg/nutrition-sharp.svg HTTP/1.1" 200 875 "-" "Mozilla/5.0 AppleWebKit/537.36 (KHTML, like Gecko; compatible; bingbot/2.0; +http://www.bing.com/bingbot.htm) Chrome/116.0.1938.76 Safari/537.36"
40.77.167.73 - - [23/Feb/2025:02:58:13 +0000] "GET /svg/file-tray-sharp.svg HTTP/1.1" 200 194 "-" "Mozilla/5.0 AppleWebKit/537.36 (KHTML, like Gecko; compatible; bingbot/2.0; +http://www.bing.com/bingbot.htm) Chrome/116.0.1938.76 Safari/537.36"
52.167.144.218 - - [23/Feb/2025:03:29:57 +0000] "GET /svg/chatbox.svg HTTP/1.1" 200 298 "-" "Mozilla/5.0 AppleWebKit/537.36 (KHTML, like Gecko; compatible; bingbot/2.0; +http://www.bing.com/bingbot.htm) Chrome/116.0.1938.76 Safari/537.36"
52.167.144.139 - - [23/Feb/2025:03:34:58 +0000] "GET /svg/grid-outline.svg HTTP/1.1" 200 731 "-" "Mozilla/5.0 AppleWebKit/537.36 (KHTML, like Gecko; compatible; bingbot/2.0; +http://www.bing.com/bingbot.htm) Chrome/116.0.1938.76 Safari/537.36"
40.77.167.19 - - [23/Feb/2025:03:52:28 +0000] "GET /svg/arrow-down-circle-outline.svg HTTP/1.1" 200 420 "-" "Mozilla/5.0 AppleWebKit/537.36 (KHTML, like Gecko; compatible; bingbot/2.0; +http://www.bing.com/bingbot.htm) Chrome/116.0.1938.76 Safari/537.36"
40.77.167.241 - - [23/Feb/2025:05:02:05 +0000] "GET /svg/chatbox-ellipses-outline.svg HTTP/1.1" 200 450 "-" "Mozilla/5.0 AppleWebKit/537.36 (KHTML, like Gecko; compatible; bingbot/2.0; +http://www.bing.com/bingbot.htm) Chrome/116.0.1938.76 Safari/537.36"
40.77.167.55 - - [23/Feb/2025:05:33:48 +0000] "GET /svg/home-outline.svg HTTP/1.1" 200 481 "-" "Mozilla/5.0 AppleWebKit/537.36 (KHTML, like Gecko; compatible; bingbot/2.0; +http://www.bing.com/bingbot.htm) Chrome/116.0.1938.76 Safari/537.36"
66.249.68.2 - - [23/Feb/2025:06:13:13 +0000] "GET /app-ads.txt HTTP/1.1" 404 196 "-" "Google-adstxt"
52.167.144.194 - - [23/Feb/2025:07:15:29 +0000] "GET /svg/arrow-redo.svg HTTP/1.1" 200 386 "-" "Mozilla/5.0 AppleWebKit/537.36 (KHTML, like Gecko; compatible; bingbot/2.0; +http://www.bing.com/bingbot.htm) Chrome/116.0.1938.76 Safari/537.36"
66.249.68.2 - - [23/Feb/2025:09:10:11 +0000] "GET /robots.txt HTTP/1.1" 404 196 "-" "Mozilla/5.0 (compatible; Googlebot/2.1; +http://www.google.com/bot.html)"
66.249.68.1 - - [23/Feb/2025:09:10:11 +0000] "GET / HTTP/1.1" 200 214 "-" "Mozilla/5.0 (compatible; Googlebot/2.1; +http://www.google.com/bot.html)"
66.249.68.2 - - [23/Feb/2025:09:15:56 +0000] "GET / HTTP/1.1" 200 214 "-" "Mozilla/5.0 (compatible; Googlebot/2.1; +http://www.google.com/bot.html)"
66.249.68.8 - - [23/Feb/2025:09:44:18 +0000] "GET /svg/disc-outline.svg HTTP/1.1" 200 346 "-" "Googlebot-Image/1.0"
52.167.144.24 - - [23/Feb/2025:10:08:26 +0000] "GET /svg/notifications-circle-outline.svg HTTP/1.1" 200 697 "-" "Mozilla/5.0 AppleWebKit/537.36 (KHTML, like Gecko; compatible; bingbot/2.0; +http://www.bing.com/bingbot.htm) Chrome/116.0.1938.76 Safari/537.36"
66.249.68.1 - - [23/Feb/2025:10:48:18 +0000] "GET /svg/people-circle-outline.svg HTTP/1.1" 200 1159 "-" "Googlebot-Image/1.0"
40.77.167.255 - - [23/Feb/2025:11:16:33 +0000] "GET /svg/arrow-down-outline.svg HTTP/1.1" 200 248 "-" "Mozilla/5.0 AppleWebKit/537.36 (KHTML, like Gecko; compatible; bingbot/2.0; +http://www.bing.com/bingbot.htm) Chrome/116.0.1938.76 Safari/537.36"
40.77.167.33 - - [23/Feb/2025:11:36:22 +0000] "GET /svg/game-controller-outline.svg HTTP/1.1" 200 842 "-" "Mozilla/5.0 AppleWebKit/537.36 (KHTML, like Gecko; compatible; bingbot/2.0; +http://www.bing.com/bingbot.htm) Chrome/116.0.1938.76 Safari/537.36"
66.249.68.8 - - [23/Feb/2025:11:44:18 +0000] "GET /svg/thumbs-up-sharp.svg HTTP/1.1" 200 370 "-" "Googlebot-Image/1.0"
66.249.68.1 - - [23/Feb/2025:12:47:18 +0000] "GET /svg/logo-apple-appstore.svg HTTP/1.1" 200 1044 "-" "Googlebot-Image/1.0"
51.8.102.52 - - [23/Feb/2025:13:24:33 +0000] "GET /robots.txt HTTP/1.1" 404 196 "-" "Mozilla/5.0 (Macintosh; Intel Mac OS X 10_15_7) AppleWebKit/537.36 (KHTML, like Gecko) Chrome/131.0.0.0 Safari/537.36; compatible; OAI-SearchBot/1.0; +https://openai.com/searchbot"
66.249.68.32 - - [23/Feb/2025:13:44:18 +0000] "GET /svg/bookmark-sharp.svg HTTP/1.1" 200 153 "-" "Googlebot-Image/1.0"
40.77.167.108 - - [23/Feb/2025:13:58:04 +0000] "GET /robots.txt HTTP/1.1" 404 196 "-" "Mozilla/5.0 AppleWebKit/537.36 (KHTML, like Gecko; compatible; bingbot/2.0; +http://www.bing.com/bingbot.htm) Chrome/116.0.1938.76 Safari/537.36"
52.167.144.190 - - [23/Feb/2025:13:58:16 +0000] "GET /svg/boat-sharp.svg HTTP/1.1" 200 787 "-" "Mozilla/5.0 AppleWebKit/537.36 (KHTML, like Gecko; compatible; bingbot/2.0; +http://www.bing.com/bingbot.htm) Chrome/116.0.1938.76 Safari/537.36"
66.249.79.203 - - [23/Feb/2025:14:44:18 +0000] "GET /svg/caret-down-circle-sharp.svg HTTP/1.1" 200 250 "-" "Googlebot-Image/1.0"
52.167.144.147 - - [23/Feb/2025:15:01:40 +0000] "GET /svg/code-sharp.svg HTTP/1.1" 200 279 "-" "Mozilla/5.0 AppleWebKit/537.36 (KHTML, like Gecko; compatible; bingbot/2.0; +http://www.bing.com/bingbot.htm) Chrome/116.0.1938.76 Safari/537.36"
52.167.144.193 - - [23/Feb/2025:15:40:45 +0000] "GET /svg/log-out-sharp.svg HTTP/1.1" 200 323 "-" "Mozilla/5.0 AppleWebKit/537.36 (KHTML, like Gecko; compatible; bingbot/2.0; +http://www.bing.com/bingbot.htm) Chrome/116.0.1938.76 Safari/537.36"
66.249.79.101 - - [23/Feb/2025:15:45:18 +0000] "GET /svg/ear-sharp.svg HTTP/1.1" 200 708 "-" "Googlebot-Image/1.0"
52.167.144.138 - - [23/Feb/2025:15:50:16 +0000] "GET /svg/thermometer-outline.svg HTTP/1.1" 200 436 "-" "Mozilla/5.0 AppleWebKit/537.36 (KHTML, like Gecko; compatible; bingbot/2.0; +http://www.bing.com/bingbot.htm) Chrome/116.0.1938.76 Safari/537.36"
66.249.68.71 - - [23/Feb/2025:16:44:18 +0000] "GET /svg/library-outline.svg HTTP/1.1" 200 912 "-" "Googlebot-Image/1.0"
52.167.144.156 - - [23/Feb/2025:17:37:29 +0000] "GET /svg/build.svg HTTP/1.1" 200 582 "-" "Mozilla/5.0 AppleWebKit/537.36 (KHTML, like Gecko; compatible; bingbot/2.0; +http://www.bing.com/bingbot.htm) Chrome/116.0.1938.76 Safari/537.36"
40.77.167.2 - - [23/Feb/2025:17:58:27 +0000] "GET /svg/journal.svg HTTP/1.1" 200 250 "-" "Mozilla/5.0 AppleWebKit/537.36 (KHTML, like Gecko; compatible; bingbot/2.0; +http://www.bing.com/bingbot.htm) Chrome/116.0.1938.76 Safari/537.36"
52.167.144.216 - - [23/Feb/2025:18:10:49 +0000] "GET /svg/mic-off-circle-outline.svg HTTP/1.1" 200 1201 "-" "Mozilla/5.0 AppleWebKit/537.36 (KHTML, like Gecko; compatible; bingbot/2.0; +http://www.bing.com/bingbot.htm) Chrome/116.0.1938.76 Safari/537.36"
40.77.167.22 - - [23/Feb/2025:19:14:06 +0000] "GET /svg/train.svg HTTP/1.1" 200 855 "-" "Mozilla/5.0 AppleWebKit/537.36 (KHTML, like Gecko; compatible; bingbot/2.0; +http://www.bing.com/bingbot.htm) Chrome/116.0.1938.76 Safari/537.36"
40.77.167.78 - - [23/Feb/2025:20:29:05 +0000] "GET /svg/wine-sharp.svg HTTP/1.1" 200 219 "-" "Mozilla/5.0 AppleWebKit/537.36 (KHTML, like Gecko; compatible; bingbot/2.0; +http://www.bing.com/bingbot.htm) Chrome/116.0.1938.76 Safari/537.36"
40.77.167.38 - - [23/Feb/2025:21:12:49 +0000] "GET /svg/search-circle-outline.svg HTTP/1.1" 200 492 "-" "Mozilla/5.0 AppleWebKit/537.36 (KHTML, like Gecko; compatible; bingbot/2.0; +http://www.bing.com/bingbot.htm) Chrome/116.0.1938.76 Safari/537.36"
40.77.167.254 - - [23/Feb/2025:21:33:10 +0000] "GET /svg/logo-capacitor.svg HTTP/1.1" 200 315 "-" "Mozilla/5.0 AppleWebKit/537.36 (KHTML, like Gecko; compatible; bingbot/2.0; +http://www.bing.com/bingbot.htm) Chrome/116.0.1938.76 Safari/537.36"
52.167.144.217 - - [23/Feb/2025:21:41:40 +0000] "GET /svg/print-outline.svg HTTP/1.1" 200 626 "-" "Mozilla/5.0 AppleWebKit/537.36 (KHTML, like Gecko; compatible; bingbot/2.0; +http://www.bing.com/bingbot.htm) Chrome/116.0.1938.76 Safari/537.36"
52.167.144.225 - - [23/Feb/2025:21:53:10 +0000] "GET /svg/color-fill.svg HTTP/1.1" 200 730 "-" "Mozilla/5.0 AppleWebKit/537.36 (KHTML, like Gecko; compatible; bingbot/2.0; +http://www.bing.com/bingbot.htm) Chrome/116.0.1938.76 Safari/537.36"
40.77.167.2 - - [23/Feb/2025:22:42:37 +0000] "GET /svg/planet-sharp.svg HTTP/1.1" 200 1291 "-" "Mozilla/5.0 AppleWebKit/537.36 (KHTML, like Gecko; compatible; bingbot/2.0; +http://www.bing.com/bingbot.htm) Chrome/116.0.1938.76 Safari/537.36"
40.77.167.254 - - [24/Feb/2025:00:00:15 +0000] "GET /svg/paw.svg HTTP/1.1" 200 1604 "-" "Mozilla/5.0 AppleWebKit/537.36 (KHTML, like Gecko; compatible; bingbot/2.0; +http://www.bing.com/bingbot.htm) Chrome/116.0.1938.76 Safari/537.36"
74.125.150.1 - - [24/Feb/2025:00:23:58 +0000] "GET / HTTP/1.1" 200 214 "-" "Mozilla/5.0 (X11; Linux x86_64) AppleWebKit/537.36 (KHTML, like Gecko) Chrome/133.0.6943.53 Safari/537.36 PlayStore-Google"
40.77.167.23 - - [24/Feb/2025:01:33:11 +0000] "GET /svg/volume-medium.svg HTTP/1.1" 200 687 "-" "Mozilla/5.0 AppleWebKit/537.36 (KHTML, like Gecko; compatible; bingbot/2.0; +http://www.bing.com/bingbot.htm) Chrome/116.0.1938.76 Safari/537.36"
40.77.167.65 - - [24/Feb/2025:02:15:56 +0000] "GET /svg/magnet.svg HTTP/1.1" 200 783 "-" "Mozilla/5.0 AppleWebKit/537.36 (KHTML, like Gecko; compatible; bingbot/2.0; +http://www.bing.com/bingbot.htm) Chrome/116.0.1938.76 Safari/537.36"
40.77.167.73 - - [24/Feb/2025:02:24:06 +0000] "GET /svg/ice-cream-sharp.svg HTTP/1.1" 200 542 "-" "Mozilla/5.0 AppleWebKit/537.36 (KHTML, like Gecko; compatible; bingbot/2.0; +http://www.bing.com/bingbot.htm) Chrome/116.0.1938.76 Safari/537.36"
40.77.167.45 - - [24/Feb/2025:02:56:30 +0000] "GET /svg/close-outline.svg HTTP/1.1" 200 242 "-" "Mozilla/5.0 AppleWebKit/537.36 (KHTML, like Gecko; compatible; bingbot/2.0; +http://www.bing.com/bingbot.htm) Chrome/116.0.1938.76 Safari/537.36"
40.77.167.53 - - [24/Feb/2025:04:36:08 +0000] "GET /svg/aperture-sharp.svg HTTP/1.1" 200 460 "-" "Mozilla/5.0 AppleWebKit/537.36 (KHTML, like Gecko; compatible; bingbot/2.0; +http://www.bing.com/bingbot.htm) Chrome/116.0.1938.76 Safari/537.36"
40.77.167.7 - - [24/Feb/2025:05:17:23 +0000] "GET /svg/aperture-outline.svg HTTP/1.1" 200 511 "-" "Mozilla/5.0 AppleWebKit/537.36 (KHTML, like Gecko; compatible; bingbot/2.0; +http://www.bing.com/bingbot.htm) Chrome/116.0.1938.76 Safari/537.36"
40.77.167.65 - - [24/Feb/2025:05:20:22 +0000] "GET /svg/logo-medium.svg HTTP/1.1" 200 550 "-" "Mozilla/5.0 AppleWebKit/537.36 (KHTML, like Gecko; compatible; bingbot/2.0; +http://www.bing.com/bingbot.htm) Chrome/116.0.1938.76 Safari/537.36"
51.8.102.245 - - [24/Feb/2025:05:22:59 +0000] "GET /robots.txt HTTP/1.1" 404 196 "-" "Mozilla/5.0 (Macintosh; Intel Mac OS X 10_15_7) AppleWebKit/537.36 (KHTML, like Gecko) Chrome/131.0.0.0 Safari/537.36; compatible; OAI-SearchBot/1.0; +https://openai.com/searchbot"
66.249.79.203 - - [24/Feb/2025:05:43:45 +0000] "GET /robots.txt HTTP/1.1" 404 196 "-" "Mozilla/5.0 (compatible; Googlebot/2.1; +http://www.google.com/bot.html)"
66.249.79.202 - - [24/Feb/2025:05:43:46 +0000] "GET /app-ads.txt HTTP/1.1" 404 196 "-" "Google-adstxt"
