40.77.167.61 - - [23/Mar/2025:05:20:04 +0000] "GET /svg/speedometer.svg HTTP/1.1" 200 760 "-" "Mozilla/5.0 AppleWebKit/537.36 (KHTML, like Gecko; compatible; bingbot/2.0; +http://www.bing.com/bingbot.htm) Chrome/116.0.1938.76 Safari/537.36"
66.249.68.32 - - [23/Mar/2025:08:08:40 +0000] "GET / HTTP/1.1" 200 214 "-" "Mozilla/5.0 (compatible; Googlebot/2.1; +http://www.google.com/bot.html)"
66.249.68.33 - - [23/Mar/2025:08:14:24 +0000] "GET / HTTP/1.1" 200 214 "-" "Mozilla/5.0 (compatible; Googlebot/2.1; +http://www.google.com/bot.html)"
40.77.167.74 - - [23/Mar/2025:09:40:58 +0000] "GET /svg/attach-outline.svg HTTP/1.1" 200 325 "-" "Mozilla/5.0 AppleWebKit/537.36 (KHTML, like Gecko; compatible; bingbot/2.0; +http://www.bing.com/bingbot.htm) Chrome/116.0.1938.76 Safari/537.36"
66.249.68.32 - - [23/Mar/2025:11:43:16 +0000] "GET /robots.txt HTTP/1.1" 404 196 "-" "Mozilla/5.0 (compatible; Googlebot/2.1; +http://www.google.com/bot.html)"
66.249.68.129 - - [23/Mar/2025:11:43:16 +0000] "GET /svg/ear-sharp.svg HTTP/1.1" 200 708 "-" "Googlebot-Image/1.0"
40.77.167.27 - - [23/Mar/2025:14:04:42 +0000] "GET /svg/expand.svg HTTP/1.1" 200 351 "-" "Mozilla/5.0 AppleWebKit/537.36 (KHTML, like Gecko; compatible; bingbot/2.0; +http://www.bing.com/bingbot.htm) Chrome/116.0.1938.76 Safari/537.36"
66.249.68.39 - - [23/Mar/2025:14:48:16 +0000] "GET /svg/thumbs-up-sharp.svg HTTP/1.1" 200 370 "-" "Googlebot-Image/1.0"
66.249.68.129 - - [23/Mar/2025:16:17:16 +0000] "GET /svg/library-outline.svg HTTP/1.1" 200 912 "-" "Googlebot-Image/1.0"
51.8.102.109 - - [23/Mar/2025:16:34:02 +0000] "GET /robots.txt HTTP/1.1" 404 196 "-" "Mozilla/5.0 (Macintosh; Intel Mac OS X 10_15_7) AppleWebKit/537.36 (KHTML, like Gecko) Chrome/131.0.0.0 Safari/537.36; compatible; OAI-SearchBot/1.0; +https://openai.com/searchbot"
52.167.144.206 - - [23/Mar/2025:16:47:48 +0000] "GET /svg/videocam-off.svg HTTP/1.1" 200 657 "-" "Mozilla/5.0 AppleWebKit/537.36 (KHTML, like Gecko; compatible; bingbot/2.0; +http://www.bing.com/bingbot.htm) Chrome/116.0.1938.76 Safari/537.36"
66.249.68.33 - - [23/Mar/2025:16:55:15 +0000] "GET /app-ads.txt HTTP/1.1" 404 196 "-" "Google-adstxt"
66.249.68.33 - - [23/Mar/2025:17:49:16 +0000] "GET /svg/logo-apple-appstore.svg HTTP/1.1" 200 1044 "-" "Googlebot-Image/1.0"
66.249.79.203 - - [23/Mar/2025:19:14:15 +0000] "GET /svg/people-circle-outline.svg HTTP/1.1" 200 1159 "-" "Googlebot-Image/1.0"
66.249.68.33 - - [23/Mar/2025:20:45:16 +0000] "GET /svg/disc-outline.svg HTTP/1.1" 200 346 "-" "Googlebot-Image/1.0"
157.55.39.195 - - [23/Mar/2025:20:47:02 +0000] "GET /svg/return-up-forward.svg HTTP/1.1" 200 390 "-" "Mozilla/5.0 AppleWebKit/537.36 (KHTML, like Gecko; compatible; bingbot/2.0; +http://www.bing.com/bingbot.htm) Chrome/116.0.1938.76 Safari/537.36"
66.249.68.33 - - [23/Mar/2025:22:20:16 +0000] "GET /svg/caret-down-circle-sharp.svg HTTP/1.1" 200 250 "-" "Googlebot-Image/1.0"
40.77.167.47 - - [23/Mar/2025:22:42:51 +0000] "GET /svg/cloud-outline.svg HTTP/1.1" 200 339 "-" "Mozilla/5.0 AppleWebKit/537.36 (KHTML, like Gecko; compatible; bingbot/2.0; +http://www.bing.com/bingbot.htm) Chrome/116.0.1938.76 Safari/537.36"
66.249.68.33 - - [23/Mar/2025:23:47:16 +0000] "GET /robots.txt HTTP/1.1" 404 196 "-" "Mozilla/5.0 (compatible; Googlebot/2.1; +http://www.google.com/bot.html)"
66.249.68.39 - - [23/Mar/2025:23:47:16 +0000] "GET /svg/bookmark-sharp.svg HTTP/1.1" 200 153 "-" "Googlebot-Image/1.0"
52.167.144.138 - - [24/Mar/2025:00:56:35 +0000] "GET /svg/trail-sign.svg HTTP/1.1" 200 477 "-" "Mozilla/5.0 AppleWebKit/537.36 (KHTML, like Gecko; compatible; bingbot/2.0; +http://www.bing.com/bingbot.htm) Chrome/116.0.1938.76 Safari/537.36"
74.125.150.33 - - [24/Mar/2025:03:53:22 +0000] "GET / HTTP/1.1" 200 214 "-" "Mozilla/5.0 (X11; Linux x86_64) AppleWebKit/537.36 (KHTML, like Gecko) Chrome/133.0.6943.141 Safari/537.36 PlayStore-Google"
40.77.167.41 - - [24/Mar/2025:05:49:32 +0000] "GET /svg/phone-portrait-outline.svg HTTP/1.1" 200 452 "-" "Mozilla/5.0 AppleWebKit/537.36 (KHTML, like Gecko; compatible; bingbot/2.0; +http://www.bing.com/bingbot.htm) Chrome/116.0.1938.76 Safari/537.36"
52.167.144.157 - - [24/Mar/2025:07:46:42 +0000] "GET /svg/chevron-back-outline.svg HTTP/1.1" 200 238 "-" "Mozilla/5.0 AppleWebKit/537.36 (KHTML, like Gecko; compatible; bingbot/2.0; +http://www.bing.com/bingbot.htm) Chrome/116.0.1938.76 Safari/537.36"
66.249.68.32 - - [24/Mar/2025:08:04:52 +0000] "GET / HTTP/1.1" 200 214 "-" "Mozilla/5.0 (compatible; Googlebot/2.1; +http://www.google.com/bot.html)"
66.249.68.39 - - [24/Mar/2025:08:05:33 +0000] "GET / HTTP/1.1" 200 214 "-" "Mozilla/5.0 (compatible; Googlebot/2.1; +http://www.google.com/bot.html)"
207.46.13.130 - - [24/Mar/2025:08:12:32 +0000] "GET /svg/stop-circle.svg HTTP/1.1" 200 344 "-" "Mozilla/5.0 AppleWebKit/537.36 (KHTML, like Gecko; compatible; bingbot/2.0; +http://www.bing.com/bingbot.htm) Chrome/116.0.1938.76 Safari/537.36"
51.8.102.10 - - [24/Mar/2025:08:31:31 +0000] "GET /robots.txt HTTP/1.1" 404 196 "-" "Mozilla/5.0 (Macintosh; Intel Mac OS X 10_15_7) AppleWebKit/537.36 (KHTML, like Gecko) Chrome/131.0.0.0 Safari/537.36; compatible; OAI-SearchBot/1.0; +https://openai.com/searchbot"
40.77.167.243 - - [24/Mar/2025:09:26:42 +0000] "GET /svg/logo-euro.svg HTTP/1.1" 200 474 "-" "Mozilla/5.0 AppleWebKit/537.36 (KHTML, like Gecko; compatible; bingbot/2.0; +http://www.bing.com/bingbot.htm) Chrome/116.0.1938.76 Safari/537.36"
207.46.13.102 - - [24/Mar/2025:09:49:03 +0000] "GET /svg/close-circle.svg HTTP/1.1" 200 397 "-" "Mozilla/5.0 AppleWebKit/537.36 (KHTML, like Gecko; compatible; bingbot/2.0; +http://www.bing.com/bingbot.htm) Chrome/116.0.1938.76 Safari/537.36"
40.77.167.23 - - [24/Mar/2025:09:57:46 +0000] "GET /svg/beaker-outline.svg HTTP/1.1" 200 398 "-" "Mozilla/5.0 AppleWebKit/537.36 (KHTML, like Gecko; compatible; bingbot/2.0; +http://www.bing.com/bingbot.htm) Chrome/116.0.1938.76 Safari/537.36"
207.46.13.155 - - [24/Mar/2025:11:27:46 +0000] "GET /svg/ear.svg HTTP/1.1" 200 750 "-" "Mozilla/5.0 AppleWebKit/537.36 (KHTML, like Gecko; compatible; bingbot/2.0; +http://www.bing.com/bingbot.htm) Chrome/116.0.1938.76 Safari/537.36"
195.78.54.32 - - [24/Mar/2025:14:00:20 +0000] "GET /requests.log HTTP/1.1" 200 56525 "-" "Mozilla/5.0 (Windows NT 11.0; Win64; x64) AppleWebKit/537.36 (KHTML, like Gecko) Chrome/134.0.6998.45 Safari/537.36"
66.249.68.39 - - [24/Mar/2025:16:25:42 +0000] "GET /robots.txt HTTP/1.1" 404 196 "-" "Mozilla/5.0 (compatible; Googlebot/2.1; +http://www.google.com/bot.html)"
66.249.68.39 - - [24/Mar/2025:16:25:42 +0000] "GET /app-ads.txt HTTP/1.1" 404 196 "-" "Google-adstxt"
207.46.13.14 - - [24/Mar/2025:17:20:00 +0000] "GET /svg/notifications-off-circle-outline.svg HTTP/1.1" 200 914 "-" "Mozilla/5.0 AppleWebKit/537.36 (KHTML, like Gecko; compatible; bingbot/2.0; +http://www.bing.com/bingbot.htm) Chrome/116.0.1938.76 Safari/537.36"
40.77.167.14 - - [24/Mar/2025:18:29:45 +0000] "GET /svg/hourglass.svg HTTP/1.1" 200 879 "-" "Mozilla/5.0 AppleWebKit/537.36 (KHTML, like Gecko; compatible; bingbot/2.0; +http://www.bing.com/bingbot.htm) Chrome/116.0.1938.76 Safari/537.36"
74.125.150.33 - - [24/Mar/2025:21:11:45 +0000] "GET / HTTP/1.1" 200 214 "-" "Mozilla/5.0 (X11; Linux x86_64) AppleWebKit/537.36 (KHTML, like Gecko) Chrome/133.0.6943.141 Safari/537.36 PlayStore-Google"
157.55.39.61 - - [25/Mar/2025:00:35:33 +0000] "GET /svg/unlink.svg HTTP/1.1" 200 283 "-" "Mozilla/5.0 AppleWebKit/537.36 (KHTML, like Gecko; compatible; bingbot/2.0; +http://www.bing.com/bingbot.htm) Chrome/116.0.1938.76 Safari/537.36"
51.8.102.197 - - [25/Mar/2025:00:36:32 +0000] "GET /robots.txt HTTP/1.1" 404 196 "-" "Mozilla/5.0 (Macintosh; Intel Mac OS X 10_15_7) AppleWebKit/537.36 (KHTML, like Gecko) Chrome/131.0.0.0 Safari/537.36; compatible; OAI-SearchBot/1.0; +https://openai.com/searchbot"
40.77.167.13 - - [25/Mar/2025:02:41:19 +0000] "GET /svg/apps-outline.svg HTTP/1.1" 200 1285 "-" "Mozilla/5.0 AppleWebKit/537.36 (KHTML, like Gecko; compatible; bingbot/2.0; +http://www.bing.com/bingbot.htm) Chrome/116.0.1938.76 Safari/537.36"
151.106.11.185 - - [25/Mar/2025:06:08:07 +0000] "GET /requests.log HTTP/1.1" 200 56682 "-" "Mozilla/5.0 (Windows NT 11.0; Win64; x64) AppleWebKit/537.36 (KHTML, like Gecko) Chrome/134.0.6998.45 Safari/537.36"
66.249.68.32 - - [25/Mar/2025:06:48:22 +0000] "GET /robots.txt HTTP/1.1" 404 196 "-" "Mozilla/5.0 (compatible; Googlebot/2.1; +http://www.google.com/bot.html)"
66.249.68.32 - - [25/Mar/2025:06:48:22 +0000] "GET /svg/cut-outline.svg HTTP/1.1" 200 934 "-" "Googlebot-Image/1.0"
66.249.68.32 - - [25/Mar/2025:07:46:10 +0000] "GET / HTTP/1.1" 200 214 "-" "Mozilla/5.0 (compatible; Googlebot/2.1; +http://www.google.com/bot.html)"
66.249.68.33 - - [25/Mar/2025:07:52:37 +0000] "GET / HTTP/1.1" 200 214 "-" "Mozilla/5.0 (compatible; Googlebot/2.1; +http://www.google.com/bot.html)"
52.167.144.57 - - [25/Mar/2025:08:01:23 +0000] "GET /robots.txt HTTP/1.1" 404 196 "-" "Mozilla/5.0 AppleWebKit/537.36 (KHTML, like Gecko; compatible; bingbot/2.0; +http://www.bing.com/bingbot.htm) Chrome/116.0.1938.76 Safari/537.36"
157.55.39.13 - - [25/Mar/2025:08:01:27 +0000] "GET /svg/home.svg HTTP/1.1" 200 631 "-" "Mozilla/5.0 AppleWebKit/537.36 (KHTML, like Gecko; compatible; bingbot/2.0; +http://www.bing.com/bingbot.htm) Chrome/116.0.1938.76 Safari/537.36"
66.249.68.39 - - [25/Mar/2025:09:48:22 +0000] "GET /assets/papel.jpg HTTP/1.1" 304 - "-" "Googlebot-Image/1.0"
157.55.39.6 - - [25/Mar/2025:09:58:00 +0000] "GET /svg/alarm.svg HTTP/1.1" 200 868 "-" "Mozilla/5.0 AppleWebKit/537.36 (KHTML, like Gecko; compatible; bingbot/2.0; +http://www.bing.com/bingbot.htm) Chrome/116.0.1938.76 Safari/537.36"
66.249.68.33 - - [25/Mar/2025:11:06:10 +0000] "GET /assets/ HTTP/1.1" 200 291 "-" "Mozilla/5.0 (Linux; Android 6.0.1; Nexus 5X Build/MMB29P) AppleWebKit/537.36 (KHTML, like Gecko) Chrome/134.0.6998.165 Mobile Safari/537.36 (compatible; Googlebot/2.1; +http://www.google.com/bot.html)"
66.249.68.32 - - [25/Mar/2025:11:06:24 +0000] "GET /favicon.ico HTTP/1.1" 404 196 "-" "Googlebot-Image/1.0"
40.77.167.54 - - [25/Mar/2025:11:31:21 +0000] "GET /svg/contrast-outline.svg HTTP/1.1" 200 279 "-" "Mozilla/5.0 AppleWebKit/537.36 (KHTML, like Gecko; compatible; bingbot/2.0; +http://www.bing.com/bingbot.htm) Chrome/116.0.1938.76 Safari/537.36"
52.167.144.228 - - [25/Mar/2025:12:23:56 +0000] "GET /svg/trail-sign-outline.svg HTTP/1.1" 200 482 "-" "Mozilla/5.0 AppleWebKit/537.36 (KHTML, like Gecko; compatible; bingbot/2.0; +http://www.bing.com/bingbot.htm) Chrome/116.0.1938.76 Safari/537.36"
66.249.68.39 - - [25/Mar/2025:12:48:22 +0000] "GET /assets/shapes.svg HTTP/1.1" 304 - "-" "Googlebot-Image/1.0"
34.91.12.73 - - [25/Mar/2025:13:27:11 +0000] "GET /app-ads.txt HTTP/1.1" 404 196 "-" "Mozilla/5.0 (Windows NT 10.0; Win64; x64) AppleWebKit/537.36 (KHTML, like Gecko) Chrome/130.0.0.0 Safari/537.36 AVG/130.0.0.0"
52.167.144.235 - - [25/Mar/2025:13:43:14 +0000] "GET /svg/podium-outline.svg HTTP/1.1" 200 408 "-" "Mozilla/5.0 AppleWebKit/537.36 (KHTML, like Gecko; compatible; bingbot/2.0; +http://www.bing.com/bingbot.htm) Chrome/116.0.1938.76 Safari/537.36"
66.249.68.32 - - [25/Mar/2025:14:06:10 +0000] "GET /error.log HTTP/1.1" 200 10294 "-" "Mozilla/5.0 (Linux; Android 6.0.1; Nexus 5X Build/MMB29P) AppleWebKit/537.36 (KHTML, like Gecko) Chrome/134.0.6998.165 Mobile Safari/537.36 (compatible; Googlebot/2.1; +http://www.google.com/bot.html)"
40.77.167.11 - - [25/Mar/2025:15:14:31 +0000] "GET /svg/keypad-outline.svg HTTP/1.1" 200 1162 "-" "Mozilla/5.0 AppleWebKit/537.36 (KHTML, like Gecko; compatible; bingbot/2.0; +http://www.bing.com/bingbot.htm) Chrome/116.0.1938.76 Safari/537.36"
66.249.68.33 - - [25/Mar/2025:15:23:15 +0000] "GET /svg/ear-sharp.svg HTTP/1.1" 200 708 "-" "Googlebot-Image/1.0"
66.249.68.32 - - [25/Mar/2025:15:56:17 +0000] "GET /app-ads.txt HTTP/1.1" 404 196 "-" "Google-adstxt"
51.8.102.92 - - [25/Mar/2025:16:40:18 +0000] "GET /robots.txt HTTP/1.1" 404 196 "-" "Mozilla/5.0 (Macintosh; Intel Mac OS X 10_15_7) AppleWebKit/537.36 (KHTML, like Gecko) Chrome/131.0.0.0 Safari/537.36; compatible; OAI-SearchBot/1.0; +https://openai.com/searchbot"
52.167.144.23 - - [25/Mar/2025:16:42:10 +0000] "GET /svg/rainy-outline.svg HTTP/1.1" 200 600 "-" "Mozilla/5.0 AppleWebKit/537.36 (KHTML, like Gecko; compatible; bingbot/2.0; +http://www.bing.com/bingbot.htm) Chrome/116.0.1938.76 Safari/537.36"
52.167.144.213 - - [25/Mar/2025:19:57:49 +0000] "GET /svg/stopwatch.svg HTTP/1.1" 200 418 "-" "Mozilla/5.0 AppleWebKit/537.36 (KHTML, like Gecko; compatible; bingbot/2.0; +http://www.bing.com/bingbot.htm) Chrome/116.0.1938.76 Safari/537.36"
66.249.68.39 - - [25/Mar/2025:20:32:22 +0000] "GET /robots.txt HTTP/1.1" 404 196 "-" "Mozilla/5.0 (compatible; Googlebot/2.1; +http://www.google.com/bot.html)"
66.249.68.33 - - [25/Mar/2025:20:32:22 +0000] "GET /svg/people-circle-outline.svg HTTP/1.1" 200 1159 "-" "Googlebot-Image/1.0"
66.249.68.39 - - [25/Mar/2025:22:06:22 +0000] "GET /svg/disc-outline.svg HTTP/1.1" 200 346 "-" "Googlebot-Image/1.0"
52.167.144.193 - - [25/Mar/2025:22:40:36 +0000] "GET /svg/swap-horizontal.svg HTTP/1.1" 200 292 "-" "Mozilla/5.0 AppleWebKit/537.36 (KHTML, like Gecko; compatible; bingbot/2.0; +http://www.bing.com/bingbot.htm) Chrome/116.0.1938.76 Safari/537.36"
157.55.39.201 - - [25/Mar/2025:23:54:47 +0000] "GET /svg/person-add.svg HTTP/1.1" 200 670 "-" "Mozilla/5.0 AppleWebKit/537.36 (KHTML, like Gecko; compatible; bingbot/2.0; +http://www.bing.com/bingbot.htm) Chrome/116.0.1938.76 Safari/537.36"
216.24.216.51 - - [25/Mar/2025:23:57:40 +0000] "GET /requests.log HTTP/1.1" 200 57203 "-" "Mozilla/5.0 (Windows NT 11.0; Win64; x64) AppleWebKit/537.36 (KHTML, like Gecko) Chrome/134.0.6998.45 Safari/537.36"
66.249.68.33 - - [26/Mar/2025:01:01:22 +0000] "GET /svg/caret-down-circle-sharp.svg HTTP/1.1" 200 250 "-" "Googlebot-Image/1.0"
66.249.68.39 - - [26/Mar/2025:04:01:22 +0000] "GET /svg/thumbs-up-sharp.svg HTTP/1.1" 200 370 "-" "Googlebot-Image/1.0"
66.249.68.33 - - [26/Mar/2025:06:59:22 +0000] "GET /svg/library-outline.svg HTTP/1.1" 200 912 "-" "Googlebot-Image/1.0"
95.108.213.173 - - [26/Mar/2025:07:30:40 +0000] "GET /robots.txt HTTP/1.1" 404 196 "-" "Mozilla/5.0 (compatible; YandexBot/3.0; +http://yandex.com/bots)"
5.255.231.111 - - [26/Mar/2025:07:30:41 +0000] "GET /assets/icon/ HTTP/1.1" 200 216 "-" "Mozilla/5.0 (compatible; YandexBot/3.0; +http://yandex.com/bots)"
66.249.68.39 - - [26/Mar/2025:07:36:28 +0000] "GET / HTTP/1.1" 200 214 "-" "Mozilla/5.0 (compatible; Googlebot/2.1; +http://www.google.com/bot.html)"
51.8.102.10 - - [26/Mar/2025:08:38:12 +0000] "GET /robots.txt HTTP/1.1" 404 196 "-" "Mozilla/5.0 (Macintosh; Intel Mac OS X 10_15_7) AppleWebKit/537.36 (KHTML, like Gecko) Chrome/131.0.0.0 Safari/537.36; compatible; OAI-SearchBot/1.0; +https://openai.com/searchbot"
66.249.68.32 - - [26/Mar/2025:08:57:32 +0000] "GET /robots.txt HTTP/1.1" 404 196 "-" "Mozilla/5.0 (compatible; Googlebot/2.1; +http://www.google.com/bot.html)"
66.249.68.32 - - [26/Mar/2025:08:57:32 +0000] "GET / HTTP/1.1" 200 214 "-" "Mozilla/5.0 (compatible; Googlebot/2.1; +http://www.google.com/bot.html)"
52.167.144.57 - - [26/Mar/2025:09:19:19 +0000] "GET /robots.txt HTTP/1.1" 404 196 "-" "Mozilla/5.0 AppleWebKit/537.36 (KHTML, like Gecko; compatible; bingbot/2.0; +http://www.bing.com/bingbot.htm) Chrome/116.0.1938.76 Safari/537.36"
52.167.144.171 - - [26/Mar/2025:09:19:25 +0000] "GET /svg/invert-mode.svg HTTP/1.1" 200 333 "-" "Mozilla/5.0 AppleWebKit/537.36 (KHTML, like Gecko; compatible; bingbot/2.0; +http://www.bing.com/bingbot.htm) Chrome/116.0.1938.76 Safari/537.36"
66.249.68.33 - - [26/Mar/2025:10:00:22 +0000] "GET /svg/logo-apple-appstore.svg HTTP/1.1" 200 1044 "-" "Googlebot-Image/1.0"
66.249.68.33 - - [26/Mar/2025:12:59:22 +0000] "GET /svg/bookmark-sharp.svg HTTP/1.1" 200 153 "-" "Googlebot-Image/1.0"
188.166.209.119 - - [26/Mar/2025:14:57:32 +0000] "GET /robots.txt HTTP/1.1" 404 196 "-" "Mozilla/5.0 (compatible; WellKnownBot/0.1; +https://well-known.dev/about/#bot)"
188.166.209.119 - - [26/Mar/2025:14:57:36 +0000] "GET /ads.txt HTTP/1.1" 404 196 "-" "Mozilla/5.0 (compatible; WellKnownBot/0.1; +https://well-known.dev/about/#bot)"
188.166.209.119 - - [26/Mar/2025:14:57:41 +0000] "GET /app-ads.txt HTTP/1.1" 404 196 "-" "Mozilla/5.0 (compatible; WellKnownBot/0.1; +https://well-known.dev/about/#bot)"
188.166.209.119 - - [26/Mar/2025:14:57:46 +0000] "GET /.well-known/apple-app-site-association HTTP/1.1" 404 196 "-" "Mozilla/5.0 (compatible; WellKnownBot/0.1; +https://well-known.dev/about/#bot)"
188.166.209.119 - - [26/Mar/2025:14:57:52 +0000] "GET /apple-app-site-association HTTP/1.1" 404 196 "-" "Mozilla/5.0 (compatible; WellKnownBot/0.1; +https://well-known.dev/about/#bot)"
188.166.209.119 - - [26/Mar/2025:14:57:56 +0000] "GET /.well-known/assetlinks.json HTTP/1.1" 404 196 "-" "Mozilla/5.0 (compatible; WellKnownBot/0.1; +https://well-known.dev/about/#bot)"
188.166.209.119 - - [26/Mar/2025:14:58:02 +0000] "GET /.well-known/gpc.json HTTP/1.1" 404 196 "-" "Mozilla/5.0 (compatible; WellKnownBot/0.1; +https://well-known.dev/about/#bot)"
188.166.209.119 - - [26/Mar/2025:14:58:07 +0000] "GET /.well-known/nodeinfo HTTP/1.1" 404 196 "-" "Mozilla/5.0 (compatible; WellKnownBot/0.1; +https://well-known.dev/about/#bot)"
188.166.209.119 - - [26/Mar/2025:14:58:12 +0000] "GET /.well-known/openid-configuration HTTP/1.1" 404 196 "-" "Mozilla/5.0 (compatible; WellKnownBot/0.1; +https://well-known.dev/about/#bot)"
188.166.209.119 - - [26/Mar/2025:14:58:16 +0000] "GET /.well-known/security.txt HTTP/1.1" 404 196 "-" "Mozilla/5.0 (compatible; WellKnownBot/0.1; +https://well-known.dev/about/#bot)"
188.166.209.119 - - [26/Mar/2025:14:58:21 +0000] "GET /security.txt HTTP/1.1" 404 196 "-" "Mozilla/5.0 (compatible; WellKnownBot/0.1; +https://well-known.dev/about/#bot)"
188.166.209.119 - - [26/Mar/2025:14:58:26 +0000] "GET /.well-known/trust.txt HTTP/1.1" 404 196 "-" "Mozilla/5.0 (compatible; WellKnownBot/0.1; +https://well-known.dev/about/#bot)"
188.166.209.119 - - [26/Mar/2025:14:58:32 +0000] "GET /trust.txt HTTP/1.1" 404 196 "-" "Mozilla/5.0 (compatible; WellKnownBot/0.1; +https://well-known.dev/about/#bot)"
66.249.68.39 - - [26/Mar/2025:15:26:54 +0000] "GET /app-ads.txt HTTP/1.1" 404 196 "-" "Google-adstxt"
207.46.13.155 - - [26/Mar/2025:18:46:07 +0000] "GET /svg/chevron-back.svg HTTP/1.1" 200 238 "-" "Mozilla/5.0 AppleWebKit/537.36 (KHTML, like Gecko; compatible; bingbot/2.0; +http://www.bing.com/bingbot.htm) Chrome/116.0.1938.76 Safari/537.36"
52.167.144.185 - - [26/Mar/2025:19:33:01 +0000] "GET /svg/cloud-offline-outline.svg HTTP/1.1" 200 531 "-" "Mozilla/5.0 AppleWebKit/537.36 (KHTML, like Gecko; compatible; bingbot/2.0; +http://www.bing.com/bingbot.htm) Chrome/116.0.1938.76 Safari/537.36"
74.125.150.32 - - [27/Mar/2025:03:27:29 +0000] "GET / HTTP/1.1" 200 214 "-" "Mozilla/5.0 (X11; Linux x86_64) AppleWebKit/537.36 (KHTML, like Gecko) Chrome/133.0.6943.141 Safari/537.36 PlayStore-Google"
181.215.176.238 - - [27/Mar/2025:07:56:12 +0000] "GET /requests.log HTTP/1.1" 200 57655 "-" "Mozilla/5.0 (Windows NT 11.0; Win64; x64) AppleWebKit/537.36 (KHTML, like Gecko) Chrome/134.0.6998.45 Safari/537.36"
66.249.68.39 - - [27/Mar/2025:08:20:55 +0000] "GET /robots.txt HTTP/1.1" 404 196 "-" "Mozilla/5.0 (compatible; Googlebot/2.1; +http://www.google.com/bot.html)"
66.249.68.32 - - [27/Mar/2025:08:20:55 +0000] "GET / HTTP/1.1" 200 214 "-" "Mozilla/5.0 (compatible; Googlebot/2.1; +http://www.google.com/bot.html)"
66.249.68.32 - - [27/Mar/2025:08:38:19 +0000] "GET / HTTP/1.1" 200 214 "-" "Mozilla/5.0 (compatible; Googlebot/2.1; +http://www.google.com/bot.html)"
66.249.68.39 - - [27/Mar/2025:10:03:26 +0000] "GET /svg/cut-outline.svg HTTP/1.1" 200 934 "-" "Googlebot-Image/1.0"
66.249.68.39 - - [27/Mar/2025:13:03:26 +0000] "GET /assets/cor.png HTTP/1.1" 304 - "-" "Googlebot-Image/1.0"
40.84.221.223 - - [27/Mar/2025:13:53:59 +0000] "GET / HTTP/1.1" 200 214 "-" "Mozilla/5.0 AppleWebKit/537.36 (KHTML, like Gecko); compatible; ChatGPT-User/1.0; +https://openai.com/bot"
66.249.68.32 - - [27/Mar/2025:13:54:07 +0000] "GET / HTTP/1.1" 200 214 "-" "Mozilla/5.0 (Linux; Android 6.0.1; Nexus 5X Build/MMB29P) AppleWebKit/537.36 (KHTML, like Gecko) Chrome/99.0.4844.84 Mobile Safari/537.36 (compatible; Googlebot/2.1; +http://www.google.com/bot.html)"
66.249.68.32 - - [27/Mar/2025:13:54:08 +0000] "GET / HTTP/1.1" 200 214 "-" "Mozilla/5.0 (compatible; Googlebot/2.1; +http://www.google.com/bot.html)"
51.8.102.92 - - [27/Mar/2025:13:54:39 +0000] "GET /robots.txt HTTP/1.1" 404 196 "-" "Mozilla/5.0 (Macintosh; Intel Mac OS X 10_15_7) AppleWebKit/537.36 (KHTML, like Gecko) Chrome/131.0.0.0 Safari/537.36; compatible; OAI-SearchBot/1.0; +https://openai.com/searchbot"
66.249.68.33 - - [27/Mar/2025:14:57:35 +0000] "GET /app-ads.txt HTTP/1.1" 404 196 "-" "Google-adstxt"
66.249.68.32 - - [27/Mar/2025:16:01:36 +0000] "GET /svg/ear-sharp.svg HTTP/1.1" 200 708 "-" "Googlebot-Image/1.0"
207.46.13.14 - - [27/Mar/2025:18:56:53 +0000] "GET /svg/hardware-chip.svg HTTP/1.1" 200 884 "-" "Mozilla/5.0 AppleWebKit/537.36 (KHTML, like Gecko; compatible; bingbot/2.0; +http://www.bing.com/bingbot.htm) Chrome/116.0.1938.76 Safari/537.36"
45.88.97.76 - - [28/Mar/2025:01:12:48 +0000] "GET /requests.log HTTP/1.1" 200 57856 "-" "Mozilla/5.0 (Windows NT 11.0; Win64; x64) AppleWebKit/537.36 (KHTML, like Gecko) Chrome/134.0.6998.45 Safari/537.36"
66.249.68.39 - - [28/Mar/2025:09:16:08 +0000] "GET /robots.txt HTTP/1.1" 404 196 "-" "Mozilla/5.0 (compatible; Googlebot/2.1; +http://www.google.com/bot.html)"
66.249.68.32 - - [28/Mar/2025:09:16:09 +0000] "GET / HTTP/1.1" 200 214 "-" "Mozilla/5.0 (compatible; Googlebot/2.1; +http://www.google.com/bot.html)"
158.49.69.100 - - [28/Mar/2025:10:04:52 +0000] "GET /.env HTTP/1.1" 404 196 "-" "PostmanRuntime/7.43.2"
51.8.102.197 - - [28/Mar/2025:10:49:45 +0000] "GET /robots.txt HTTP/1.1" 404 196 "-" "Mozilla/5.0 (Macintosh; Intel Mac OS X 10_15_7) AppleWebKit/537.36 (KHTML, like Gecko) Chrome/131.0.0.0 Safari/537.36; compatible; OAI-SearchBot/1.0; +https://openai.com/searchbot"
66.249.68.39 - - [28/Mar/2025:11:28:02 +0000] "GET / HTTP/1.1" 200 214 "-" "Mozilla/5.0 (compatible; Googlebot/2.1; +http://www.google.com/bot.html)"
66.249.68.39 - - [28/Mar/2025:12:17:09 +0000] "GET / HTTP/1.1" 200 214 "-" "Mozilla/5.0 (compatible; Googlebot/2.1; +http://www.google.com/bot.html)"
66.249.68.39 - - [28/Mar/2025:14:28:11 +0000] "GET /app-ads.txt HTTP/1.1" 404 196 "-" "Google-adstxt"
66.249.68.32 - - [28/Mar/2025:15:04:07 +0000] "GET / HTTP/1.1" 200 214 "-" "Mozilla/5.0 (compatible; Googlebot/2.1; +http://www.google.com/bot.html)"
66.249.68.33 - - [28/Mar/2025:16:10:15 +0000] "GET /svg/disc-outline.svg HTTP/1.1" 200 346 "-" "Googlebot-Image/1.0"
66.249.68.32 - - [28/Mar/2025:19:11:50 +0000] "GET / HTTP/1.1" 200 214 "-" "Mozilla/5.0 (compatible; Googlebot/2.1; +http://www.google.com/bot.html)"
66.249.68.39 - - [28/Mar/2025:19:23:15 +0000] "GET /svg/logo-apple-appstore.svg HTTP/1.1" 200 1044 "-" "Googlebot-Image/1.0"
66.249.68.33 - - [28/Mar/2025:20:05:06 +0000] "GET / HTTP/1.1" 200 214 "-" "Mozilla/5.0 (compatible; Googlebot/2.1; +http://www.google.com/bot.html)"
66.249.68.32 - - [28/Mar/2025:22:13:16 +0000] "GET /robots.txt HTTP/1.1" 404 196 "-" "Mozilla/5.0 (compatible; Googlebot/2.1; +http://www.google.com/bot.html)"
66.249.68.32 - - [28/Mar/2025:22:13:16 +0000] "GET /svg/bookmark-sharp.svg HTTP/1.1" 200 153 "-" "Googlebot-Image/1.0"
213.180.203.191 - - [28/Mar/2025:22:37:01 +0000] "GET /robots.txt HTTP/1.1" 404 196 "-" "Mozilla/5.0 (compatible; YandexBot/3.0; +http://yandex.com/bots)"
5.255.231.157 - - [28/Mar/2025:22:37:02 +0000] "GET /assets/data/ HTTP/1.1" 200 203 "-" "Mozilla/5.0 (compatible; YandexBot/3.0; +http://yandex.com/bots)"
66.249.68.32 - - [29/Mar/2025:01:17:15 +0000] "GET /svg/thumbs-up-sharp.svg HTTP/1.1" 200 370 "-" "Googlebot-Image/1.0"
66.249.68.33 - - [29/Mar/2025:04:15:15 +0000] "GET /svg/library-outline.svg HTTP/1.1" 200 912 "-" "Googlebot-Image/1.0"
51.8.102.127 - - [29/Mar/2025:04:18:59 +0000] "GET /robots.txt HTTP/1.1" 404 196 "-" "Mozilla/5.0 (Macintosh; Intel Mac OS X 10_15_7) AppleWebKit/537.36 (KHTML, like Gecko) Chrome/131.0.0.0 Safari/537.36; compatible; OAI-SearchBot/1.0; +https://openai.com/searchbot"
66.249.68.39 - - [29/Mar/2025:08:02:57 +0000] "GET / HTTP/1.1" 200 214 "-" "Mozilla/5.0 (compatible; Googlebot/2.1; +http://www.google.com/bot.html)"
102.129.153.247 - - [29/Mar/2025:09:03:58 +0000] "GET /requests.log HTTP/1.1" 200 58114 "-" "Mozilla/5.0 (Windows NT 11.0; Win64; x64) AppleWebKit/537.36 (KHTML, like Gecko) Chrome/134.0.6998.45 Safari/537.36"
66.249.68.33 - - [29/Mar/2025:09:59:37 +0000] "GET /svg/caret-down-circle-sharp.svg HTTP/1.1" 200 250 "-" "Googlebot-Image/1.0"
138.68.15.99 - - [29/Mar/2025:11:16:41 +0000] "GET /app-ads.txt HTTP/1.1" 404 196 "-" "Mozilla/5.0 (Windows NT 10.0; Win64; x64) AppleWebKit/537.36 (KHTML, like Gecko) Chrome/85.0.4183.121 Safari/537.36"
138.68.15.99 - - [29/Mar/2025:11:16:41 +0000] "GET /app-ads.txt HTTP/1.1" 404 196 "-" "Mozilla/5.0 (Windows NT 10.0; Win64; x64) AppleWebKit/537.36 (KHTML, like Gecko) Chrome/85.0.4183.121 Safari/537.36"
138.68.15.99 - - [29/Mar/2025:11:16:42 +0000] "GET /app-ads.txt HTTP/1.1" 404 196 "-" "Mozilla/5.0 (Windows NT 10.0; Win64; x64) AppleWebKit/537.36 (KHTML, like Gecko) Chrome/85.0.4183.121 Safari/537.36"
138.68.15.99 - - [29/Mar/2025:11:16:43 +0000] "GET /app-ads.txt HTTP/1.1" 404 196 "-" "Mozilla/5.0 (Windows NT 10.0; Win64; x64) AppleWebKit/537.36 (KHTML, like Gecko) Chrome/85.0.4183.121 Safari/537.36"
138.68.15.99 - - [29/Mar/2025:11:16:43 +0000] "GET /app-ads.txt HTTP/1.1" 404 196 "-" "Mozilla/5.0 (Windows NT 10.0; Win64; x64) AppleWebKit/537.36 (KHTML, like Gecko) Chrome/85.0.4183.121 Safari/537.36"
66.249.68.39 - - [29/Mar/2025:12:13:40 +0000] "GET /robots.txt HTTP/1.1" 404 196 "-" "Mozilla/5.0 (compatible; Googlebot/2.1; +http://www.google.com/bot.html)"
66.249.68.32 - - [29/Mar/2025:12:13:41 +0000] "GET /svg/cut-outline.svg HTTP/1.1" 200 934 "-" "Googlebot-Image/1.0"
66.249.68.32 - - [29/Mar/2025:12:20:44 +0000] "GET /assets/uex2.png HTTP/1.1" 304 - "-" "Googlebot-Image/1.0"
66.249.68.39 - - [29/Mar/2025:12:59:37 +0000] "GET /svg/people-circle-outline.svg HTTP/1.1" 200 1159 "-" "Googlebot-Image/1.0"
66.249.68.39 - - [29/Mar/2025:13:58:39 +0000] "GET /app-ads.txt HTTP/1.1" 404 196 "-" "Google-adstxt"
66.249.68.33 - - [29/Mar/2025:15:13:39 +0000] "GET /assets/fondo2.png HTTP/1.1" 304 - "-" "Googlebot-Image/1.0"
66.249.68.33 - - [29/Mar/2025:15:20:44 +0000] "GET /assets/uex3.png HTTP/1.1" 304 - "-" "Googlebot-Image/1.0"
5.255.231.55 - - [29/Mar/2025:15:57:25 +0000] "GET /robots.txt HTTP/1.1" 404 196 "-" "Mozilla/5.0 (compatible; YandexBot/3.0; +http://yandex.com/bots)"
213.180.203.168 - - [29/Mar/2025:15:57:26 +0000] "GET /robots.txt HTTP/1.1" 404 196 "-" "Mozilla/5.0 (compatible; YandexBot/3.0; +http://yandex.com/bots)"
213.180.203.159 - - [29/Mar/2025:15:57:27 +0000] "GET /robots.txt HTTP/1.1" 404 196 "-" "Mozilla/5.0 (compatible; YandexBot/3.0; +http://yandex.com/bots)"
213.180.203.206 - - [29/Mar/2025:15:57:29 +0000] "GET /robots.txt HTTP/1.1" 404 196 "-" "Mozilla/5.0 (compatible; YandexBot/3.0; +http://yandex.com/bots)"
213.180.203.139 - - [29/Mar/2025:15:57:29 +0000] "GET /robots.txt HTTP/1.1" 404 196 "-" "Mozilla/5.0 (compatible; YandexBot/3.0; +http://yandex.com/bots)"
87.250.224.217 - - [29/Mar/2025:15:57:30 +0000] "GET /robots.txt HTTP/1.1" 404 196 "-" "Mozilla/5.0 (compatible; YandexBot/3.0; +http://yandex.com/bots)"
87.250.224.120 - - [29/Mar/2025:15:57:31 +0000] "GET /robots.txt HTTP/1.1" 404 196 "-" "Mozilla/5.0 (compatible; YandexBot/3.0; +http://yandex.com/bots)"
213.180.203.119 - - [29/Mar/2025:15:57:32 +0000] "GET /robots.txt HTTP/1.1" 404 196 "-" "Mozilla/5.0 (compatible; YandexBot/3.0; +http://yandex.com/bots)"
95.108.213.159 - - [29/Mar/2025:15:57:33 +0000] "GET /robots.txt HTTP/1.1" 404 196 "-" "Mozilla/5.0 (compatible; YandexBot/3.0; +http://yandex.com/bots)"
213.180.203.209 - - [29/Mar/2025:15:57:34 +0000] "GET /robots.txt HTTP/1.1" 404 196 "-" "Mozilla/5.0 (compatible; YandexBot/3.0; +http://yandex.com/bots)"
66.249.68.39 - - [29/Mar/2025:16:00:37 +0000] "GET /svg/ear-sharp.svg HTTP/1.1" 200 708 "-" "Googlebot-Image/1.0"
66.249.68.33 - - [29/Mar/2025:18:13:40 +0000] "GET /assets/esp.jpeg HTTP/1.1" 304 - "-" "Googlebot-Image/1.0"
51.8.102.157 - - [29/Mar/2025:20:58:58 +0000] "GET /robots.txt HTTP/1.1" 404 196 "-" "Mozilla/5.0 (Macintosh; Intel Mac OS X 10_15_7) AppleWebKit/537.36 (KHTML, like Gecko) Chrome/131.0.0.0 Safari/537.36; compatible; OAI-SearchBot/1.0; +https://openai.com/searchbot"
66.249.68.33 - - [30/Mar/2025:07:43:46 +0000] "GET /robots.txt HTTP/1.1" 404 196 "-" "Mozilla/5.0 (compatible; Googlebot/2.1; +http://www.google.com/bot.html)"
66.249.68.39 - - [30/Mar/2025:07:43:46 +0000] "GET / HTTP/1.1" 200 214 "-" "Mozilla/5.0 (compatible; Googlebot/2.1; +http://www.google.com/bot.html)"
66.249.68.33 - - [30/Mar/2025:07:44:33 +0000] "GET / HTTP/1.1" 200 214 "-" "Mozilla/5.0 (compatible; Googlebot/2.1; +http://www.google.com/bot.html)"
51.8.102.92 - - [30/Mar/2025:12:57:30 +0000] "GET /robots.txt HTTP/1.1" 404 196 "-" "Mozilla/5.0 (Macintosh; Intel Mac OS X 10_15_7) AppleWebKit/537.36 (KHTML, like Gecko) Chrome/131.0.0.0 Safari/537.36; compatible; OAI-SearchBot/1.0; +https://openai.com/searchbot"
66.249.68.33 - - [30/Mar/2025:13:29:16 +0000] "GET /app-ads.txt HTTP/1.1" 404 196 "-" "Google-adstxt"
66.249.68.33 - - [30/Mar/2025:21:58:35 +0000] "GET /robots.txt HTTP/1.1" 404 196 "-" "Mozilla/5.0 (compatible; Googlebot/2.1; +http://www.google.com/bot.html)"
66.249.68.39 - - [30/Mar/2025:21:58:36 +0000] "GET /svg/disc-outline.svg HTTP/1.1" 200 346 "-" "Googlebot-Image/1.0"
66.249.68.39 - - [30/Mar/2025:22:49:36 +0000] "GET /svg/logo-apple-appstore.svg HTTP/1.1" 200 1044 "-" "Googlebot-Image/1.0"
66.249.68.32 - - [31/Mar/2025:01:13:48 +0000] "GET /svg/bookmark-sharp.svg HTTP/1.1" 200 153 "-" "Googlebot-Image/1.0"
74.125.150.32 - - [31/Mar/2025:02:11:05 +0000] "GET / HTTP/1.1" 200 214 "-" "Mozilla/5.0 (X11; Linux x86_64) AppleWebKit/537.36 (KHTML, like Gecko) Chrome/134.0.6998.165 Safari/537.36 PlayStore-Google"
66.249.68.39 - - [31/Mar/2025:04:50:49 +0000] "GET /svg/thumbs-up-sharp.svg HTTP/1.1" 200 370 "-" "Googlebot-Image/1.0"
51.8.102.233 - - [31/Mar/2025:04:54:25 +0000] "GET /robots.txt HTTP/1.1" 404 196 "-" "Mozilla/5.0 (Macintosh; Intel Mac OS X 10_15_7) AppleWebKit/537.36 (KHTML, like Gecko) Chrome/131.0.0.0 Safari/537.36; compatible; OAI-SearchBot/1.0; +https://openai.com/searchbot"
52.167.144.57 - - [31/Mar/2025:07:03:44 +0000] "GET /robots.txt HTTP/1.1" 404 196 "-" "Mozilla/5.0 AppleWebKit/537.36 (KHTML, like Gecko; compatible; bingbot/2.0; +http://www.bing.com/bingbot.htm) Chrome/116.0.1938.76 Safari/537.36"
40.77.167.156 - - [31/Mar/2025:07:03:47 +0000] "GET / HTTP/1.1" 200 214 "-" "Mozilla/5.0 AppleWebKit/537.36 (KHTML, like Gecko; compatible; bingbot/2.0; +http://www.bing.com/bingbot.htm) Chrome/116.0.1938.76 Safari/537.36"
66.249.68.33 - - [31/Mar/2025:07:19:35 +0000] "GET /svg/library-outline.svg HTTP/1.1" 200 912 "-" "Googlebot-Image/1.0"
66.249.68.33 - - [31/Mar/2025:08:19:47 +0000] "GET / HTTP/1.1" 200 214 "-" "Mozilla/5.0 (compatible; Googlebot/2.1; +http://www.google.com/bot.html)"
66.249.68.33 - - [31/Mar/2025:08:21:16 +0000] "GET / HTTP/1.1" 200 214 "-" "Mozilla/5.0 (compatible; Googlebot/2.1; +http://www.google.com/bot.html)"
66.249.68.33 - - [31/Mar/2025:12:59:40 +0000] "GET /robots.txt HTTP/1.1" 404 196 "-" "Mozilla/5.0 (compatible; Googlebot/2.1; +http://www.google.com/bot.html)"
66.249.68.33 - - [31/Mar/2025:12:59:40 +0000] "GET /app-ads.txt HTTP/1.1" 404 196 "-" "Google-adstxt"
66.249.68.39 - - [31/Mar/2025:15:32:53 +0000] "GET /svg/cut-outline.svg HTTP/1.1" 200 934 "-" "Googlebot-Image/1.0"
66.249.68.33 - - [31/Mar/2025:17:29:44 +0000] "GET /svg/caret-down-circle-sharp.svg HTTP/1.1" 200 250 "-" "Googlebot-Image/1.0"
66.249.68.32 - - [31/Mar/2025:18:34:09 +0000] "GET /assets/fondo.png HTTP/1.1" 304 - "-" "Googlebot-Image/1.0"
66.249.68.33 - - [31/Mar/2025:18:59:44 +0000] "GET /svg/ear-sharp.svg HTTP/1.1" 200 708 "-" "Googlebot-Image/1.0"
66.249.68.32 - - [31/Mar/2025:20:29:44 +0000] "GET /svg/people-circle-outline.svg HTTP/1.1" 200 1159 "-" "Googlebot-Image/1.0"
51.8.102.89 - - [31/Mar/2025:20:57:04 +0000] "GET /robots.txt HTTP/1.1" 404 196 "-" "Mozilla/5.0 (Macintosh; Intel Mac OS X 10_15_7) AppleWebKit/537.36 (KHTML, like Gecko) Chrome/131.0.0.0 Safari/537.36; compatible; OAI-SearchBot/1.0; +https://openai.com/searchbot"
66.249.68.32 - - [31/Mar/2025:21:34:09 +0000] "GET /assets/uex.jpeg HTTP/1.1" 304 - "-" "Googlebot-Image/1.0"
74.125.150.32 - - [31/Mar/2025:21:57:42 +0000] "GET / HTTP/1.1" 200 214 "-" "Mozilla/5.0 (X11; Linux x86_64) AppleWebKit/537.36 (KHTML, like Gecko) Chrome/134.0.6998.165 Safari/537.36 PlayStore-Google"
20.215.188.203 - - [01/Apr/2025:00:18:06 +0000] "GET /requests.log HTTP/1.1" 200 58710 "-" "Mozilla/5.0 AppleWebKit/537.36 (KHTML, like Gecko); compatible; ChatGPT-User/1.0; +https://openai.com/bot"
20.215.188.193 - - [01/Apr/2025:00:18:07 +0000] "GET / HTTP/1.1" 200 214 "-" "Mozilla/5.0 AppleWebKit/537.36 (KHTML, like Gecko); compatible; ChatGPT-User/1.0; +https://openai.com/bot"
51.8.102.122 - - [01/Apr/2025:00:18:48 +0000] "GET /robots.txt HTTP/1.1" 404 196 "-" "Mozilla/5.0 (Macintosh; Intel Mac OS X 10_15_7) AppleWebKit/537.36 (KHTML, like Gecko) Chrome/131.0.0.0 Safari/537.36; compatible; OAI-SearchBot/1.0; +https://openai.com/searchbot"
66.249.68.33 - - [01/Apr/2025:08:23:51 +0000] "GET /robots.txt HTTP/1.1" 404 196 "-" "Mozilla/5.0 (compatible; Googlebot/2.1; +http://www.google.com/bot.html)"
66.249.68.33 - - [01/Apr/2025:08:23:52 +0000] "GET / HTTP/1.1" 200 214 "-" "Mozilla/5.0 (compatible; Googlebot/2.1; +http://www.google.com/bot.html)"
66.249.68.39 - - [01/Apr/2025:08:26:37 +0000] "GET / HTTP/1.1" 200 214 "-" "Mozilla/5.0 (compatible; Googlebot/2.1; +http://www.google.com/bot.html)"
66.249.68.32 - - [01/Apr/2025:12:30:01 +0000] "GET /app-ads.txt HTTP/1.1" 404 196 "-" "Google-adstxt"
34.90.187.219 - - [01/Apr/2025:13:33:45 +0000] "GET /app-ads.txt HTTP/1.1" 404 196 "-" "Mozilla/5.0 (Linux; x86_64 GNU/Linux) AppleWebKit/601.1 (KHTML, like Gecko) Version/8.0 Safari/601.1 WPE ComcastAppPlatform SCXI11BEI Firebolt/1.3.0"
51.8.102.109 - - [01/Apr/2025:16:20:58 +0000] "GET /robots.txt HTTP/1.1" 404 196 "-" "Mozilla/5.0 (Macintosh; Intel Mac OS X 10_15_7) AppleWebKit/537.36 (KHTML, like Gecko) Chrome/131.0.0.0 Safari/537.36; compatible; OAI-SearchBot/1.0; +https://openai.com/searchbot"
66.249.68.32 - - [02/Apr/2025:03:25:16 +0000] "GET /robots.txt HTTP/1.1" 404 196 "-" "Mozilla/5.0 (compatible; Googlebot/2.1; +http://www.google.com/bot.html)"
66.249.68.39 - - [02/Apr/2025:03:25:16 +0000] "GET /svg/logo-apple-appstore.svg HTTP/1.1" 200 1044 "-" "Googlebot-Image/1.0"
66.249.68.39 - - [02/Apr/2025:06:28:16 +0000] "GET /svg/thumbs-up-sharp.svg HTTP/1.1" 200 370 "-" "Googlebot-Image/1.0"
51.8.102.197 - - [02/Apr/2025:08:21:30 +0000] "GET /robots.txt HTTP/1.1" 404 196 "-" "Mozilla/5.0 (Macintosh; Intel Mac OS X 10_15_7) AppleWebKit/537.36 (KHTML, like Gecko) Chrome/131.0.0.0 Safari/537.36; compatible; OAI-SearchBot/1.0; +https://openai.com/searchbot"
66.249.68.39 - - [02/Apr/2025:08:38:14 +0000] "GET / HTTP/1.1" 200 214 "-" "Mozilla/5.0 (compatible; Googlebot/2.1; +http://www.google.com/bot.html)"
66.249.68.33 - - [02/Apr/2025:09:05:09 +0000] "GET / HTTP/1.1" 200 214 "-" "Mozilla/5.0 (compatible; Googlebot/2.1; +http://www.google.com/bot.html)"
66.249.68.39 - - [02/Apr/2025:09:31:16 +0000] "GET /svg/disc-outline.svg HTTP/1.1" 200 346 "-" "Googlebot-Image/1.0"
66.249.79.76 - - [02/Apr/2025:12:00:14 +0000] "GET /app-ads.txt HTTP/1.1" 404 196 "-" "Google-adstxt"
66.249.79.64 - - [02/Apr/2025:12:25:16 +0000] "GET /svg/bookmark-sharp.svg HTTP/1.1" 200 153 "-" "Googlebot-Image/1.0"
66.249.79.65 - - [02/Apr/2025:15:25:17 +0000] "GET /svg/library-outline.svg HTTP/1.1" 200 912 "-" "Googlebot-Image/1.0"
66.249.79.64 - - [02/Apr/2025:15:25:17 +0000] "GET /robots.txt HTTP/1.1" 404 196 "-" "Mozilla/5.0 (compatible; Googlebot/2.1; +http://www.google.com/bot.html)"
66.249.79.65 - - [02/Apr/2025:18:32:19 +0000] "GET /svg/cut-outline.svg HTTP/1.1" 200 934 "-" "Googlebot-Image/1.0"
66.249.79.65 - - [02/Apr/2025:19:31:24 +0000] "GET /svg/caret-down-circle-sharp.svg HTTP/1.1" 200 250 "-" "Googlebot-Image/1.0"
66.249.79.65 - - [02/Apr/2025:21:32:19 +0000] "GET /assets/esp2.jpg HTTP/1.1" 304 - "-" "Googlebot-Image/1.0"
66.249.79.76 - - [02/Apr/2025:22:36:24 +0000] "GET /svg/ear-sharp.svg HTTP/1.1" 200 708 "-" "Googlebot-Image/1.0"
51.8.102.199 - - [03/Apr/2025:00:18:47 +0000] "GET /robots.txt HTTP/1.1" 404 196 "-" "Mozilla/5.0 (Macintosh; Intel Mac OS X 10_15_7) AppleWebKit/537.36 (KHTML, like Gecko) Chrome/131.0.0.0 Safari/537.36; compatible; OAI-SearchBot/1.0; +https://openai.com/searchbot"
66.249.79.76 - - [03/Apr/2025:01:32:24 +0000] "GET /svg/people-circle-outline.svg HTTP/1.1" 200 1159 "-" "Googlebot-Image/1.0"
72.14.199.128 - - [03/Apr/2025:02:12:34 +0000] "GET / HTTP/1.1" 200 214 "-" "Mozilla/5.0 (X11; Linux x86_64) AppleWebKit/537.36 (KHTML, like Gecko) Chrome/134.0.6998.165 Safari/537.36 PlayStore-Google"
66.249.79.64 - - [03/Apr/2025:07:53:43 +0000] "GET /robots.txt HTTP/1.1" 404 196 "-" "Mozilla/5.0 (compatible; Googlebot/2.1; +http://www.google.com/bot.html)"
66.249.79.64 - - [03/Apr/2025:07:53:43 +0000] "GET / HTTP/1.1" 200 214 "-" "Mozilla/5.0 (compatible; Googlebot/2.1; +http://www.google.com/bot.html)"
66.249.79.64 - - [03/Apr/2025:07:57:35 +0000] "GET / HTTP/1.1" 200 214 "-" "Mozilla/5.0 (compatible; Googlebot/2.1; +http://www.google.com/bot.html)"
66.249.79.65 - - [03/Apr/2025:11:30:41 +0000] "GET /app-ads.txt HTTP/1.1" 404 196 "-" "Google-adstxt"
51.8.102.122 - - [03/Apr/2025:16:31:57 +0000] "GET /robots.txt HTTP/1.1" 404 196 "-" "Mozilla/5.0 (Macintosh; Intel Mac OS X 10_15_7) AppleWebKit/537.36 (KHTML, like Gecko) Chrome/131.0.0.0 Safari/537.36; compatible; OAI-SearchBot/1.0; +https://openai.com/searchbot"
72.14.199.129 - - [04/Apr/2025:00:07:48 +0000] "GET / HTTP/1.1" 200 214 "-" "Mozilla/5.0 (X11; Linux x86_64) AppleWebKit/537.36 (KHTML, like Gecko) Chrome/134.0.6998.165 Safari/537.36 PlayStore-Google"
66.249.79.65 - - [04/Apr/2025:07:48:18 +0000] "GET /robots.txt HTTP/1.1" 404 196 "-" "Mozilla/5.0 (compatible; Googlebot/2.1; +http://www.google.com/bot.html)"
66.249.79.64 - - [04/Apr/2025:07:48:18 +0000] "GET / HTTP/1.1" 200 214 "-" "Mozilla/5.0 (compatible; Googlebot/2.1; +http://www.google.com/bot.html)"
66.249.79.65 - - [04/Apr/2025:07:50:25 +0000] "GET / HTTP/1.1" 200 214 "-" "Mozilla/5.0 (compatible; Googlebot/2.1; +http://www.google.com/bot.html)"
51.8.102.122 - - [04/Apr/2025:08:31:01 +0000] "GET /robots.txt HTTP/1.1" 404 196 "-" "Mozilla/5.0 (Macintosh; Intel Mac OS X 10_15_7) AppleWebKit/537.36 (KHTML, like Gecko) Chrome/131.0.0.0 Safari/537.36; compatible; OAI-SearchBot/1.0; +https://openai.com/searchbot"
66.249.79.65 - - [04/Apr/2025:11:01:07 +0000] "GET /app-ads.txt HTTP/1.1" 404 196 "-" "Google-adstxt"
66.249.79.76 - - [04/Apr/2025:18:20:15 +0000] "GET /svg/logo-apple-appstore.svg HTTP/1.1" 200 1044 "-" "Googlebot-Image/1.0"
66.249.79.64 - - [04/Apr/2025:19:53:16 +0000] "GET /robots.txt HTTP/1.1" 404 196 "-" "Mozilla/5.0 (compatible; Googlebot/2.1; +http://www.google.com/bot.html)"
66.249.79.76 - - [04/Apr/2025:19:53:16 +0000] "GET /svg/thumbs-up-sharp.svg HTTP/1.1" 200 370 "-" "Googlebot-Image/1.0"
66.249.79.64 - - [04/Apr/2025:20:16:21 +0000] "GET /svg/cut-outline.svg HTTP/1.1" 200 934 "-" "Googlebot-Image/1.0"
66.249.79.65 - - [04/Apr/2025:21:26:16 +0000] "GET /svg/bookmark-sharp.svg HTTP/1.1" 200 153 "-" "Googlebot-Image/1.0"
66.249.79.64 - - [04/Apr/2025:21:46:21 +0000] "GET /assets/UNEX.png HTTP/1.1" 304 - "-" "Googlebot-Image/1.0"
66.249.79.64 - - [04/Apr/2025:22:57:16 +0000] "GET /svg/library-outline.svg HTTP/1.1" 200 912 "-" "Googlebot-Image/1.0"
66.249.79.65 - - [04/Apr/2025:23:16:21 +0000] "GET /assets/papel.jpg HTTP/1.1" 304 - "-" "Googlebot-Image/1.0"
51.8.102.112 - - [05/Apr/2025:00:28:30 +0000] "GET /robots.txt HTTP/1.1" 404 196 "-" "Mozilla/5.0 (Macintosh; Intel Mac OS X 10_15_7) AppleWebKit/537.36 (KHTML, like Gecko) Chrome/131.0.0.0 Safari/537.36; compatible; OAI-SearchBot/1.0; +https://openai.com/searchbot"
66.249.79.76 - - [05/Apr/2025:00:29:16 +0000] "GET /svg/ear-sharp.svg HTTP/1.1" 200 708 "-" "Googlebot-Image/1.0"
66.249.79.64 - - [05/Apr/2025:00:46:22 +0000] "GET /assets/shapes.svg HTTP/1.1" 304 - "-" "Googlebot-Image/1.0"
66.249.79.76 - - [05/Apr/2025:01:59:16 +0000] "GET /svg/caret-down-circle-sharp.svg HTTP/1.1" 200 250 "-" "Googlebot-Image/1.0"
66.249.79.64 - - [05/Apr/2025:03:29:16 +0000] "GET /svg/people-circle-outline.svg HTTP/1.1" 200 1159 "-" "Googlebot-Image/1.0"
66.249.79.64 - - [05/Apr/2025:06:20:15 +0000] "GET /svg/disc-outline.svg HTTP/1.1" 200 346 "-" "Googlebot-Image/1.0"
66.249.79.65 - - [05/Apr/2025:08:08:01 +0000] "GET /robots.txt HTTP/1.1" 404 196 "-" "Mozilla/5.0 (compatible; Googlebot/2.1; +http://www.google.com/bot.html)"
66.249.79.76 - - [05/Apr/2025:08:08:02 +0000] "GET / HTTP/1.1" 200 214 "-" "Mozilla/5.0 (compatible; Googlebot/2.1; +http://www.google.com/bot.html)"
66.249.79.64 - - [05/Apr/2025:08:54:43 +0000] "GET / HTTP/1.1" 200 214 "-" "Mozilla/5.0 (compatible; Googlebot/2.1; +http://www.google.com/bot.html)"
66.249.79.76 - - [05/Apr/2025:10:31:18 +0000] "GET /app-ads.txt HTTP/1.1" 404 196 "-" "Google-adstxt"
159.203.34.139 - - [05/Apr/2025:11:19:12 +0000] "GET /app-ads.txt HTTP/1.1" 404 196 "-" "Mozilla/5.0 (Windows NT 10.0; Win64; x64) AppleWebKit/537.36 (KHTML, like Gecko) Chrome/85.0.4183.121 Safari/537.36"
159.203.34.139 - - [05/Apr/2025:11:19:12 +0000] "GET /app-ads.txt HTTP/1.1" 404 196 "-" "Mozilla/5.0 (Windows NT 10.0; Win64; x64) AppleWebKit/537.36 (KHTML, like Gecko) Chrome/85.0.4183.121 Safari/537.36"
159.203.34.139 - - [05/Apr/2025:11:19:13 +0000] "GET /app-ads.txt HTTP/1.1" 404 196 "-" "Mozilla/5.0 (Windows NT 10.0; Win64; x64) AppleWebKit/537.36 (KHTML, like Gecko) Chrome/85.0.4183.121 Safari/537.36"
159.203.34.139 - - [05/Apr/2025:11:19:13 +0000] "GET /app-ads.txt HTTP/1.1" 404 196 "-" "Mozilla/5.0 (Windows NT 10.0; Win64; x64) AppleWebKit/537.36 (KHTML, like Gecko) Chrome/85.0.4183.121 Safari/537.36"
159.203.34.139 - - [05/Apr/2025:11:19:14 +0000] "GET /app-ads.txt HTTP/1.1" 404 196 "-" "Mozilla/5.0 (Windows NT 10.0; Win64; x64) AppleWebKit/537.36 (KHTML, like Gecko) Chrome/85.0.4183.121 Safari/537.36"
51.8.102.121 - - [05/Apr/2025:16:30:12 +0000] "GET /robots.txt HTTP/1.1" 404 196 "-" "Mozilla/5.0 (Macintosh; Intel Mac OS X 10_15_7) AppleWebKit/537.36 (KHTML, like Gecko) Chrome/131.0.0.0 Safari/537.36; compatible; OAI-SearchBot/1.0; +https://openai.com/searchbot"
72.14.199.129 - - [06/Apr/2025:00:55:39 +0000] "GET / HTTP/1.1" 200 214 "-" "Mozilla/5.0 (X11; Linux x86_64) AppleWebKit/537.36 (KHTML, like Gecko) Chrome/134.0.6998.165 Safari/537.36 PlayStore-Google"
66.249.79.64 - - [06/Apr/2025:07:56:09 +0000] "GET /robots.txt HTTP/1.1" 404 196 "-" "Mozilla/5.0 (compatible; Googlebot/2.1; +http://www.google.com/bot.html)"
66.249.79.64 - - [06/Apr/2025:07:56:10 +0000] "GET / HTTP/1.1" 200 214 "-" "Mozilla/5.0 (compatible; Googlebot/2.1; +http://www.google.com/bot.html)"
66.249.79.64 - - [06/Apr/2025:07:57:58 +0000] "GET / HTTP/1.1" 200 214 "-" "Mozilla/5.0 (compatible; Googlebot/2.1; +http://www.google.com/bot.html)"
51.8.102.89 - - [06/Apr/2025:08:29:38 +0000] "GET /robots.txt HTTP/1.1" 404 196 "-" "Mozilla/5.0 (Macintosh; Intel Mac OS X 10_15_7) AppleWebKit/537.36 (KHTML, like Gecko) Chrome/131.0.0.0 Safari/537.36; compatible; OAI-SearchBot/1.0; +https://openai.com/searchbot"
66.249.79.64 - - [06/Apr/2025:10:01:39 +0000] "GET /app-ads.txt HTTP/1.1" 404 196 "-" "Google-adstxt"
66.249.79.65 - - [06/Apr/2025:22:01:49 +0000] "GET /robots.txt HTTP/1.1" 404 196 "-" "Mozilla/5.0 (compatible; Googlebot/2.1; +http://www.google.com/bot.html)"
66.249.79.64 - - [06/Apr/2025:22:01:49 +0000] "GET /svg/cut-outline.svg HTTP/1.1" 200 934 "-" "Googlebot-Image/1.0"
66.249.79.76 - - [06/Apr/2025:23:31:54 +0000] "GET /assets/cor.png HTTP/1.1" 304 - "-" "Googlebot-Image/1.0"
51.8.102.54 - - [07/Apr/2025:00:27:24 +0000] "GET /robots.txt HTTP/1.1" 404 196 "-" "Mozilla/5.0 (Macintosh; Intel Mac OS X 10_15_7) AppleWebKit/537.36 (KHTML, like Gecko) Chrome/131.0.0.0 Safari/537.36; compatible; OAI-SearchBot/1.0; +https://openai.com/searchbot"
66.249.79.64 - - [07/Apr/2025:01:02:04 +0000] "GET /assets/uex2.png HTTP/1.1" 304 - "-" "Googlebot-Image/1.0"
66.249.79.64 - - [07/Apr/2025:03:01:53 +0000] "GET /assets/fondo2.png HTTP/1.1" 304 - "-" "Googlebot-Image/1.0"
72.14.199.140 - - [07/Apr/2025:03:47:26 +0000] "GET / HTTP/1.1" 200 214 "-" "Mozilla/5.0 (X11; Linux x86_64) AppleWebKit/537.36 (KHTML, like Gecko) Chrome/134.0.6998.165 Safari/537.36 PlayStore-Google"
66.249.79.64 - - [07/Apr/2025:08:05:30 +0000] "GET / HTTP/1.1" 200 214 "-" "Mozilla/5.0 (compatible; Googlebot/2.1; +http://www.google.com/bot.html)"
66.249.79.76 - - [07/Apr/2025:08:05:31 +0000] "GET / HTTP/1.1" 200 214 "-" "Mozilla/5.0 (compatible; Googlebot/2.1; +http://www.google.com/bot.html)"
66.249.79.65 - - [07/Apr/2025:08:44:10 +0000] "GET / HTTP/1.1" 200 214 "-" "Mozilla/5.0 (compatible; Googlebot/2.1; +http://www.google.com/bot.html)"
66.249.79.65 - - [07/Apr/2025:08:45:19 +0000] "GET / HTTP/1.1" 200 214 "-" "Mozilla/5.0 (compatible; Googlebot/2.1; +http://www.google.com/bot.html)"
66.249.79.64 - - [07/Apr/2025:09:32:00 +0000] "GET /app-ads.txt HTTP/1.1" 404 196 "-" "Google-adstxt"
51.8.102.197 - - [07/Apr/2025:16:34:37 +0000] "GET /robots.txt HTTP/1.1" 404 196 "-" "Mozilla/5.0 (Macintosh; Intel Mac OS X 10_15_7) AppleWebKit/537.36 (KHTML, like Gecko) Chrome/131.0.0.0 Safari/537.36; compatible; OAI-SearchBot/1.0; +https://openai.com/searchbot"
66.249.79.65 - - [07/Apr/2025:18:30:44 +0000] "GET /robots.txt HTTP/1.1" 404 196 "-" "Mozilla/5.0 (compatible; Googlebot/2.1; +http://www.google.com/bot.html)"
66.249.79.65 - - [07/Apr/2025:18:30:44 +0000] "GET /svg/disc-outline.svg HTTP/1.1" 200 346 "-" "Googlebot-Image/1.0"
72.14.199.128 - - [08/Apr/2025:00:14:42 +0000] "GET / HTTP/1.1" 200 214 "-" "Mozilla/5.0 (X11; Linux x86_64) AppleWebKit/537.36 (KHTML, like Gecko) Chrome/134.0.6998.165 Safari/537.36 PlayStore-Google"
66.249.79.76 - - [08/Apr/2025:08:05:43 +0000] "GET /robots.txt HTTP/1.1" 404 196 "-" "Mozilla/5.0 (compatible; Googlebot/2.1; +http://www.google.com/bot.html)"
66.249.79.65 - - [08/Apr/2025:08:05:43 +0000] "GET / HTTP/1.1" 200 214 "-" "Mozilla/5.0 (compatible; Googlebot/2.1; +http://www.google.com/bot.html)"
66.249.79.65 - - [08/Apr/2025:08:06:00 +0000] "GET / HTTP/1.1" 200 214 "-" "Mozilla/5.0 (compatible; Googlebot/2.1; +http://www.google.com/bot.html)"
66.249.79.76 - - [08/Apr/2025:08:25:20 +0000] "GET /svg/logo-apple-appstore.svg HTTP/1.1" 200 1044 "-" "Googlebot-Image/1.0"
51.8.102.127 - - [08/Apr/2025:08:35:26 +0000] "GET /robots.txt HTTP/1.1" 404 196 "-" "Mozilla/5.0 (Macintosh; Intel Mac OS X 10_15_7) AppleWebKit/537.36 (KHTML, like Gecko) Chrome/131.0.0.0 Safari/537.36; compatible; OAI-SearchBot/1.0; +https://openai.com/searchbot"
66.249.79.64 - - [08/Apr/2025:09:02:15 +0000] "GET /app-ads.txt HTTP/1.1" 404 196 "-" "Google-adstxt"
66.249.79.76 - - [08/Apr/2025:09:55:20 +0000] "GET /svg/thumbs-up-sharp.svg HTTP/1.1" 200 370 "-" "Googlebot-Image/1.0"
66.249.79.65 - - [08/Apr/2025:11:26:20 +0000] "GET /svg/ear-sharp.svg HTTP/1.1" 200 708 "-" "Googlebot-Image/1.0"
66.249.79.64 - - [08/Apr/2025:13:01:20 +0000] "GET /svg/caret-down-circle-sharp.svg HTTP/1.1" 200 250 "-" "Googlebot-Image/1.0"
34.13.203.47 - - [08/Apr/2025:13:39:15 +0000] "GET /app-ads.txt HTTP/1.1" 404 196 "-" "Mozilla/5.0 (Macintosh; Intel Mac OS X 10_15_7) AppleWebKit/537.36 (KHTML, like Gecko) Chrome/106.0.0.0 Safari/537.36"
66.249.79.65 - - [08/Apr/2025:14:31:20 +0000] "GET /svg/bookmark-sharp.svg HTTP/1.1" 200 153 "-" "Googlebot-Image/1.0"
66.249.79.65 - - [08/Apr/2025:16:01:20 +0000] "GET /svg/people-circle-outline.svg HTTP/1.1" 200 1159 "-" "Googlebot-Image/1.0"
66.249.79.76 - - [08/Apr/2025:17:31:20 +0000] "GET /svg/library-outline.svg HTTP/1.1" 200 912 "-" "Googlebot-Image/1.0"
66.249.79.64 - - [08/Apr/2025:19:57:43 +0000] "GET / HTTP/1.1" 200 214 "-" "Mozilla/5.0 (compatible; Googlebot/2.1; +http://www.google.com/bot.html)"
66.249.79.76 - - [08/Apr/2025:19:57:44 +0000] "GET / HTTP/1.1" 200 214 "-" "Mozilla/5.0 (Linux; Android 6.0.1; Nexus 5X Build/MMB29P) AppleWebKit/537.36 (KHTML, like Gecko) Chrome/99.0.4844.84 Mobile Safari/537.36 (compatible; Googlebot/2.1; +http://www.google.com/bot.html)"
66.249.79.76 - - [08/Apr/2025:19:57:44 +0000] "GET /favicon.ico HTTP/1.1" 404 196 "-" "Googlebot-Image/1.0"
66.249.79.64 - - [09/Apr/2025:00:06:37 +0000] "GET /robots.txt HTTP/1.1" 404 196 "-" "Mozilla/5.0 (compatible; Googlebot/2.1; +http://www.google.com/bot.html)"
66.249.79.76 - - [09/Apr/2025:00:06:37 +0000] "GET /svg/cut-outline.svg HTTP/1.1" 200 934 "-" "Googlebot-Image/1.0"
51.8.102.92 - - [09/Apr/2025:00:46:37 +0000] "GET /robots.txt HTTP/1.1" 404 196 "-" "Mozilla/5.0 (Macintosh; Intel Mac OS X 10_15_7) AppleWebKit/537.36 (KHTML, like Gecko) Chrome/131.0.0.0 Safari/537.36; compatible; OAI-SearchBot/1.0; +https://openai.com/searchbot"
66.249.79.65 - - [09/Apr/2025:03:06:37 +0000] "GET /assets/uex3.png HTTP/1.1" 304 - "-" "Googlebot-Image/1.0"
66.249.79.64 - - [09/Apr/2025:06:32:34 +0000] "GET /assets/fondo.png HTTP/1.1" 304 - "-" "Googlebot-Image/1.0"
66.249.79.76 - - [09/Apr/2025:07:45:29 +0000] "GET / HTTP/1.1" 200 214 "-" "Mozilla/5.0 (compatible; Googlebot/2.1; +http://www.google.com/bot.html)"
66.249.79.76 - - [09/Apr/2025:08:01:43 +0000] "GET / HTTP/1.1" 200 214 "-" "Mozilla/5.0 (compatible; Googlebot/2.1; +http://www.google.com/bot.html)"
66.249.79.65 - - [09/Apr/2025:08:32:36 +0000] "GET /app-ads.txt HTTP/1.1" 404 196 "-" "Google-adstxt"
